01-02 13:14:52.072 1586 1586 E OpenGLRenderer: statx failed for /system/fonts/NotoSansSyriacEstrangela-Regular.ttf, errno = 38
01-02 13:14:52.072 1586 1586 E OpenGLRenderer: statx failed for /system/fonts/NotoSansSyriacEastern-Regular.ttf, errno = 38
01-02 13:14:52.072 1586 1586 E OpenGLRenderer: statx failed for /system/fonts/NotoSansSyriacWestern-Regular.ttf, errno = 38
01-02 13:14:52.072 1586 1586 E OpenGLRenderer: statx failed for /system/fonts/NotoSansTagalog-Regular.ttf, errno = 38
01-02 13:14:52.072 1586 1586 E OpenGLRenderer: statx failed for /system/fonts/NotoSansTagbanwa-Regular.ttf, errno = 38
01-02 13:14:52.072 1586 1586 E OpenGLRenderer: statx failed for /system/fonts/NotoSansTaiTham-Regular.ttf, errno = 38
01-02 13:14:52.072 1586 1586 E OpenGLRenderer: statx failed for /system/fonts/NotoSansTaiViet-Regular.ttf, errno = 38
01-02 13:14:52.072 1586 1586 E OpenGLRenderer: statx failed for /system/fonts/NotoSerifTibetan-VF.ttf, errno = 38
01-02 13:14:52.072 1586 1586 E OpenGLRenderer: statx failed for /system/fonts/NotoSerifTibetan-VF.ttf, errno = 38
01-02 13:14:52.072 1586 1586 E OpenGLRenderer: statx failed for /system/fonts/NotoSerifTibetan-VF.ttf, errno = 38
01-02 13:14:52.072 1586 1586 E OpenGLRenderer: statx failed for /system/fonts/NotoSerifTibetan-VF.ttf, errno = 38
01-02 13:14:52.072 1586 1586 E OpenGLRenderer: statx failed for /system/fonts/NotoSansTifinagh-Regular.otf, errno = 38
01-02 13:14:52.072 1586 1586 E OpenGLRenderer: statx failed for /system/fonts/NotoSansUgaritic-Regular.ttf, errno = 38
01-02 13:14:52.072 1586 1586 E OpenGLRenderer: statx failed for /system/fonts/NotoSansVai-Regular.ttf, errno = 38
01-02 13:14:52.072 1586 1586 E OpenGLRenderer: statx failed for /system/fonts/NotoSansSymbols-Regular-Subsetted.ttf, errno = 38
01-02 13:14:52.072 1586 1586 E OpenGLRenderer: statx failed for /system/fonts/NotoSansCJK-Regular.ttc, errno = 38
01-02 13:14:52.073 1586 1586 E OpenGLRenderer: statx failed for /system/fonts/NotoSansCJK-Regular.ttc, errno = 38
01-02 13:14:52.073 1586 1586 E OpenGLRenderer: statx failed for /system/fonts/NotoSansCJK-Regular.ttc, errno = 38
01-02 13:14:52.073 1586 1586 E OpenGLRenderer: statx failed for /system/fonts/NotoSansCJK-Regular.ttc, errno = 38
01-02 13:14:52.073 1586 1586 E OpenGLRenderer: statx failed for /system/fonts/NotoColorEmoji.ttf, errno = 38
01-02 13:14:52.073 1586 1586 E OpenGLRenderer: statx failed for /system/fonts/NotoColorEmojiFlags.ttf, errno = 38
01-02 13:14:52.073 1586 1586 E OpenGLRenderer: statx failed for /system/fonts/NotoSansSymbols-Regular-Subsetted2.ttf, errno = 38
01-02 13:14:52.073 1586 1586 E OpenGLRenderer: statx failed for /system/fonts/NotoSansTaiLe-Regular.ttf, errno = 38
01-02 13:14:52.073 1586 1586 E OpenGLRenderer: statx failed for /system/fonts/NotoSansYi-Regular.ttf, errno = 38
01-02 13:14:52.073 1586 1586 E OpenGLRenderer: statx failed for /system/fonts/NotoSansMongolian-Regular.ttf, errno = 38
01-02 13:14:52.073 1586 1586 E OpenGLRenderer: statx failed for /system/fonts/NotoSansPhagsPa-Regular.ttf, errno = 38
01-02 13:14:52.073 1586 1586 E OpenGLRenderer: statx failed for /system/fonts/NotoSansAnatolianHieroglyphs-Regular.otf, errno = 38
01-02 13:14:52.073 1586 1586 E OpenGLRenderer: statx failed for /system/fonts/NotoSansBassaVah-Regular.otf, errno = 38
01-02 13:14:52.073 1586 1586 E OpenGLRenderer: statx failed for /system/fonts/NotoSansBhaiksuki-Regular.otf, errno = 38
01-02 13:14:52.073 1586 1586 E OpenGLRenderer: statx failed for /system/fonts/NotoSansHatran-Regular.otf, errno = 38
01-02 13:14:52.073 1586 1586 E OpenGLRenderer: statx failed for /system/fonts/NotoSansLinearA-Regular.otf, errno = 38
01-02 13:14:52.073 1586 1586 E OpenGLRenderer: statx failed for /system/fonts/NotoSansManichaean-Regular.otf, errno = 38
01-02 13:14:52.073 1586 1586 E OpenGLRenderer: statx failed for /system/fonts/NotoSansMarchen-Regular.otf, errno = 38
01-02 13:14:52.073 1586 1586 E OpenGLRenderer: statx failed for /system/fonts/NotoSansMeroitic-Regular.otf, errno = 38
01-02 13:14:52.073 1586 1586 E OpenGLRenderer: statx failed for /system/fonts/NotoSansMiao-Regular.otf, errno = 38
01-02 13:14:52.073 1586 1586 E OpenGLRenderer: statx failed for /system/fonts/NotoSansMro-Regular.otf, errno = 38
01-02 13:14:52.073 1586 1586 E OpenGLRenderer: statx failed for /system/fonts/NotoSansMultani-Regular.otf, errno = 38
01-02 13:14:52.073 1586 1586 E OpenGLRenderer: statx failed for /system/fonts/NotoSansNabataean-Regular.otf, errno = 38
01-02 13:14:52.073 1586 1586 E OpenGLRenderer: statx failed for /system/fonts/NotoSansNewa-Regular.otf, errno = 38
01-02 13:14:52.073 1586 1586 E OpenGLRenderer: statx failed for /system/fonts/NotoSansOldNorthArabian-Regular.otf, errno = 38
01-02 13:14:52.073 1586 1586 E OpenGLRenderer: statx failed for /system/fonts/NotoSansOldPermic-Regular.otf, errno = 38
01-02 13:14:52.073 1586 1586 E OpenGLRenderer: statx failed for /system/fonts/NotoSansPahawhHmong-Regular.otf, errno = 38
01-02 13:14:52.073 1586 1586 E OpenGLRenderer: statx failed for /system/fonts/NotoSansPalmyrene-Regular.otf, errno = 38
01-02 13:14:52.073 1586 1586 E OpenGLRenderer: statx failed for /system/fonts/NotoSansPauCinHau-Regular.otf, errno = 38
01-02 13:14:52.073 1586 1586 E OpenGLRenderer: statx failed for /system/fonts/NotoSansSharada-Regular.otf, errno = 38
01-02 13:14:52.073 1586 1586 E OpenGLRenderer: statx failed for /system/fonts/NotoSansSoraSompeng-Regular.otf, errno = 38
01-02 13:14:52.073 1586 1586 E OpenGLRenderer: statx failed for /system/fonts/NotoSansGunjalaGondi-Regular.otf, errno = 38
01-02 13:14:52.073 1586 1586 E OpenGLRenderer: statx failed for /system/fonts/NotoSansHanifiRohingya-Regular.otf, errno = 38
01-02 13:14:52.073 1586 1586 E OpenGLRenderer: statx failed for /system/fonts/NotoSansKhojki-Regular.otf, errno = 38
01-02 13:14:52.073 1586 1586 E OpenGLRenderer: statx failed for /system/fonts/NotoSansMasaramGondi-Regular.otf, errno = 38
01-02 13:14:52.073 1586 1586 E OpenGLRenderer: statx failed for /system/fonts/NotoSansWancho-Regular.otf, errno = 38
01-02 13:14:52.073 1586 1586 E OpenGLRenderer: statx failed for /system/fonts/NotoSansWarangCiti-Regular.otf, errno = 38
01-02 13:14:52.073 1586 1586 E OpenGLRenderer: statx failed for /system/fonts/NotoSansGrantha-Regular.ttf, errno = 38
01-02 13:14:52.073 1586 1586 E OpenGLRenderer: statx failed for /system/fonts/NotoSansModi-Regular.ttf, errno = 38
01-02 13:14:52.073 1586 1586 E OpenGLRenderer: statx failed for /system/fonts/NotoSerifDogra-Regular.ttf, errno = 38
01-02 13:14:52.073 1586 1586 E OpenGLRenderer: statx failed for /system/fonts/NotoSansMedefaidrin-VF.ttf, errno = 38
01-02 13:14:52.073 1586 1586 E OpenGLRenderer: statx failed for /system/fonts/NotoSansMedefaidrin-VF.ttf, errno = 38
01-02 13:14:52.073 1586 1586 E OpenGLRenderer: statx failed for /system/fonts/NotoSansMedefaidrin-VF.ttf, errno = 38
01-02 13:14:52.073 1586 1586 E OpenGLRenderer: statx failed for /system/fonts/NotoSansMedefaidrin-VF.ttf, errno = 38
01-02 13:14:52.074 1586 1586 E OpenGLRenderer: statx failed for /system/fonts/NotoSansSoyombo-VF.ttf, errno = 38
01-02 13:14:52.074 1586 1586 E OpenGLRenderer: statx failed for /system/fonts/NotoSansSoyombo-VF.ttf, errno = 38
01-02 13:14:52.074 1586 1586 E OpenGLRenderer: statx failed for /system/fonts/NotoSansSoyombo-VF.ttf, errno = 38
01-02 13:14:52.074 1586 1586 E OpenGLRenderer: statx failed for /system/fonts/NotoSansSoyombo-VF.ttf, errno = 38
01-02 13:14:52.074 1586 1586 E OpenGLRenderer: statx failed for /system/fonts/NotoSansTakri-VF.ttf, errno = 38
01-02 13:14:52.074 1586 1586 E OpenGLRenderer: statx failed for /system/fonts/NotoSansTakri-VF.ttf, errno = 38
01-02 13:14:52.074 1586 1586 E OpenGLRenderer: statx failed for /system/fonts/NotoSansTakri-VF.ttf, errno = 38
01-02 13:14:52.074 1586 1586 E OpenGLRenderer: statx failed for /system/fonts/NotoSansTakri-VF.ttf, errno = 38
01-02 13:14:52.074 1586 1586 E OpenGLRenderer: statx failed for /system/fonts/NotoSerifNyiakengPuachueHmong-VF.ttf, errno = 38
01-02 13:14:52.074 1586 1586 E OpenGLRenderer: statx failed for /system/fonts/NotoSerifNyiakengPuachueHmong-VF.ttf, errno = 38
01-02 13:14:52.074 1586 1586 E OpenGLRenderer: statx failed for /system/fonts/NotoSerifNyiakengPuachueHmong-VF.ttf, errno = 38
01-02 13:14:52.074 1586 1586 E OpenGLRenderer: statx failed for /system/fonts/NotoSerifNyiakengPuachueHmong-VF.ttf, errno = 38
01-02 13:14:52.074 1586 1586 E OpenGLRenderer: statx failed for /system/fonts/NotoSerifYezidi-VF.ttf, errno = 38
01-02 13:14:52.074 1586 1586 E OpenGLRenderer: statx failed for /system/fonts/NotoSerifYezidi-VF.ttf, errno = 38
01-02 13:14:52.074 1586 1586 E OpenGLRenderer: statx failed for /system/fonts/NotoSerifYezidi-VF.ttf, errno = 38
01-02 13:14:52.074 1586 1586 E OpenGLRenderer: statx failed for /system/fonts/NotoSerifYezidi-VF.ttf, errno = 38
01-02 13:14:52.074 1586 1586 E OpenGLRenderer: statx failed for /system/fonts/DroidSansMono.ttf, errno = 38
01-02 13:14:52.074 1586 1586 E OpenGLRenderer: statx failed for /system/fonts/Roboto-Regular.ttf, errno = 38
01-02 13:14:52.074 1586 1586 E OpenGLRenderer: statx failed for /system/fonts/Roboto-Regular.ttf, errno = 38
01-02 13:14:52.074 1586 1586 E OpenGLRenderer: statx failed for /system/fonts/Roboto-Regular.ttf, errno = 38
01-02 13:14:52.074 1586 1586 E OpenGLRenderer: statx failed for /system/fonts/RobotoStatic-Regular.ttf, errno = 38
01-02 13:14:52.074 1586 1586 E OpenGLRenderer: statx failed for /system/fonts/Roboto-Regular.ttf, errno = 38
01-02 13:14:52.074 1586 1586 E OpenGLRenderer: statx failed for /system/fonts/Roboto-Regular.ttf, errno = 38
01-02 13:14:52.074 1586 1586 E OpenGLRenderer: statx failed for /system/fonts/Roboto-Regular.ttf, errno = 38
01-02 13:14:52.074 1586 1586 E OpenGLRenderer: statx failed for /system/fonts/Roboto-Regular.ttf, errno = 38
01-02 13:14:52.074 1586 1586 E OpenGLRenderer: statx failed for /system/fonts/Roboto-Regular.ttf, errno = 38
01-02 13:14:52.074 1586 1586 E OpenGLRenderer: statx failed for /system/fonts/Roboto-Regular.ttf, errno = 38
01-02 13:14:52.074 1586 1586 E OpenGLRenderer: statx failed for /system/fonts/Roboto-Regular.ttf, errno = 38
01-02 13:14:52.074 1586 1586 E OpenGLRenderer: statx failed for /system/fonts/Roboto-Regular.ttf, errno = 38
01-02 13:14:52.074 1586 1586 E OpenGLRenderer: statx failed for /system/fonts/Roboto-Regular.ttf, errno = 38
01-02 13:14:52.074 1586 1586 E OpenGLRenderer: statx failed for /system/fonts/Roboto-Regular.ttf, errno = 38
01-02 13:14:52.074 1586 1586 E OpenGLRenderer: statx failed for /system/fonts/Roboto-Regular.ttf, errno = 38
01-02 13:14:52.074 1586 1586 E OpenGLRenderer: statx failed for /system/fonts/Roboto-Regular.ttf, errno = 38
01-02 13:14:52.074 1586 1586 E OpenGLRenderer: statx failed for /system/fonts/Roboto-Regular.ttf, errno = 38
01-02 13:14:52.074 1586 1586 E OpenGLRenderer: statx failed for /system/fonts/Roboto-Regular.ttf, errno = 38
01-02 13:14:52.074 1586 1586 E OpenGLRenderer: statx failed for /system/fonts/ComingSoon.ttf, errno = 38
01-02 13:14:52.074 1586 1586 E OpenGLRenderer: statx failed for /system/fonts/Roboto-Regular.ttf, errno = 38
01-02 13:14:52.074 1586 1586 E OpenGLRenderer: statx failed for /system/fonts/Roboto-Regular.ttf, errno = 38
01-02 13:14:52.074 1586 1586 E OpenGLRenderer: statx failed for /system/fonts/Roboto-Regular.ttf, errno = 38
01-02 13:14:52.074 1586 1586 E OpenGLRenderer: statx failed for /system/fonts/Roboto-Regular.ttf, errno = 38
01-02 13:14:52.074 1586 1586 E OpenGLRenderer: statx failed for /system/fonts/Roboto-Regular.ttf, errno = 38
01-02 13:14:52.074 1586 1586 E OpenGLRenderer: statx failed for /system/fonts/Roboto-Regular.ttf, errno = 38
01-02 13:14:52.074 1586 1586 E OpenGLRenderer: statx failed for /system/fonts/Roboto-Regular.ttf, errno = 38
01-02 13:14:52.074 1586 1586 E OpenGLRenderer: statx failed for /system/fonts/Roboto-Regular.ttf, errno = 38
01-02 13:14:52.074 1586 1586 E OpenGLRenderer: statx failed for /system/fonts/Roboto-Regular.ttf, errno = 38
01-02 13:14:52.074 1586 1586 E OpenGLRenderer: statx failed for /system/fonts/Roboto-Regular.ttf, errno = 38
01-02 13:14:52.074 1586 1586 E OpenGLRenderer: statx failed for /system/fonts/Roboto-Regular.ttf, errno = 38
01-02 13:14:52.074 1586 1586 E OpenGLRenderer: statx failed for /system/fonts/Roboto-Regular.ttf, errno = 38
01-02 13:14:52.074 1586 1586 E OpenGLRenderer: statx failed for /system/fonts/Roboto-Regular.ttf, errno = 38
01-02 13:14:52.074 1586 1586 E OpenGLRenderer: statx failed for /system/fonts/Roboto-Regular.ttf, errno = 38
01-02 13:14:52.074 1586 1586 E OpenGLRenderer: statx failed for /system/fonts/Roboto-Regular.ttf, errno = 38
01-02 13:14:52.074 1586 1586 E OpenGLRenderer: statx failed for /system/fonts/Roboto-Regular.ttf, errno = 38
01-02 13:14:52.074 1586 1586 E OpenGLRenderer: statx failed for /system/fonts/Roboto-Regular.ttf, errno = 38
01-02 13:14:52.074 1586 1586 E OpenGLRenderer: statx failed for /system/fonts/Roboto-Regular.ttf, errno = 38
01-02 13:14:52.074 1586 1586 E OpenGLRenderer: statx failed for /system/fonts/NotoSerif-Regular.ttf, errno = 38
01-02 13:14:52.074 1586 1586 E OpenGLRenderer: statx failed for /system/fonts/NotoSerif-Bold.ttf, errno = 38
01-02 13:14:52.074 1586 1586 E OpenGLRenderer: statx failed for /system/fonts/NotoSerif-Italic.ttf, errno = 38
01-02 13:14:52.074 1586 1586 E OpenGLRenderer: statx failed for /system/fonts/NotoSerif-BoldItalic.ttf, errno = 38
01-02 13:14:52.074 1586 1586 E OpenGLRenderer: statx failed for /system/fonts/NotoSerifEthiopic-VF.ttf, errno = 38
01-02 13:14:52.074 1586 1586 E OpenGLRenderer: statx failed for /system/fonts/NotoSerifEthiopic-VF.ttf, errno = 38
01-02 13:14:52.074 1586 1586 E OpenGLRenderer: statx failed for /system/fonts/NotoSerifEthiopic-VF.ttf, errno = 38
01-02 13:14:52.074 1586 1586 E OpenGLRenderer: statx failed for /system/fonts/NotoSerifEthiopic-VF.ttf, errno = 38
01-02 13:14:52.074 1586 1586 E OpenGLRenderer: statx failed for /system/fonts/NotoSerifHebrew-Regular.ttf, errno = 38
01-02 13:14:52.074 1586 1586 E OpenGLRenderer: statx failed for /system/fonts/NotoSerifHebrew-Bold.ttf, errno = 38
01-02 13:14:52.074 1586 1586 E OpenGLRenderer: statx failed for /system/fonts/NotoSerifThai-Regular.ttf, errno = 38
01-02 13:14:52.074 1586 1586 E OpenGLRenderer: statx failed for /system/fonts/NotoSerifThai-Bold.ttf, errno = 38
01-02 13:14:52.074 1586 1586 E OpenGLRenderer: statx failed for /system/fonts/NotoSerifArmenian-VF.ttf, errno = 38
01-02 13:14:52.074 1586 1586 E OpenGLRenderer: statx failed for /system/fonts/NotoSerifArmenian-VF.ttf, errno = 38
01-02 13:14:52.074 1586 1586 E OpenGLRenderer: statx failed for /system/fonts/NotoSerifArmenian-VF.ttf, errno = 38
01-02 13:14:52.074 1586 1586 E OpenGLRenderer: statx failed for /system/fonts/NotoSerifArmenian-VF.ttf, errno = 38
01-02 13:14:52.074 1586 1586 E OpenGLRenderer: statx failed for /system/fonts/NotoSerifGeorgian-VF.ttf, errno = 38
01-02 13:14:52.074 1586 1586 E OpenGLRenderer: statx failed for /system/fonts/NotoSerifGeorgian-VF.ttf, errno = 38
01-02 13:14:52.074 1586 1586 E OpenGLRenderer: statx failed for /system/fonts/NotoSerifGeorgian-VF.ttf, errno = 38
01-02 13:14:52.074 1586 1586 E OpenGLRenderer: statx failed for /system/fonts/NotoSerifGeorgian-VF.ttf, errno = 38
01-02 13:14:52.074 1586 1586 E OpenGLRenderer: statx failed for /system/fonts/NotoSerifDevanagari-VF.ttf, errno = 38
01-02 13:14:52.074 1586 1586 E OpenGLRenderer: statx failed for /system/fonts/NotoSerifDevanagari-VF.ttf, errno = 38
01-02 13:14:52.074 1586 1586 E OpenGLRenderer: statx failed for /system/fonts/NotoSerifDevanagari-VF.ttf, errno = 38
01-02 13:14:52.075 1586 1586 E OpenGLRenderer: statx failed for /system/fonts/NotoSerifDevanagari-VF.ttf, errno = 38
01-02 13:14:52.075 1586 1586 E OpenGLRenderer: statx failed for /system/fonts/NotoSerifGujarati-VF.ttf, errno = 38
01-02 13:14:52.075 1586 1586 E OpenGLRenderer: statx failed for /system/fonts/NotoSerifGujarati-VF.ttf, errno = 38
01-02 13:14:52.075 1586 1586 E OpenGLRenderer: statx failed for /system/fonts/NotoSerifGujarati-VF.ttf, errno = 38
01-02 13:14:52.075 1586 1586 E OpenGLRenderer: statx failed for /system/fonts/NotoSerifGujarati-VF.ttf, errno = 38
01-02 13:14:52.075 1586 1586 E OpenGLRenderer: statx failed for /system/fonts/NotoSerifGurmukhi-VF.ttf, errno = 38
01-02 13:14:52.075 1586 1586 E OpenGLRenderer: statx failed for /system/fonts/NotoSerifGurmukhi-VF.ttf, errno = 38
01-02 13:14:52.075 1586 1586 E OpenGLRenderer: statx failed for /system/fonts/NotoSerifGurmukhi-VF.ttf, errno = 38
01-02 13:14:52.075 1586 1586 E OpenGLRenderer: statx failed for /system/fonts/NotoSerifGurmukhi-VF.ttf, errno = 38
01-02 13:14:52.075 1586 1586 E OpenGLRenderer: statx failed for /system/fonts/NotoSerifTamil-VF.ttf, errno = 38
01-02 13:14:52.075 1586 1586 E OpenGLRenderer: statx failed for /system/fonts/NotoSerifTamil-VF.ttf, errno = 38
01-02 13:14:52.075 1586 1586 E OpenGLRenderer: statx failed for /system/fonts/NotoSerifTamil-VF.ttf, errno = 38
01-02 13:14:52.075 1586 1586 E OpenGLRenderer: statx failed for /system/fonts/NotoSerifTamil-VF.ttf, errno = 38
01-02 13:14:52.075 1586 1586 E OpenGLRenderer: statx failed for /system/fonts/NotoSerifMalayalam-VF.ttf, errno = 38
01-02 13:14:52.075 1586 1586 E OpenGLRenderer: statx failed for /system/fonts/NotoSerifMalayalam-VF.ttf, errno = 38
01-02 13:14:52.075 1586 1586 E OpenGLRenderer: statx failed for /system/fonts/NotoSerifMalayalam-VF.ttf, errno = 38
01-02 13:14:52.075 1586 1586 E OpenGLRenderer: statx failed for /system/fonts/NotoSerifMalayalam-VF.ttf, errno = 38
01-02 13:14:52.075 1586 1586 E OpenGLRenderer: statx failed for /system/fonts/NotoSerifBengali-VF.ttf, errno = 38
01-02 13:14:52.075 1586 1586 E OpenGLRenderer: statx failed for /system/fonts/NotoSerifBengali-VF.ttf, errno = 38
01-02 13:14:52.075 1586 1586 E OpenGLRenderer: statx failed for /system/fonts/NotoSerifBengali-VF.ttf, errno = 38
01-02 13:14:52.075 1586 1586 E OpenGLRenderer: statx failed for /system/fonts/NotoSerifBengali-VF.ttf, errno = 38
01-02 13:14:52.075 1586 1586 E OpenGLRenderer: statx failed for /system/fonts/NotoSerifTelugu-VF.ttf, errno = 38
01-02 13:14:52.075 1586 1586 E OpenGLRenderer: statx failed for /system/fonts/NotoSerifTelugu-VF.ttf, errno = 38
01-02 13:14:52.075 1586 1586 E OpenGLRenderer: statx failed for /system/fonts/NotoSerifTelugu-VF.ttf, errno = 38
01-02 13:14:52.075 1586 1586 E OpenGLRenderer: statx failed for /system/fonts/NotoSerifTelugu-VF.ttf, errno = 38
01-02 13:14:52.075 1586 1586 E OpenGLRenderer: statx failed for /system/fonts/NotoSerifKannada-VF.ttf, errno = 38
01-02 13:14:52.075 1586 1586 E OpenGLRenderer: statx failed for /system/fonts/NotoSerifKannada-VF.ttf, errno = 38
01-02 13:14:52.059 1186 1186 W binder:1186_1: type=1400 audit(0.0:497): avc: denied { getattr } for scontext=u:r:installd:s0 tcontext=u:r:system_server:s0 tclass=process permissive=0
01-02 13:14:52.075 1586 1586 E OpenGLRenderer: statx failed for /system/fonts/NotoSerifKannada-VF.ttf, errno = 38
01-02 13:14:52.075 1586 1586 E OpenGLRenderer: statx failed for /system/fonts/NotoSerifKannada-VF.ttf, errno = 38
01-02 13:14:52.075 1586 1586 E OpenGLRenderer: statx failed for /system/fonts/NotoSerifSinhala-VF.ttf, errno = 38
01-02 13:14:52.075 1586 1586 E OpenGLRenderer: statx failed for /system/fonts/NotoSerifSinhala-VF.ttf, errno = 38
01-02 13:14:52.075 1586 1586 E OpenGLRenderer: statx failed for /system/fonts/NotoSerifSinhala-VF.ttf, errno = 38
01-02 13:14:52.075 1586 1586 E OpenGLRenderer: statx failed for /system/fonts/NotoSerifSinhala-VF.ttf, errno = 38
01-02 13:14:52.075 1586 1586 E OpenGLRenderer: statx failed for /system/fonts/NotoSerifKhmer-Regular.otf, errno = 38
01-02 13:14:52.075 1586 1586 E OpenGLRenderer: statx failed for /system/fonts/NotoSerifKhmer-Bold.otf, errno = 38
01-02 13:14:52.075 1586 1586 E OpenGLRenderer: statx failed for /system/fonts/NotoSerifLao-Regular.ttf, errno = 38
01-02 13:14:52.075 1586 1586 E OpenGLRenderer: statx failed for /system/fonts/NotoSerifLao-Bold.ttf, errno = 38
01-02 13:14:52.075 1586 1586 E OpenGLRenderer: statx failed for /system/fonts/NotoSerifMyanmar-Regular.otf, errno = 38
01-02 13:14:52.075 1586 1586 E OpenGLRenderer: statx failed for /system/fonts/NotoSerifMyanmar-Bold.otf, errno = 38
01-02 13:14:52.075 1586 1586 E OpenGLRenderer: statx failed for /system/fonts/NotoSerifCJK-Regular.ttc, errno = 38
01-02 13:14:52.059 1186 1186 W binder:1186_1: type=1400 audit(0.0:498): avc: denied { getattr } for scontext=u:r:installd:s0 tcontext=u:r:system_server:s0 tclass=process permissive=0
01-02 13:14:52.075 1586 1586 E OpenGLRenderer: statx failed for /system/fonts/NotoSerifCJK-Regular.ttc, errno = 38
01-02 13:14:52.075 1586 1586 E OpenGLRenderer: statx failed for /system/fonts/NotoSerifCJK-Regular.ttc, errno = 38
01-02 13:14:52.075 1586 1586 E OpenGLRenderer: statx failed for /system/fonts/NotoSerifCJK-Regular.ttc, errno = 38
01-02 13:14:52.075 1586 1586 E OpenGLRenderer: statx failed for /system/fonts/CutiveMono.ttf, errno = 38
01-02 13:14:52.075 1586 1586 E OpenGLRenderer: statx failed for /system/fonts/SourceSansPro-Regular.ttf, errno = 38
01-02 13:14:52.075 1586 1586 E OpenGLRenderer: statx failed for /system/fonts/SourceSansPro-Italic.ttf, errno = 38
01-02 13:14:52.075 1586 1586 E OpenGLRenderer: statx failed for /system/fonts/SourceSansPro-SemiBold.ttf, errno = 38
01-02 13:14:52.075 1586 1586 E OpenGLRenderer: statx failed for /system/fonts/SourceSansPro-SemiBoldItalic.ttf, errno = 38
01-02 13:14:52.075 1586 1586 E OpenGLRenderer: statx failed for /system/fonts/SourceSansPro-Bold.ttf, errno = 38
01-02 13:14:52.075 1586 1586 E OpenGLRenderer: statx failed for /system/fonts/SourceSansPro-BoldItalic.ttf, errno = 38
01-02 13:14:52.075 1586 1586 E OpenGLRenderer: statx failed for /system/fonts/CarroisGothicSC-Regular.ttf, errno = 38
01-02 13:14:52.075 1586 1586 E OpenGLRenderer: statx failed for /system/fonts/DancingScript-Regular.ttf, errno = 38
01-02 13:14:52.075 1586 1586 E OpenGLRenderer: statx failed for /system/fonts/DancingScript-Bold.ttf, errno = 38
01-02 13:14:52.079 1586 1586 D SystemServerTiming: StartTextServicesManager
01-02 13:14:52.079 1586 1586 I SystemServiceManager: Starting com.android.server.textservices.TextServicesManagerService$Lifecycle
01-02 13:14:52.069 1186 1186 W binder:1186_1: type=1400 audit(0.0:499): avc: denied { getattr } for scontext=u:r:installd:s0 tcontext=u:r:system_server:s0 tclass=process permissive=0
01-02 13:14:52.069 1186 1186 W binder:1186_1: type=1400 audit(0.0:500): avc: denied { getattr } for scontext=u:r:installd:s0 tcontext=u:r:system_server:s0 tclass=process permissive=0
01-02 13:14:52.084 1586 1586 D SystemServerTiming: StartTextClassificationManagerService
01-02 13:14:52.084 1586 1586 I SystemServiceManager: Starting com.android.server.textclassifier.TextClassificationManagerService$Lifecycle
01-02 13:14:52.079 1186 1186 W binder:1186_1: type=1400 audit(0.0:501): avc: denied { getattr } for scontext=u:r:installd:s0 tcontext=u:r:system_server:s0 tclass=process permissive=0
01-02 13:14:52.088 1586 1586 D SystemServerTiming: StartNetworkScoreService
01-02 13:14:52.088 1586 1586 I SystemServiceManager: Starting com.android.server.NetworkScoreService$Lifecycle
01-02 13:14:52.079 1186 1186 W binder:1186_1: type=1400 audit(0.0:502): avc: denied { getattr } for scontext=u:r:installd:s0 tcontext=u:r:system_server:s0 tclass=process permissive=0
01-02 13:14:52.089 1586 1586 I NetworkScoreService: Registering network_score
01-02 13:14:52.091 1586 1586 D SystemServerTiming: StartNetworkStatsService
01-02 13:14:52.079 1186 1186 W binder:1186_1: type=1400 audit(0.0:503): avc: denied { getattr } for scontext=u:r:installd:s0 tcontext=u:r:system_server:s0 tclass=process permissive=0
01-02 13:14:52.079 1186 1186 W binder:1186_1: type=1400 audit(0.0:504): avc: denied { getattr } for scontext=u:r:installd:s0 tcontext=u:r:system_server:s0 tclass=process permissive=0
01-02 13:14:52.089 1186 1186 W binder:1186_1: type=1400 audit(0.0:505): avc: denied { getattr } for scontext=u:r:installd:s0 tcontext=u:r:system_server:s0 tclass=process permissive=0
01-02 13:14:52.089 1186 1186 W binder:1186_1: type=1400 audit(0.0:506): avc: denied { getattr } for scontext=u:r:installd:s0 tcontext=u:r:system_server:s0 tclass=process permissive=0
01-02 13:14:52.089 1186 1186 W binder:1186_1: type=1400 audit(0.0:507): avc: denied { getattr } for scontext=u:r:installd:s0 tcontext=u:r:system_server:s0 tclass=process permissive=0
01-02 13:14:52.100 1586 1586 I SystemServiceManager: Starting com.android.server.NetworkStatsServiceInitializer
01-02 13:14:52.089 1186 1186 W binder:1186_1: type=1400 audit(0.0:508): avc: denied { getattr } for scontext=u:r:installd:s0 tcontext=u:r:system_server:s0 tclass=process permissive=0
01-02 13:14:52.089 1186 1186 W binder:1186_1: type=1400 audit(0.0:509): avc: denied { getattr } for scontext=u:r:installd:s0 tcontext=u:r:system_server:s0 tclass=process permissive=0
01-02 13:14:52.089 1186 1186 W binder:1186_1: type=1400 audit(0.0:510): avc: denied { getattr } for scontext=u:r:installd:s0 tcontext=u:r:system_server:s0 tclass=process permissive=0
01-02 13:14:52.099 1186 1186 W binder:1186_1: type=1400 audit(0.0:511): avc: denied { getattr } for scontext=u:r:installd:s0 tcontext=u:r:system_server:s0 tclass=process permissive=0
01-02 13:14:52.099 1186 1186 W binder:1186_1: type=1400 audit(0.0:512): avc: denied { getattr } for scontext=u:r:installd:s0 tcontext=u:r:system_server:s0 tclass=process permissive=0
01-02 13:14:52.099 1186 1186 W binder:1186_1: type=1400 audit(0.0:513): avc: denied { getattr } for scontext=u:r:installd:s0 tcontext=u:r:system_server:s0 tclass=process permissive=0
01-02 13:14:52.099 1186 1186 W binder:1186_1: type=1400 audit(0.0:514): avc: denied { getattr } for scontext=u:r:installd:s0 tcontext=u:r:system_server:s0 tclass=process permissive=0
01-02 13:14:52.109 1186 1186 W binder:1186_1: type=1400 audit(0.0:515): avc: denied { getattr } for scontext=u:r:installd:s0 tcontext=u:r:system_server:s0 tclass=process permissive=0
01-02 13:14:52.109 1186 1186 W binder:1186_1: type=1400 audit(0.0:516): avc: denied { getattr } for scontext=u:r:installd:s0 tcontext=u:r:system_server:s0 tclass=process permissive=0
01-02 13:14:52.109 1186 1186 W binder:1186_1: type=1400 audit(0.0:517): avc: denied { getattr } for scontext=u:r:installd:s0 tcontext=u:r:system_server:s0 tclass=process permissive=0
01-02 13:14:52.109 1186 1186 W binder:1186_1: type=1400 audit(0.0:518): avc: denied { getattr } for scontext=u:r:installd:s0 tcontext=u:r:system_server:s0 tclass=process permissive=0
01-02 13:14:52.119 1186 1186 W binder:1186_1: type=1400 audit(0.0:519): avc: denied { getattr } for scontext=u:r:installd:s0 tcontext=u:r:system_server:s0 tclass=process permissive=0
01-02 13:14:52.119 1186 1186 W binder:1186_1: type=1400 audit(0.0:520): avc: denied { getattr } for scontext=u:r:installd:s0 tcontext=u:r:system_server:s0 tclass=process permissive=0
01-02 13:14:52.119 1186 1186 W binder:1186_1: type=1400 audit(0.0:521): avc: denied { getattr } for scontext=u:r:installd:s0 tcontext=u:r:system_server:s0 tclass=process permissive=0
01-02 13:14:52.119 1186 1186 W binder:1186_1: type=1400 audit(0.0:522): avc: denied { getattr } for scontext=u:r:installd:s0 tcontext=u:r:system_server:s0 tclass=process permissive=0
01-02 13:14:52.129 1186 1186 W binder:1186_1: type=1400 audit(0.0:523): avc: denied { getattr } for scontext=u:r:installd:s0 tcontext=u:r:system_server:s0 tclass=process permissive=0
01-02 13:14:52.129 1186 1186 W binder:1186_1: type=1400 audit(0.0:524): avc: denied { getattr } for scontext=u:r:installd:s0 tcontext=u:r:system_server:s0 tclass=process permissive=0
01-02 13:14:52.129 1186 1186 W binder:1186_1: type=1400 audit(0.0:525): avc: denied { getattr } for scontext=u:r:installd:s0 tcontext=u:r:system_server:s0 tclass=process permissive=0
01-02 13:14:52.129 1186 1186 W binder:1186_1: type=1400 audit(0.0:526): avc: denied { getattr } for scontext=u:r:installd:s0 tcontext=u:r:system_server:s0 tclass=process permissive=0
01-02 13:14:52.143 1586 1586 I NetworkStatsServiceInitializer: Registering netstats
01-02 13:14:52.145 1586 1586 D SystemServerTiming: StartNetworkPolicyManagerService
01-02 13:14:52.129 1186 1186 W binder:1186_1: type=1400 audit(0.0:527): avc: denied { getattr } for scontext=u:r:installd:s0 tcontext=u:r:system_server:s0 tclass=process permissive=0
01-02 13:14:52.139 1186 1186 W binder:1186_1: type=1400 audit(0.0:528): avc: denied { getattr } for scontext=u:r:installd:s0 tcontext=u:r:system_server:s0 tclass=process permissive=0
01-02 13:14:52.151 1586 1586 D SystemServerTiming: StartWifi
01-02 13:14:52.139 1186 1186 W binder:1186_1: type=1400 audit(0.0:529): avc: denied { getattr } for scontext=u:r:installd:s0 tcontext=u:r:system_server:s0 tclass=process permissive=0
01-02 13:14:52.139 1186 1186 W binder:1186_1: type=1400 audit(0.0:530): avc: denied { getattr } for scontext=u:r:installd:s0 tcontext=u:r:system_server:s0 tclass=process permissive=0
01-02 13:14:52.149 1186 1186 W binder:1186_1: type=1400 audit(0.0:531): avc: denied { getattr } for scontext=u:r:installd:s0 tcontext=u:r:system_server:s0 tclass=process permissive=0
01-02 13:14:52.149 1186 1186 W binder:1186_1: type=1400 audit(0.0:532): avc: denied { getattr } for scontext=u:r:installd:s0 tcontext=u:r:system_server:s0 tclass=process permissive=0
01-02 13:14:52.149 1186 1186 W binder:1186_1: type=1400 audit(0.0:533): avc: denied { getattr } for scontext=u:r:installd:s0 tcontext=u:r:system_server:s0 tclass=process permissive=0
01-02 13:14:52.165 1586 1586 I SystemServiceManager: Starting com.android.server.wifi.WifiService
01-02 13:14:52.159 1186 1186 W binder:1186_1: type=1400 audit(0.0:534): avc: denied { getattr } for scontext=u:r:installd:s0 tcontext=u:r:system_server:s0 tclass=process permissive=0
01-02 13:14:52.159 1186 1186 W binder:1186_1: type=1400 audit(0.0:535): avc: denied { getattr } for scontext=u:r:installd:s0 tcontext=u:r:system_server:s0 tclass=process permissive=0
01-02 13:14:52.159 1186 1186 W binder:1186_1: type=1400 audit(0.0:536): avc: denied { getattr } for scontext=u:r:installd:s0 tcontext=u:r:system_server:s0 tclass=process permissive=0
01-02 13:14:52.159 1186 1186 W binder:1186_1: type=1400 audit(0.0:537): avc: denied { getattr } for scontext=u:r:installd:s0 tcontext=u:r:system_server:s0 tclass=process permissive=0
01-02 13:14:52.169 1186 1186 W binder:1186_1: type=1400 audit(0.0:538): avc: denied { getattr } for scontext=u:r:installd:s0 tcontext=u:r:system_server:s0 tclass=process permissive=0
01-02 13:14:52.169 1186 1186 W binder:1186_1: type=1400 audit(0.0:539): avc: denied { getattr } for scontext=u:r:installd:s0 tcontext=u:r:system_server:s0 tclass=process permissive=0
01-02 13:14:52.182 1586 1586 I WifiContext: Got resolveInfos for com.android.server.wifi.intent.action.SERVICE_WIFI_RESOURCES_APK: [ResolveInfo{ae5eb99 com.android.wifi.resources/android.app.Activity m=0x108000}]
01-02 13:14:52.169 1186 1186 W binder:1186_1: type=1400 audit(0.0:540): avc: denied { getattr } for scontext=u:r:installd:s0 tcontext=u:r:system_server:s0 tclass=process permissive=0
01-02 13:14:52.183 1586 1586 I WifiContext: Found Wifi Resources APK at: com.android.wifi.resources
01-02 13:14:52.169 1186 1186 W binder:1186_1: type=1400 audit(0.0:541): avc: denied { getattr } for scontext=u:r:installd:s0 tcontext=u:r:system_server:s0 tclass=process permissive=0
01-02 13:14:52.186 1586 1689 D CompatibilityChangeReporter: Compat change id reported: 170188668; UID 1000; state: ENABLED
01-02 13:14:52.179 1186 1186 W binder:1186_1: type=1400 audit(0.0:542): avc: denied { getattr } for scontext=u:r:installd:s0 tcontext=u:r:system_server:s0 tclass=process permissive=0
01-02 13:14:52.179 1186 1186 W binder:1186_1: type=1400 audit(0.0:543): avc: denied { getattr } for scontext=u:r:installd:s0 tcontext=u:r:system_server:s0 tclass=process permissive=0
01-02 13:14:52.179 1186 1186 W binder:1186_1: type=1400 audit(0.0:544): avc: denied { getattr } for scontext=u:r:installd:s0 tcontext=u:r:system_server:s0 tclass=process permissive=0
01-02 13:14:52.179 1186 1186 W binder:1186_1: type=1400 audit(0.0:545): avc: denied { getattr } for scontext=u:r:installd:s0 tcontext=u:r:system_server:s0 tclass=process permissive=0
01-02 13:14:52.189 1186 1186 W binder:1186_1: type=1400 audit(0.0:546): avc: denied { getattr } for scontext=u:r:installd:s0 tcontext=u:r:system_server:s0 tclass=process permissive=0
01-02 13:14:52.189 1186 1186 W binder:1186_1: type=1400 audit(0.0:547): avc: denied { getattr } for scontext=u:r:installd:s0 tcontext=u:r:system_server:s0 tclass=process permissive=0
01-02 13:14:52.189 1186 1186 W binder:1186_1: type=1400 audit(0.0:548): avc: denied { getattr } for scontext=u:r:installd:s0 tcontext=u:r:system_server:s0 tclass=process permissive=0
01-02 13:14:52.189 1186 1186 W binder:1186_1: type=1400 audit(0.0:549): avc: denied { getattr } for scontext=u:r:installd:s0 tcontext=u:r:system_server:s0 tclass=process permissive=0
01-02 13:14:52.199 1186 1186 W binder:1186_1: type=1400 audit(0.0:550): avc: denied { getattr } for scontext=u:r:installd:s0 tcontext=u:r:system_server:s0 tclass=process permissive=0
01-02 13:14:52.199 1186 1186 W binder:1186_1: type=1400 audit(0.0:551): avc: denied { getattr } for scontext=u:r:installd:s0 tcontext=u:r:system_server:s0 tclass=process permissive=0
01-02 13:14:52.199 1186 1186 W binder:1186_1: type=1400 audit(0.0:552): avc: denied { getattr } for scontext=u:r:installd:s0 tcontext=u:r:system_server:s0 tclass=process permissive=0
01-02 13:14:52.199 1186 1186 W binder:1186_1: type=1400 audit(0.0:553): avc: denied { getattr } for scontext=u:r:installd:s0 tcontext=u:r:system_server:s0 tclass=process permissive=0
01-02 13:14:52.209 1186 1186 W binder:1186_1: type=1400 audit(0.0:554): avc: denied { getattr } for scontext=u:r:installd:s0 tcontext=u:r:system_server:s0 tclass=process permissive=0
01-02 13:14:52.209 1186 1186 W binder:1186_1: type=1400 audit(0.0:555): avc: denied { getattr } for scontext=u:r:installd:s0 tcontext=u:r:system_server:s0 tclass=process permissive=0
01-02 13:14:52.219 1586 1586 D ScanMetrics: Settings package: com.android.settings
01-02 13:14:52.219 1586 1586 D ScanMetrics: GMS uid: 10077
01-02 13:14:52.209 1186 1186 W binder:1186_1: type=1400 audit(0.0:556): avc: denied { getattr } for scontext=u:r:installd:s0 tcontext=u:r:system_server:s0 tclass=process permissive=0
01-02 13:14:52.209 1186 1186 W binder:1186_1: type=1400 audit(0.0:557): avc: denied { getattr } for scontext=u:r:installd:s0 tcontext=u:r:system_server:s0 tclass=process permissive=0
01-02 13:14:52.209 1186 1186 W binder:1186_1: type=1400 audit(0.0:558): avc: denied { getattr } for scontext=u:r:installd:s0 tcontext=u:r:system_server:s0 tclass=process permissive=0
01-02 13:14:52.219 1186 1186 W binder:1186_1: type=1400 audit(0.0:559): avc: denied { getattr } for scontext=u:r:installd:s0 tcontext=u:r:system_server:s0 tclass=process permissive=0
01-02 13:14:52.219 1186 1186 W binder:1186_1: type=1400 audit(0.0:560): avc: denied { getattr } for scontext=u:r:installd:s0 tcontext=u:r:system_server:s0 tclass=process permissive=0
01-02 13:14:52.219 1186 1186 W binder:1186_1: type=1400 audit(0.0:561): avc: denied { getattr } for scontext=u:r:installd:s0 tcontext=u:r:system_server:s0 tclass=process permissive=0
01-02 13:14:52.219 1186 1186 W binder:1186_1: type=1400 audit(0.0:562): avc: denied { getattr } for scontext=u:r:installd:s0 tcontext=u:r:system_server:s0 tclass=process permissive=0
01-02 13:14:52.219 1186 1186 W binder:1186_1: type=1400 audit(0.0:563): avc: denied { getattr } for scontext=u:r:installd:s0 tcontext=u:r:system_server:s0 tclass=process permissive=0
01-02 13:14:52.236 372 372 I servicemanager: Could not find android.hardware.wifi.supplicant.ISupplicant/default in the VINTF manifest.
01-02 13:14:52.229 1186 1186 W binder:1186_1: type=1400 audit(0.0:564): avc: denied { getattr } for scontext=u:r:installd:s0 tcontext=u:r:system_server:s0 tclass=process permissive=0
01-02 13:14:52.229 1186 1186 W binder:1186_1: type=1400 audit(0.0:565): avc: denied { getattr } for scontext=u:r:installd:s0 tcontext=u:r:system_server:s0 tclass=process permissive=0
01-02 13:14:52.239 1586 1586 I android_os_HwBinder: HwBinder: Starting thread pool for getting: android.hidl.manager@1.0::IServiceManager/default
01-02 13:14:52.241 1586 1586 I SupplicantStaIfaceHal: Initializing SupplicantStaIfaceHal using HIDL implementation.
01-02 13:14:52.229 1186 1186 W binder:1186_1: type=1400 audit(0.0:566): avc: denied { getattr } for scontext=u:r:installd:s0 tcontext=u:r:system_server:s0 tclass=process permissive=0
01-02 13:14:52.229 1186 1186 W binder:1186_1: type=1400 audit(0.0:567): avc: denied { getattr } for scontext=u:r:installd:s0 tcontext=u:r:system_server:s0 tclass=process permissive=0
01-02 13:14:52.239 1186 1186 W binder:1186_1: type=1400 audit(0.0:568): avc: denied { getattr } for scontext=u:r:installd:s0 tcontext=u:r:system_server:s0 tclass=process permissive=0
01-02 13:14:52.239 1186 1186 W binder:1186_1: type=1400 audit(0.0:569): avc: denied { getattr } for scontext=u:r:installd:s0 tcontext=u:r:system_server:s0 tclass=process permissive=0
01-02 13:14:52.247 372 372 I servicemanager: Could not find android.hardware.wifi.supplicant.ISupplicant/default in the VINTF manifest.
01-02 13:14:52.250 1586 1586 I android_os_HwBinder: HwBinder: Starting thread pool for getting: android.hidl.manager@1.0::IServiceManager/default
01-02 13:14:52.251 1586 1586 I SupplicantP2pIfaceHal: Initializing SupplicantP2pIfaceHal using HIDL implementation.
01-02 13:14:52.239 1186 1186 W binder:1186_1: type=1400 audit(0.0:570): avc: denied { getattr } for scontext=u:r:installd:s0 tcontext=u:r:system_server:s0 tclass=process permissive=0
01-02 13:14:52.239 1186 1186 W binder:1186_1: type=1400 audit(0.0:571): avc: denied { getattr } for scontext=u:r:installd:s0 tcontext=u:r:system_server:s0 tclass=process permissive=0
01-02 13:14:52.253 1586 1586 I WifiCoexManager: Default coex algorithm is disabled.
01-02 13:14:52.239 1186 1186 W binder:1186_1: type=1400 audit(0.0:572): avc: denied { getattr } for scontext=u:r:installd:s0 tcontext=u:r:system_server:s0 tclass=process permissive=0
01-02 13:14:52.249 1186 1186 W binder:1186_1: type=1400 audit(0.0:573): avc: denied { getattr } for scontext=u:r:installd:s0 tcontext=u:r:system_server:s0 tclass=process permissive=0
01-02 13:14:52.249 1186 1186 W binder:1186_1: type=1400 audit(0.0:574): avc: denied { getattr } for scontext=u:r:installd:s0 tcontext=u:r:system_server:s0 tclass=process permissive=0
01-02 13:14:52.249 1186 1186 W binder:1186_1: type=1400 audit(0.0:575): avc: denied { getattr } for scontext=u:r:installd:s0 tcontext=u:r:system_server:s0 tclass=process permissive=0
01-02 13:14:52.249 1186 1186 W binder:1186_1: type=1400 audit(0.0:576): avc: denied { getattr } for scontext=u:r:installd:s0 tcontext=u:r:system_server:s0 tclass=process permissive=0
01-02 13:14:52.249 1186 1186 W binder:1186_1: type=1400 audit(0.0:577): avc: denied { getattr } for scontext=u:r:installd:s0 tcontext=u:r:system_server:s0 tclass=process permissive=0
01-02 13:14:52.259 1186 1186 W binder:1186_1: type=1400 audit(0.0:578): avc: denied { getattr } for scontext=u:r:installd:s0 tcontext=u:r:system_server:s0 tclass=process permissive=0
01-02 13:14:52.259 1186 1186 W binder:1186_1: type=1400 audit(0.0:579): avc: denied { getattr } for scontext=u:r:installd:s0 tcontext=u:r:system_server:s0 tclass=process permissive=0
01-02 13:14:52.259 1186 1186 W binder:1186_1: type=1400 audit(0.0:580): avc: denied { getattr } for scontext=u:r:installd:s0 tcontext=u:r:system_server:s0 tclass=process permissive=0
01-02 13:14:52.259 1186 1186 W binder:1186_1: type=1400 audit(0.0:581): avc: denied { getattr } for scontext=u:r:installd:s0 tcontext=u:r:system_server:s0 tclass=process permissive=0
01-02 13:14:52.269 1186 1186 W binder:1186_1: type=1400 audit(0.0:582): avc: denied { getattr } for scontext=u:r:installd:s0 tcontext=u:r:system_server:s0 tclass=process permissive=0
01-02 13:14:52.269 1186 1186 W binder:1186_1: type=1400 audit(0.0:583): avc: denied { getattr } for scontext=u:r:installd:s0 tcontext=u:r:system_server:s0 tclass=process permissive=0
01-02 13:14:52.269 1186 1186 W binder:1186_1: type=1400 audit(0.0:584): avc: denied { getattr } for scontext=u:r:installd:s0 tcontext=u:r:system_server:s0 tclass=process permissive=0
01-02 13:14:52.269 1186 1186 W binder:1186_1: type=1400 audit(0.0:585): avc: denied { getattr } for scontext=u:r:installd:s0 tcontext=u:r:system_server:s0 tclass=process permissive=0
01-02 13:14:52.279 1186 1186 W binder:1186_1: type=1400 audit(0.0:586): avc: denied { getattr } for scontext=u:r:installd:s0 tcontext=u:r:system_server:s0 tclass=process permissive=0
01-02 13:14:52.279 1186 1186 W binder:1186_1: type=1400 audit(0.0:587): avc: denied { getattr } for scontext=u:r:installd:s0 tcontext=u:r:system_server:s0 tclass=process permissive=0
01-02 13:14:52.279 1186 1186 W binder:1186_1: type=1400 audit(0.0:588): avc: denied { getattr } for scontext=u:r:installd:s0 tcontext=u:r:system_server:s0 tclass=process permissive=0
01-02 13:14:52.279 1186 1186 W binder:1186_1: type=1400 audit(0.0:589): avc: denied { getattr } for scontext=u:r:installd:s0 tcontext=u:r:system_server:s0 tclass=process permissive=0
01-02 13:14:52.289 1186 1186 W binder:1186_1: type=1400 audit(0.0:590): avc: denied { getattr } for scontext=u:r:installd:s0 tcontext=u:r:system_server:s0 tclass=process permissive=0
01-02 13:14:52.289 1186 1186 W binder:1186_1: type=1400 audit(0.0:591): avc: denied { getattr } for scontext=u:r:installd:s0 tcontext=u:r:system_server:s0 tclass=process permissive=0
01-02 13:14:52.300 1586 1586 D WifiOpenNetworkNotifier: Settings toggle enabled=true
01-02 13:14:52.289 1186 1186 W binder:1186_1: type=1400 audit(0.0:592): avc: denied { getattr } for scontext=u:r:installd:s0 tcontext=u:r:system_server:s0 tclass=process permissive=0
01-02 13:14:52.289 1186 1186 W binder:1186_1: type=1400 audit(0.0:593): avc: denied { getattr } for scontext=u:r:installd:s0 tcontext=u:r:system_server:s0 tclass=process permissive=0
01-02 13:14:52.299 1186 1186 W binder:1186_1: type=1400 audit(0.0:594): avc: denied { getattr } for scontext=u:r:installd:s0 tcontext=u:r:system_server:s0 tclass=process permissive=0
01-02 13:14:52.307 1586 1586 D WifiNl80211Manager: registerCountryCodeEventListener called
01-02 13:14:52.308 1169 1169 I wificond: New wificond event callback registered
01-02 13:14:52.308 1586 1586 D WifiCountryCode: Default country code from system property ro.boot.wificountrycode is null
01-02 13:14:52.299 1186 1186 W binder:1186_1: type=1400 audit(0.0:595): avc: denied { getattr } for scontext=u:r:installd:s0 tcontext=u:r:system_server:s0 tclass=process permissive=0
01-02 13:14:52.299 1186 1186 W binder:1186_1: type=1400 audit(0.0:596): avc: denied { getattr } for scontext=u:r:installd:s0 tcontext=u:r:system_server:s0 tclass=process permissive=0
01-02 13:14:52.299 1186 1186 W binder:1186_1: type=1400 audit(0.0:597): avc: denied { getattr } for scontext=u:r:installd:s0 tcontext=u:r:system_server:s0 tclass=process permissive=0
01-02 13:14:52.299 1186 1186 W binder:1186_1: type=1400 audit(0.0:598): avc: denied { getattr } for scontext=u:r:installd:s0 tcontext=u:r:system_server:s0 tclass=process permissive=0
01-02 13:14:52.317 1586 1586 D WakeupController: WifiWake enabled
01-02 13:14:52.309 1186 1186 W binder:1186_1: type=1400 audit(0.0:599): avc: denied { getattr } for scontext=u:r:installd:s0 tcontext=u:r:system_server:s0 tclass=process permissive=0
01-02 13:14:52.319 1586 1586 V HistoricalRegistry: Interaction before persistence initialized
01-02 13:14:52.309 1186 1186 W binder:1186_1: type=1400 audit(0.0:600): avc: denied { getattr } for scontext=u:r:installd:s0 tcontext=u:r:system_server:s0 tclass=process permissive=0
01-02 13:14:52.309 1186 1186 W binder:1186_1: type=1400 audit(0.0:601): avc: denied { getattr } for scontext=u:r:installd:s0 tcontext=u:r:system_server:s0 tclass=process permissive=0
01-02 13:14:52.324 1586 1586 I WifiService: Registering wifi
01-02 13:14:52.324 1443 1527 D BootAnimation: Playing files = /system/media/bootanimation.zip/part1, Requested repeat = 0, playUntilComplete = false
01-02 13:14:52.309 1186 1186 W binder:1186_1: type=1400 audit(0.0:602): avc: denied { getattr } for scontext=u:r:installd:s0 tcontext=u:r:system_server:s0 tclass=process permissive=0
01-02 13:14:52.309 1186 1186 W binder:1186_1: type=1400 audit(0.0:603): avc: denied { getattr } for scontext=u:r:installd:s0 tcontext=u:r:system_server:s0 tclass=process permissive=0
01-02 13:14:52.325 1586 1586 D SystemServerTiming: StartWifiScanning
01-02 13:14:52.326 1586 1586 I SystemServiceManager: Starting com.android.server.wifi.scanner.WifiScanningService
01-02 13:14:52.326 1586 1586 I WifiScanningService: Creating wifiscanner
01-02 13:14:52.319 1186 1186 W binder:1186_1: type=1400 audit(0.0:604): avc: denied { getattr } for scontext=u:r:installd:s0 tcontext=u:r:system_server:s0 tclass=process permissive=0
01-02 13:14:52.329 1177 1177 D MtpDeviceJNI: register_android_mtp_MtpDevice
01-02 13:14:52.319 1186 1186 W binder:1186_1: type=1400 audit(0.0:605): avc: denied { getattr } for scontext=u:r:installd:s0 tcontext=u:r:system_server:s0 tclass=process permissive=0
01-02 13:14:52.331 1586 1586 I WifiScanningService: Publishing wifiscanner
01-02 13:14:52.332 1586 1586 D SystemServerTiming: StartWifiP2P
01-02 13:14:52.332 1586 1586 I SystemServiceManager: Starting com.android.server.wifi.p2p.WifiP2pService
01-02 13:14:52.319 1186 1186 W binder:1186_1: type=1400 audit(0.0:606): avc: denied { getattr } for scontext=u:r:installd:s0 tcontext=u:r:system_server:s0 tclass=process permissive=0
01-02 13:14:52.319 1186 1186 W binder:1186_1: type=1400 audit(0.0:607): avc: denied { getattr } for scontext=u:r:installd:s0 tcontext=u:r:system_server:s0 tclass=process permissive=0
01-02 13:14:52.329 1186 1186 W binder:1186_1: type=1400 audit(0.0:608): avc: denied { getattr } for scontext=u:r:installd:s0 tcontext=u:r:system_server:s0 tclass=process permissive=0
01-02 13:14:52.329 1186 1186 W binder:1186_1: type=1400 audit(0.0:609): avc: denied { getattr } for scontext=u:r:installd:s0 tcontext=u:r:system_server:s0 tclass=process permissive=0
01-02 13:14:52.329 1186 1186 W binder:1186_1: type=1400 audit(0.0:610): avc: denied { getattr } for scontext=u:r:installd:s0 tcontext=u:r:system_server:s0 tclass=process permissive=0
01-02 13:14:52.329 1186 1186 W binder:1186_1: type=1400 audit(0.0:611): avc: denied { getattr } for scontext=u:r:installd:s0 tcontext=u:r:system_server:s0 tclass=process permissive=0
01-02 13:14:52.343 1586 1586 D CompatibilityChangeReporter: Compat change id reported: 183155436; UID 1000; state: ENABLED
01-02 13:14:52.344 1586 1586 I WifiContext: Got resolveInfos for com.android.server.wifi.intent.action.SERVICE_WIFI_RESOURCES_APK: [ResolveInfo{1bacfea com.android.wifi.resources/android.app.Activity m=0x108000}]
01-02 13:14:52.344 1586 1586 I WifiContext: Found Wifi Resources APK at: com.android.wifi.resources
01-02 13:14:52.345 1586 1586 I WifiP2pService: Registering wifip2p
01-02 13:14:52.346 1586 1586 D SystemServerTiming: StartPacProxyService
01-02 13:14:52.339 1186 1186 W binder:1186_1: type=1400 audit(0.0:612): avc: denied { getattr } for scontext=u:r:installd:s0 tcontext=u:r:system_server:s0 tclass=process permissive=0
01-02 13:14:52.339 1186 1186 W binder:1186_1: type=1400 audit(0.0:613): avc: denied { getattr } for scontext=u:r:installd:s0 tcontext=u:r:system_server:s0 tclass=process permissive=0
01-02 13:14:52.350 1586 1586 D SystemServerTiming: StartConnectivityService
01-02 13:14:52.351 1586 1586 I SystemServiceManager: Starting com.android.server.ConnectivityServiceInitializer
01-02 13:14:52.339 1186 1186 W binder:1186_1: type=1400 audit(0.0:614): avc: denied { getattr } for scontext=u:r:installd:s0 tcontext=u:r:system_server:s0 tclass=process permissive=0
01-02 13:14:52.339 1186 1186 W binder:1186_1: type=1400 audit(0.0:615): avc: denied { getattr } for scontext=u:r:installd:s0 tcontext=u:r:system_server:s0 tclass=process permissive=0
01-02 13:14:52.354 1175 1666 W adbd : timed out while waiting for FUNCTIONFS_BIND, trying again
01-02 13:14:52.354 1175 1666 I adbd : UsbFfs: connection terminated: monitor thread finished
01-02 13:14:52.354 1175 1175 I adbd : UsbFfs: already offline
01-02 13:14:52.354 1175 1175 I adbd : destroying transport UsbFfs
01-02 13:14:52.355 1175 1175 I adbd : UsbFfsConnection being destroyed
01-02 13:14:52.339 1186 1186 W binder:1186_1: type=1400 audit(0.0:616): avc: denied { getattr } for scontext=u:r:installd:s0 tcontext=u:r:system_server:s0 tclass=process permissive=0
01-02 13:14:52.339 1186 1186 W binder:1186_1: type=1400 audit(0.0:617): avc: denied { getattr } for scontext=u:r:installd:s0 tcontext=u:r:system_server:s0 tclass=process permissive=0
01-02 13:14:52.349 1186 1186 W binder:1186_1: type=1400 audit(0.0:618): avc: denied { getattr } for scontext=u:r:installd:s0 tcontext=u:r:system_server:s0 tclass=process permissive=0
01-02 13:14:52.349 1186 1186 W binder:1186_1: type=1400 audit(0.0:619): avc: denied { getattr } for scontext=u:r:installd:s0 tcontext=u:r:system_server:s0 tclass=process permissive=0
01-02 13:14:52.349 1186 1186 W binder:1186_1: type=1400 audit(0.0:620): avc: denied { getattr } for scontext=u:r:installd:s0 tcontext=u:r:system_server:s0 tclass=process permissive=0
01-02 13:14:52.349 1186 1186 W binder:1186_1: type=1400 audit(0.0:621): avc: denied { getattr } for scontext=u:r:installd:s0 tcontext=u:r:system_server:s0 tclass=process permissive=0
01-02 13:14:52.359 1186 1186 W binder:1186_1: type=1400 audit(0.0:622): avc: denied { getattr } for scontext=u:r:installd:s0 tcontext=u:r:system_server:s0 tclass=process permissive=0
