01-02 13:14:49.143 1586 1586 W PackageManager: Failed to parse /system/product/overlay/treble-overlay-misc-minimal-brightness.apk: Skipping target and overlay pair android and /system/product/overlay/treble-overlay-misc-minimal-brightness.apk: overlay ignored due to required system property: persist.sys.overlay.minimal_brightness with value: true
01-02 13:14:49.143 1586 1586 W PackageManager: Failed to parse /system/product/overlay/treble-overlay-mtk-ims.apk: Skipping target and overlay pair android and /system/product/overlay/treble-overlay-mtk-ims.apk: overlay ignored due to required system property: persist.sys.phh.ims.mtk with value: true
01-02 13:14:49.143 1586 1586 W PackageManager: Failed to parse /system/product/overlay/treble-overlay-bq-jeice.apk: Skipping target and overlay pair android and /system/product/overlay/treble-overlay-bq-jeice.apk: overlay ignored due to required system property: ro.vendor.build.fingerprint with value: +bq/jeice*
01-02 13:14:49.143 1586 1586 W PackageManager: Failed to parse /system/product/overlay/treble-overlay-meizu-m2181.apk: Skipping target and overlay pair android and /system/product/overlay/treble-overlay-meizu-m2181.apk: overlay ignored due to required system property: ro.vendor.build.fingerprint with value: +*eizu/meizu_18*
01-02 13:14:49.144 1586 1641 I ApkLiteParseUtils: Skipping target and overlay pair android and /system/product/overlay/treble-overlay-huawei-COR.apk: overlay ignored due to required system property: ro.hw.oemName with value: +COR*
01-02 13:14:49.144 1586 1643 I ApkLiteParseUtils: Skipping target and overlay pair android and /system/product/overlay/treble-overlay-huawei-BND.apk: overlay ignored due to required system property: ro.hw.oemName with value: +BND*
01-02 13:14:49.145 1586 1640 I ApkLiteParseUtils: Skipping target and overlay pair android and /system/product/overlay/treble-overlay-fairphone-fp3.apk: overlay ignored due to required system property: ro.vendor.build.fingerprint with value: +Fairphone/FP3*
01-02 13:14:49.146 1586 1642 I ApkLiteParseUtils: Skipping target and overlay pair android and /system/product/overlay/treble-overlay-sprd-ims.apk: overlay ignored due to required system property: persist.sys.phh.ims.sprd with value: true
01-02 13:14:49.147 1586 1643 I ApkLiteParseUtils: Skipping target and overlay pair android and /system/product/overlay/treble-overlay-oukitel-wp8pro.apk: overlay ignored due to required system property: ro.vendor.build.fingerprint with value: +OUKITEL/WP8_Pro*
01-02 13:14:49.148 1586 1586 W PackageManager: Failed to parse /system/product/overlay/treble-overlay-huawei-EML.apk: Skipping target and overlay pair android and /system/product/overlay/treble-overlay-huawei-EML.apk: overlay ignored due to required system property: ro.hw.oemName with value: +EML*
01-02 13:14:49.148 1586 1641 I ApkLiteParseUtils: Skipping target and overlay pair android and /system/product/overlay/treble-overlay-huawei-WAS.apk: overlay ignored due to required system property: ro.hw.oemName with value: +WAS*
01-02 13:14:49.148 1586 1640 I ApkLiteParseUtils: Skipping target and overlay pair android and /system/product/overlay/treble-overlay-duoqin-qin2pro.apk: overlay ignored due to required system property: ro.vendor.build.fingerprint with value: +Qin/s9863a1h10_Natv/s9863a1h10*
01-02 13:14:49.150 1586 1586 W PackageManager: Failed to parse /system/product/overlay/treble-overlay-essential-ph_1.apk: Skipping target and overlay pair android and /system/product/overlay/treble-overlay-essential-ph_1.apk: overlay ignored due to required system property: ro.vendor.build.fingerprint with value: +essential/mata/mata*
01-02 13:14:49.151 1586 1640 I ApkLiteParseUtils: Skipping target and overlay pair android and /system/product/overlay/treble-overlay-misc-aod.apk: overlay ignored due to required system property: persist.sys.overlay.aod with value: true
01-02 13:14:49.151 1586 1641 I ApkLiteParseUtils: Skipping target and overlay pair android and /system/product/overlay/treble-overlay-umidigi-power.apk: overlay ignored due to required system property: ro.vendor.build.fingerprint with value: +UMIDIGI/Power/Power*
01-02 13:14:49.153 1586 1641 I ApkLiteParseUtils: Skipping target and overlay pair android and /system/product/overlay/treble-overlay-huawei-DUK.apk: overlay ignored due to required system property: ro.hw.oemName with value: +DUK*
01-02 13:14:49.154 1586 1641 I ApkLiteParseUtils: Skipping target and overlay pair android and /system/product/overlay/treble-overlay-huawei-ARE.apk: overlay ignored due to required system property: ro.hw.oemName with value: +*ARE*
01-02 13:14:49.155 1586 1586 W PackageManager: Failed to parse /system/product/overlay/treble-overlay-teclast-t30.apk: Skipping target and overlay pair android and /system/product/overlay/treble-overlay-teclast-t30.apk: overlay ignored due to required system property: ro.vendor.build.fingerprint with value: +alps/full_tb8788p1_64_bsp*
01-02 13:14:49.156 1586 1641 I ApkLiteParseUtils: Skipping target and overlay pair android and /system/product/overlay/treble-overlay-misc-dt2w.apk: overlay ignored due to required system property: persist.sys.overlay.dt2w with value: true
01-02 13:14:49.156 1586 1640 I ApkLiteParseUtils: Skipping target and overlay pair android and /system/product/overlay/treble-overlay-huawei-PIC.apk: overlay ignored due to required system property: ro.hw.oemName with value: +PIC*
01-02 13:14:49.158 1586 1642 I ApkLiteParseUtils: Skipping target and overlay pair android and /system/product/overlay/treble-overlay-teracube-v7101o.apk: overlay ignored due to required system property: ro.vendor.build.fingerprint with value: +Teracube/Teracube_One*
01-02 13:14:49.159 1586 1642 I ApkLiteParseUtils: Skipping target and overlay pair android and /system/product/overlay/treble-overlay-wifi5g.apk: overlay ignored due to required system property: persist.sys.overlay.wifi5g with value: true
01-02 13:14:49.161 1586 1586 W PackageManager: Failed to parse /system/product/overlay/treble-overlay-unihertz-jelly2.apk: Skipping target and overlay pair android and /system/product/overlay/treble-overlay-unihertz-jelly2.apk: overlay ignored due to required system property: ro.vendor.build.fingerprint with value: +Unihertz/Jelly2*
01-02 13:14:49.161 1586 1586 W PackageManager: Failed to parse /system/product/overlay/treble-overlay-hw-ims.apk: Skipping target and overlay pair android and /system/product/overlay/treble-overlay-hw-ims.apk: overlay ignored due to required system property: persist.sys.phh.ims.hw with value: true
01-02 13:14:49.163 1586 1586 W PackageManager: Failed to parse /system/product/overlay/treble-overlay-sec-ims.apk: Skipping target and overlay pair android and /system/product/overlay/treble-overlay-sec-ims.apk: overlay ignored due to required system property: persist.sys.phh.ims.sec with value: true
01-02 13:14:49.163 1586 1586 W PackageManager: Failed to parse /system/product/overlay/treble-overlay-huawei-CLT.apk: Skipping target and overlay pair android and /system/product/overlay/treble-overlay-huawei-CLT.apk: overlay ignored due to required system property: ro.hw.oemName with value: +CLT*
01-02 13:14:49.163 1586 1586 W PackageManager: Failed to parse /system/product/overlay/treble-overlay-huawei-FIG.apk: Skipping target and overlay pair android and /system/product/overlay/treble-overlay-huawei-FIG.apk: overlay ignored due to required system property: ro.hw.oemName with value: +FIG*
01-02 13:14:49.163 1586 1586 W PackageManager: Failed to parse /system/product/overlay/treble-overlay-caf-ims.apk: Skipping target and overlay pair android and /system/product/overlay/treble-overlay-caf-ims.apk: overlay ignored due to required system property: persist.sys.phh.ims.caf with value: true
01-02 13:14:49.163 1586 1586 W PackageManager: Failed to parse /system/product/overlay/treble-overlay-huawei-COL.apk: Skipping target and overlay pair android and /system/product/overlay/treble-overlay-huawei-COL.apk: overlay ignored due to required system property: ro.hw.oemName with value: +COL*
01-02 13:14:49.164 1586 1643 I ApkLiteParseUtils: Skipping target and overlay pair android and /system/product/overlay/treble-overlay-teracube-2e.apk: overlay ignored due to required system property: ro.vendor.build.fingerprint with value: +Teracube/Teracube_2e*
01-02 13:14:49.165 1586 1586 W PackageManager: Failed to parse /system/product/overlay/treble-overlay-huawei-RNE.apk: Skipping target and overlay pair android and /system/product/overlay/treble-overlay-huawei-RNE.apk: overlay ignored due to required system property: ro.hw.oemName with value: +RNE*
01-02 13:14:49.165 1586 1586 W PackageManager: Failed to parse /system/product/overlay/treble-overlay-umidigi-A3S.apk: Skipping target and overlay pair android and /system/product/overlay/treble-overlay-umidigi-A3S.apk: overlay ignored due to required system property: ro.vendor.build.fingerprint with value: +UMIDIGI/A3S/A3S*
01-02 13:14:49.165 1586 1640 I ApkLiteParseUtils: Skipping target and overlay pair android and /system/product/overlay/treble-overlay-huawei-ANE.apk: overlay ignored due to required system property: ro.hw.oemName with value: +ANE*
01-02 13:14:49.165 1586 1641 I ApkLiteParseUtils: Skipping target and overlay pair com.android.networkstack.tethering and /system/product/overlay/treble-overlay-tethering-nobpf.apk: overlay ignored due to required system property: persist.sys.phh.tethering.nobpf with value: 1
01-02 13:14:49.167 1586 1641 I ApkLiteParseUtils: Skipping target and overlay pair android and /system/product/overlay/treble-overlay-huawei-PRA.apk: overlay ignored due to required system property: ro.hw.oemName with value: +PRA*
01-02 13:14:49.167 1586 1643 I ApkLiteParseUtils: Skipping target and overlay pair android and /system/product/overlay/treble-overlay-huawei-AUM.apk: overlay ignored due to required system property: ro.hw.oemName with value: +AUM*
01-02 13:14:49.169 1586 1586 W PackageManager: Failed to parse /system/product/overlay/treble-overlay-huawei-COR.apk: Skipping target and overlay pair android and /system/product/overlay/treble-overlay-huawei-COR.apk: overlay ignored due to required system property: ro.hw.oemName with value: +COR*
01-02 13:14:49.169 1586 1586 W PackageManager: Failed to parse /system/product/overlay/treble-overlay-huawei-BND.apk: Skipping target and overlay pair android and /system/product/overlay/treble-overlay-huawei-BND.apk: overlay ignored due to required system property: ro.hw.oemName with value: +BND*
01-02 13:14:49.171 1586 1586 W PackageManager: Failed to parse /system/product/overlay/treble-overlay-fairphone-fp3.apk: Skipping target and overlay pair android and /system/product/overlay/treble-overlay-fairphone-fp3.apk: overlay ignored due to required system property: ro.vendor.build.fingerprint with value: +Fairphone/FP3*
01-02 13:14:49.172 1586 1586 W PackageManager: Failed to parse /system/product/overlay/treble-overlay-oukitel-wp8pro.apk: Skipping target and overlay pair android and /system/product/overlay/treble-overlay-oukitel-wp8pro.apk: overlay ignored due to required system property: ro.vendor.build.fingerprint with value: +OUKITEL/WP8_Pro*
01-02 13:14:49.172 1586 1586 W PackageManager: Failed to parse /system/product/overlay/treble-overlay-sprd-ims.apk: Skipping target and overlay pair android and /system/product/overlay/treble-overlay-sprd-ims.apk: overlay ignored due to required system property: persist.sys.phh.ims.sprd with value: true
01-02 13:14:49.172 1586 1586 W PackageManager: Failed to parse /system/product/overlay/treble-overlay-huawei-WAS.apk: Skipping target and overlay pair android and /system/product/overlay/treble-overlay-huawei-WAS.apk: overlay ignored due to required system property: ro.hw.oemName with value: +WAS*
01-02 13:14:49.172 1586 1586 W PackageManager: Failed to parse /system/product/overlay/treble-overlay-duoqin-qin2pro.apk: Skipping target and overlay pair android and /system/product/overlay/treble-overlay-duoqin-qin2pro.apk: overlay ignored due to required system property: ro.vendor.build.fingerprint with value: +Qin/s9863a1h10_Natv/s9863a1h10*
01-02 13:14:49.172 1586 1586 W PackageManager: Failed to parse /system/product/overlay/treble-overlay-umidigi-power.apk: Skipping target and overlay pair android and /system/product/overlay/treble-overlay-umidigi-power.apk: overlay ignored due to required system property: ro.vendor.build.fingerprint with value: +UMIDIGI/Power/Power*
01-02 13:14:49.172 1586 1586 W PackageManager: Failed to parse /system/product/overlay/treble-overlay-huawei-DUK.apk: Skipping target and overlay pair android and /system/product/overlay/treble-overlay-huawei-DUK.apk: overlay ignored due to required system property: ro.hw.oemName with value: +DUK*
01-02 13:14:49.172 1586 1586 W PackageManager: Failed to parse /system/product/overlay/treble-overlay-huawei-ARE.apk: Skipping target and overlay pair android and /system/product/overlay/treble-overlay-huawei-ARE.apk: overlay ignored due to required system property: ro.hw.oemName with value: +*ARE*
01-02 13:14:49.172 1586 1586 W PackageManager: Failed to parse /system/product/overlay/treble-overlay-misc-aod.apk: Skipping target and overlay pair android and /system/product/overlay/treble-overlay-misc-aod.apk: overlay ignored due to required system property: persist.sys.overlay.aod with value: true
01-02 13:14:49.174 1586 1586 W PackageManager: Failed to parse /system/product/overlay/treble-overlay-teracube-v7101o.apk: Skipping target and overlay pair android and /system/product/overlay/treble-overlay-teracube-v7101o.apk: overlay ignored due to required system property: ro.vendor.build.fingerprint with value: +Teracube/Teracube_One*
01-02 13:14:49.174 1586 1586 W PackageManager: Failed to parse /system/product/overlay/treble-overlay-misc-dt2w.apk: Skipping target and overlay pair android and /system/product/overlay/treble-overlay-misc-dt2w.apk: overlay ignored due to required system property: persist.sys.overlay.dt2w with value: true
01-02 13:14:49.174 1586 1586 W PackageManager: Failed to parse /system/product/overlay/treble-overlay-huawei-PIC.apk: Skipping target and overlay pair android and /system/product/overlay/treble-overlay-huawei-PIC.apk: overlay ignored due to required system property: ro.hw.oemName with value: +PIC*
01-02 13:14:49.177 1586 1586 W PackageManager: Failed to parse /system/product/overlay/treble-overlay-wifi5g.apk: Skipping target and overlay pair android and /system/product/overlay/treble-overlay-wifi5g.apk: overlay ignored due to required system property: persist.sys.overlay.wifi5g with value: true
01-02 13:14:49.183 1586 1586 W PackageManager: Failed to parse /system/product/overlay/treble-overlay-teracube-2e.apk: Skipping target and overlay pair android and /system/product/overlay/treble-overlay-teracube-2e.apk: overlay ignored due to required system property: ro.vendor.build.fingerprint with value: +Teracube/Teracube_2e*
01-02 13:14:49.183 1586 1586 W PackageManager: Failed to parse /system/product/overlay/treble-overlay-huawei-ANE.apk: Skipping target and overlay pair android and /system/product/overlay/treble-overlay-huawei-ANE.apk: overlay ignored due to required system property: ro.hw.oemName with value: +ANE*
01-02 13:14:49.183 1586 1586 W PackageManager: Failed to parse /system/product/overlay/treble-overlay-tethering-nobpf.apk: Skipping target and overlay pair com.android.networkstack.tethering and /system/product/overlay/treble-overlay-tethering-nobpf.apk: overlay ignored due to required system property: persist.sys.phh.tethering.nobpf with value: 1
01-02 13:14:49.184 1586 1586 W PackageManager: Failed to parse /system/product/overlay/treble-overlay-huawei-AUM.apk: Skipping target and overlay pair android and /system/product/overlay/treble-overlay-huawei-AUM.apk: overlay ignored due to required system property: ro.hw.oemName with value: +AUM*
01-02 13:14:49.185 1586 1586 W PackageManager: Failed to parse /system/product/overlay/treble-overlay-huawei-PRA.apk: Skipping target and overlay pair android and /system/product/overlay/treble-overlay-huawei-PRA.apk: overlay ignored due to required system property: ro.hw.oemName with value: +PRA*
01-02 13:14:49.185 1586 1586 D PackageManager: No files in app dir /oem/overlay
01-02 13:14:49.185 1586 1586 D PackageManager: No files in app dir /odm/overlay
01-02 13:14:49.185 1586 1586 D PackageManager: No files in app dir /vendor/overlay
01-02 13:14:49.187 1586 1586 W PackageManager: Failed to parse /system/framework/arm64: Missing base APK in /system/framework/arm64
01-02 13:14:49.187 1586 1586 W PackageManager: Failed to parse /system/framework/oat: Missing base APK in /system/framework/oat
01-02 13:14:49.187 1586 1586 W PackageManager: Failed to parse /system/framework/arm: Missing base APK in /system/framework/arm
01-02 13:14:49.238 1065 1065 I aptouch_daemon: retry time: 21
01-02 13:14:49.238 1065 1065 I aptouch_daemon: this panel do not support hostprocessing and not support aft.
01-02 13:14:49.238 1586 1586 D CompatibilityChangeReporter: Compat change id reported: 168782947; UID -1; state: DISABLED
01-02 13:14:49.239 1065 1065 I aptouch_daemon: set odm.thp.dae_alive as: false
01-02 13:14:49.292 1586 1586 I PackageManager: /system/priv-app/NetworkStackNext changed; collecting certs
01-02 13:14:49.307 1586 1586 W PackageManager: Failed to scan /system/priv-app/NetworkStackNext: Application package com.android.networkstack already installed. Skipping duplicate.
01-02 13:14:49.395 1586 1586 D PackageManager: No files in app dir /vendor/priv-app
01-02 13:14:49.396 1586 1586 D PackageManager: No files in app dir /vendor/app
01-02 13:14:49.396 1586 1586 D PackageManager: No files in app dir /odm/priv-app
01-02 13:14:49.396 1586 1586 D PackageManager: No files in app dir /odm/app
01-02 13:14:49.396 1586 1586 D PackageManager: No files in app dir /oem/app
01-02 13:14:49.427 1586 1586 W PackageManager: Failed to scan /system/product/priv-app/GoogleRestore: Package com.google.android.apps.restore at /system/product/priv-app/GoogleRestore ignored: updated version 244940 better than this 115412
01-02 13:14:49.441 1586 1586 W PackageManager: Failed to scan /system/product/priv-app/Velvet: Package com.google.android.googlequicksearchbox at /system/product/priv-app/Velvet ignored: updated version 301220087 better than this 301198037
01-02 13:14:49.443 1586 1586 W PackageManager: Failed to scan /system/product/priv-app/Phonesky: Package com.android.vending at /system/product/priv-app/Phonesky ignored: updated version 83351610 better than this 83041710
01-02 13:14:49.451 1586 1586 W PackageManager: Failed to scan /system/product/priv-app/GmsCore: Package com.google.android.gms at /system/product/priv-app/GmsCore ignored: updated version 224814045 better than this 222116052
01-02 13:14:49.481 1586 1586 W PackageManager: Failed to scan /system/product/app/talkback: Package com.google.android.marvin.talkback at /system/product/app/talkback ignored: updated version 60129217 better than this 60119614
01-02 13:14:49.490 1586 1586 W PackageManager: Failed to scan /system/product/app/SpeechServicesByGoogle: Package com.google.android.tts at /system/product/app/SpeechServicesByGoogle ignored: updated version 210403525 better than this 210345047
01-02 13:14:49.556 1586 1642 W PackageCacher: Failed to find APEX file backing /apex/com.android.wifi/priv-app/ServiceWifiResources@TQ1A.221205.011
01-02 13:14:49.561 1586 1643 W PackageCacher: Failed to find APEX file backing /apex/com.android.wifi/app/WifiDialog@TQ1A.221205.011
01-02 13:14:49.562 1586 1641 W PackageCacher: Failed to find APEX file backing /apex/com.android.wifi/app/OsuLogin@TQ1A.221205.011
01-02 13:14:49.569 1586 1586 D PackageManager: No files in app dir /apex/com.android.vndk.v28/priv-app
01-02 13:14:49.569 1586 1586 D PackageManager: No files in app dir /apex/com.android.vndk.v28/app
01-02 13:14:49.569 1586 1586 D PackageManager: No files in app dir /apex/com.android.vndk.v33/priv-app
01-02 13:14:49.569 1586 1586 D PackageManager: No files in app dir /apex/com.android.vndk.v33/app
01-02 13:14:49.570 1586 1640 W PackageCacher: Failed to find APEX file backing /apex/com.android.uwb/priv-app/ServiceUwbResources@TQ1A.221205.011
01-02 13:14:49.574 1586 1586 D PackageManager: No files in app dir /apex/com.android.uwb/app
01-02 13:14:49.575 1586 1586 D PackageManager: No files in app dir /apex/com.android.tzdata/priv-app
01-02 13:14:49.575 1586 1586 D PackageManager: No files in app dir /apex/com.android.tzdata/app
01-02 13:14:49.576 1586 1641 W PackageCacher: Failed to find APEX file backing /apex/com.android.tethering/priv-app/TetheringNext@TQ1A.221205.011
01-02 13:14:49.576 1586 1642 W PackageCacher: Failed to find APEX file backing /apex/com.android.tethering/priv-app/ServiceConnectivityResources@TQ1A.221205.011
01-02 13:14:49.580 1383 1408 I ServiceManager: Waiting for service 'media.audio_policy' on '/dev/binder'...
01-02 13:14:49.587 1586 1643 W PackageCacher: Failed to find APEX file backing /apex/com.android.tethering/app/HalfSheetUX@TQ1A.221205.011
01-02 13:14:49.592 1586 1586 D PackageManager: No files in app dir /apex/com.android.sdkext/priv-app
01-02 13:14:49.592 1586 1586 D PackageManager: No files in app dir /apex/com.android.sdkext/app
01-02 13:14:49.592 1586 1586 D PackageManager: No files in app dir /apex/com.android.scheduling/priv-app
01-02 13:14:49.592 1586 1586 D PackageManager: No files in app dir /apex/com.android.scheduling/app
01-02 13:14:49.592 1586 1586 D PackageManager: No files in app dir /apex/com.android.runtime/priv-app
01-02 13:14:49.592 1586 1586 D PackageManager: No files in app dir /apex/com.android.runtime/app
01-02 13:14:49.592 1586 1586 D PackageManager: No files in app dir /apex/com.android.resolv/priv-app
01-02 13:14:49.592 1586 1586 D PackageManager: No files in app dir /apex/com.android.resolv/app
01-02 13:14:49.593 1586 1640 W PackageCacher: Failed to find APEX file backing /apex/com.android.permission/priv-app/SafetyCenterResources@TQ1A.221205.011
01-02 13:14:49.593 1586 1642 W PackageCacher: Failed to find APEX file backing /apex/com.android.permission/priv-app/PermissionController@TQ1A.221205.011
01-02 13:14:49.601 1586 1586 D PackageManager: No files in app dir /apex/com.android.permission/app
01-02 13:14:49.601 1586 1586 D PackageManager: No files in app dir /apex/com.android.os.statsd/priv-app
01-02 13:14:49.601 1586 1586 D PackageManager: No files in app dir /apex/com.android.os.statsd/app
01-02 13:14:49.601 1586 1586 D PackageManager: No files in app dir /apex/com.android.ondevicepersonalization/priv-app
01-02 13:14:49.602 1586 1641 W PackageCacher: Failed to find APEX file backing /apex/com.android.ondevicepersonalization/app/OnDevicePersonalization@TQ1A.221205.011
01-02 13:14:49.606 1586 1586 D PackageManager: No files in app dir /apex/com.android.neuralnetworks/priv-app
01-02 13:14:49.607 1586 1586 D PackageManager: No files in app dir /apex/com.android.neuralnetworks/app
01-02 13:14:49.608 1586 1643 W PackageCacher: Failed to find APEX file backing /apex/com.android.mediaprovider/priv-app/MediaProvider@TQ1A.221205.011
01-02 13:14:49.614 1586 1586 D PackageManager: No files in app dir /apex/com.android.mediaprovider/app
01-02 13:14:49.614 1586 1586 D PackageManager: No files in app dir /apex/com.android.media.swcodec/priv-app
01-02 13:14:49.614 1586 1586 D PackageManager: No files in app dir /apex/com.android.media.swcodec/app
01-02 13:14:49.614 1586 1586 D PackageManager: No files in app dir /apex/com.android.media/priv-app
01-02 13:14:49.614 1586 1586 D PackageManager: No files in app dir /apex/com.android.media/app
01-02 13:14:49.614 1586 1586 D PackageManager: No files in app dir /apex/com.android.ipsec/priv-app
01-02 13:14:49.614 1586 1586 D PackageManager: No files in app dir /apex/com.android.ipsec/app
01-02 13:14:49.614 1586 1586 D PackageManager: No files in app dir /apex/com.android.i18n/priv-app
01-02 13:14:49.614 1586 1586 D PackageManager: No files in app dir /apex/com.android.i18n/app
01-02 13:14:49.615 1586 1640 W PackageCacher: Failed to find APEX file backing /apex/com.android.extservices/priv-app/ExtServices@TQ1A.221205.011
01-02 13:14:49.623 1586 1586 D PackageManager: No files in app dir /apex/com.android.extservices/app
01-02 13:14:49.623 1586 1586 D PackageManager: No files in app dir /apex/com.android.conscrypt/priv-app
01-02 13:14:49.623 1586 1586 D PackageManager: No files in app dir /apex/com.android.conscrypt/app
01-02 13:14:49.624 1586 1641 W PackageCacher: Failed to find APEX file backing /apex/com.android.cellbroadcast/priv-app/CellBroadcastServiceModule@TQ1A.221205.011
01-02 13:14:49.625 1586 1642 W PackageCacher: Failed to find APEX file backing /apex/com.android.cellbroadcast/priv-app/CellBroadcastApp@TQ1A.221205.011
01-02 13:14:49.633 1586 1586 D PackageManager: No files in app dir /apex/com.android.cellbroadcast/app
01-02 13:14:49.633 1586 1586 D PackageManager: No files in app dir /apex/com.android.btservices/priv-app
01-02 13:14:49.634 1586 1643 W PackageCacher: Failed to find APEX file backing /apex/com.android.btservices/app/Bluetooth@TQ1A.221205.011
01-02 13:14:49.641 1586 1586 D PackageManager: No files in app dir /apex/com.android.art/priv-app
01-02 13:14:49.641 1586 1586 D PackageManager: No files in app dir /apex/com.android.art/app
01-02 13:14:49.641 1586 1586 D PackageManager: No files in app dir /apex/com.android.appsearch/priv-app
01-02 13:14:49.641 1586 1586 D PackageManager: No files in app dir /apex/com.android.appsearch/app
01-02 13:14:49.642 1586 1640 W PackageCacher: Failed to find APEX file backing /apex/com.android.apex.cts.shim/priv-app/CtsShimPrivPrebuilt@TQ1A.221205.011
01-02 13:14:49.649 1586 1641 W PackageCacher: Failed to find APEX file backing /apex/com.android.apex.cts.shim/app/CtsShimPrebuilt@TQ1A.221205.011
01-02 13:14:49.655 1586 1642 W PackageCacher: Failed to find APEX file backing /apex/com.android.adservices/priv-app/AdServicesApk@TQ1A.221205.011
01-02 13:14:49.661 1586 1643 W PackageCacher: Failed to find APEX file backing /apex/com.android.adservices/app/SdkSandbox@TQ1A.221205.011
01-02 13:14:49.667 1586 1586 D PackageManager: No files in app dir /apex/com.android.adbd/priv-app
01-02 13:14:49.667 1586 1586 D PackageManager: No files in app dir /apex/com.android.adbd/app
01-02 13:14:49.679 1586 1586 I PackageManager: Finished scanning system apps. Time: 580 ms, packageCount: 147 , timePerPackage: 3 , cached: 154
01-02 13:14:49.723 1586 1586 W PackageManager: Relax SCAN_REQUIRE_KNOWN requirement for package com.google.android.apps.restore
01-02 13:14:49.729 1586 1586 D CompatibilityChangeReporter: Compat change id reported: 133396946; UID -1; state: ENABLED
01-02 13:14:49.735 1586 1586 W PackageManager: Relax SCAN_REQUIRE_KNOWN requirement for package com.android.vending
01-02 13:14:49.744 1586 1586 W PackageManager: Relax SCAN_REQUIRE_KNOWN requirement for package com.google.android.marvin.talkback
01-02 13:14:49.764 1586 1586 D CompatibilityChangeReporter: Compat change id reported: 133396946; UID -1; state: DISABLED
01-02 13:14:49.766 1586 1586 W PackageManager: Skipping provider name com.camscanner.documentscanner.pdfscanner.textscanner.photos.scanner.provider (in package com.camscanner.documentscanner.pdfscanner.textscanner.photos.scanner): name already used by com.camscanner.documentscanner.pdfscanner.textscanner.photos.scanner
01-02 13:14:49.822 1586 1586 W PackageManager: Relax SCAN_REQUIRE_KNOWN requirement for package com.google.android.googlequicksearchbox
01-02 13:14:49.907 1586 1586 W PackageManager: Relax SCAN_REQUIRE_KNOWN requirement for package com.google.android.tts
01-02 13:14:49.913 1586 1586 W PackageManager: Relax SCAN_REQUIRE_KNOWN requirement for package com.google.android.gms
01-02 13:14:50.086 1586 1586 I PackageManager: Finished scanning non-system apps. Time: 407 ms, packageCount: 61 , timePerPackage: 6 , cached: 61
01-02 13:14:50.088 1586 1586 W PackageManager: Missing required system package: .
01-02 13:14:50.089 1586 1586 W PackageManager: Missing required system package: .
01-02 13:14:50.099 1586 1586 I PackageManager: Time to scan packages: 1.001 seconds
01-02 13:14:50.099 1586 1586 I PackageManager: Permission ownership changed. Updating all permissions.
01-02 13:14:50.135 1175 1644 W adbd : timed out while waiting for FUNCTIONFS_BIND, trying again
01-02 13:14:50.135 1175 1644 I adbd : UsbFfs: connection terminated: monitor thread finished
01-02 13:14:50.135 1175 1175 I adbd : UsbFfs: already offline
01-02 13:14:50.135 1175 1175 I adbd : destroying transport UsbFfs
01-02 13:14:50.135 1175 1175 I adbd : UsbFfsConnection being destroyed
01-02 13:14:50.149 1186 1186 W binder:1186_1: type=1400 audit(0.0:242): avc: denied { getattr } for scontext=u:r:installd:s0 tcontext=u:r:system_server:s0 tclass=process permissive=0
01-02 13:14:50.156 1586 1586 V PackageManager: reconcileAppsData for null u0 0x3 migrateAppData=true
01-02 13:14:50.149 1186 1186 W binder:1186_1: type=1400 audit(0.0:243): avc: denied { getattr } for scontext=u:r:installd:s0 tcontext=u:r:system_server:s0 tclass=process permissive=0
01-02 13:14:50.172 1186 1193 I SELinux : SELinux: Loaded file_contexts
01-02 13:14:50.217 1175 1182 I adbd : opening control endpoint /dev/usb-ffs/adb/ep0
01-02 13:14:50.219 1175 1182 I adbd : UsbFfsConnection constructed
01-02 13:14:50.220 1175 1646 I adbd : UsbFfs-monitor thread spawned
01-02 13:14:50.309 1186 1186 W binder:1186_1: type=1400 audit(0.0:244): avc: denied { getattr } for scontext=u:r:installd:s0 tcontext=u:r:system_server:s0 tclass=process permissive=0
01-02 13:14:50.309 1186 1186 W binder:1186_1: type=1400 audit(0.0:245): avc: denied { getattr } for scontext=u:r:installd:s0 tcontext=u:r:system_server:s0 tclass=process permissive=0
01-02 13:14:50.319 1186 1186 W binder:1186_1: type=1400 audit(0.0:246): avc: denied { getattr } for scontext=u:r:installd:s0 tcontext=u:r:system_server:s0 tclass=process permissive=0
01-02 13:14:50.319 1186 1186 W binder:1186_1: type=1400 audit(0.0:247): avc: denied { getattr } for scontext=u:r:installd:s0 tcontext=u:r:system_server:s0 tclass=process permissive=0
01-02 13:14:50.319 1186 1186 W binder:1186_1: type=1400 audit(0.0:248): avc: denied { getattr } for scontext=u:r:installd:s0 tcontext=u:r:system_server:s0 tclass=process permissive=0
01-02 13:14:50.319 1186 1186 W binder:1186_1: type=1400 audit(0.0:249): avc: denied { getattr } for scontext=u:r:installd:s0 tcontext=u:r:system_server:s0 tclass=process permissive=0
01-02 13:14:50.319 1186 1186 W binder:1186_1: type=1400 audit(0.0:250): avc: denied { getattr } for scontext=u:r:installd:s0 tcontext=u:r:system_server:s0 tclass=process permissive=0
01-02 13:14:50.319 1186 1186 W binder:1186_1: type=1400 audit(0.0:251): avc: denied { getattr } for scontext=u:r:installd:s0 tcontext=u:r:system_server:s0 tclass=process permissive=0
01-02 13:14:50.329 1186 1186 W binder:1186_1: type=1400 audit(0.0:252): avc: denied { getattr } for scontext=u:r:installd:s0 tcontext=u:r:system_server:s0 tclass=process permissive=0
01-02 13:14:50.329 1186 1186 W binder:1186_1: type=1400 audit(0.0:253): avc: denied { getattr } for scontext=u:r:installd:s0 tcontext=u:r:system_server:s0 tclass=process permissive=0
01-02 13:14:50.329 1186 1186 W binder:1186_1: type=1400 audit(0.0:254): avc: denied { getattr } for scontext=u:r:installd:s0 tcontext=u:r:system_server:s0 tclass=process permissive=0
01-02 13:14:50.329 1186 1186 W binder:1186_1: type=1400 audit(0.0:255): avc: denied { getattr } for scontext=u:r:installd:s0 tcontext=u:r:system_server:s0 tclass=process permissive=0
01-02 13:14:50.339 1186 1186 W binder:1186_1: type=1400 audit(0.0:256): avc: denied { getattr } for scontext=u:r:installd:s0 tcontext=u:r:system_server:s0 tclass=process permissive=0
01-02 13:14:50.339 1186 1186 W binder:1186_1: type=1400 audit(0.0:257): avc: denied { getattr } for scontext=u:r:installd:s0 tcontext=u:r:system_server:s0 tclass=process permissive=0
01-02 13:14:50.339 1186 1186 W binder:1186_1: type=1400 audit(0.0:258): avc: denied { getattr } for scontext=u:r:installd:s0 tcontext=u:r:system_server:s0 tclass=process permissive=0
01-02 13:14:50.339 1186 1186 W binder:1186_1: type=1400 audit(0.0:259): avc: denied { getattr } for scontext=u:r:installd:s0 tcontext=u:r:system_server:s0 tclass=process permissive=0
01-02 13:14:50.339 1186 1186 W binder:1186_1: type=1400 audit(0.0:260): avc: denied { getattr } for scontext=u:r:installd:s0 tcontext=u:r:system_server:s0 tclass=process permissive=0
01-02 13:14:50.349 1186 1186 W binder:1186_1: type=1400 audit(0.0:261): avc: denied { getattr } for scontext=u:r:installd:s0 tcontext=u:r:system_server:s0 tclass=process permissive=0
01-02 13:14:50.349 1186 1186 W binder:1186_1: type=1400 audit(0.0:262): avc: denied { getattr } for scontext=u:r:installd:s0 tcontext=u:r:system_server:s0 tclass=process permissive=0
01-02 13:14:50.349 1186 1186 W binder:1186_1: type=1400 audit(0.0:263): avc: denied { getattr } for scontext=u:r:installd:s0 tcontext=u:r:system_server:s0 tclass=process permissive=0
01-02 13:14:50.349 1186 1186 W binder:1186_1: type=1400 audit(0.0:264): avc: denied { getattr } for scontext=u:r:installd:s0 tcontext=u:r:system_server:s0 tclass=process permissive=0
01-02 13:14:50.349 1186 1186 W binder:1186_1: type=1400 audit(0.0:265): avc: denied { getattr } for scontext=u:r:installd:s0 tcontext=u:r:system_server:s0 tclass=process permissive=0
01-02 13:14:50.359 1186 1186 W binder:1186_1: type=1400 audit(0.0:266): avc: denied { getattr } for scontext=u:r:installd:s0 tcontext=u:r:system_server:s0 tclass=process permissive=0
01-02 13:14:50.359 1186 1186 W binder:1186_1: type=1400 audit(0.0:267): avc: denied { getattr } for scontext=u:r:installd:s0 tcontext=u:r:system_server:s0 tclass=process permissive=0
01-02 13:14:50.359 1186 1186 W binder:1186_1: type=1400 audit(0.0:268): avc: denied { getattr } for scontext=u:r:installd:s0 tcontext=u:r:system_server:s0 tclass=process permissive=0
01-02 13:14:50.359 1186 1186 W binder:1186_1: type=1400 audit(0.0:269): avc: denied { getattr } for scontext=u:r:installd:s0 tcontext=u:r:system_server:s0 tclass=process permissive=0
01-02 13:14:50.359 1186 1186 W binder:1186_1: type=1400 audit(0.0:270): avc: denied { getattr } for scontext=u:r:installd:s0 tcontext=u:r:system_server:s0 tclass=process permissive=0
01-02 13:14:50.359 1186 1186 W binder:1186_1: type=1400 audit(0.0:271): avc: denied { getattr } for scontext=u:r:installd:s0 tcontext=u:r:system_server:s0 tclass=process permissive=0
01-02 13:14:50.369 1186 1186 W binder:1186_1: type=1400 audit(0.0:272): avc: denied { getattr } for scontext=u:r:installd:s0 tcontext=u:r:system_server:s0 tclass=process permissive=0
01-02 13:14:50.369 1186 1186 W binder:1186_1: type=1400 audit(0.0:273): avc: denied { getattr } for scontext=u:r:installd:s0 tcontext=u:r:system_server:s0 tclass=process permissive=0
01-02 13:14:50.369 1186 1186 W binder:1186_1: type=1400 audit(0.0:274): avc: denied { getattr } for scontext=u:r:installd:s0 tcontext=u:r:system_server:s0 tclass=process permissive=0
01-02 13:14:50.369 1186 1186 W binder:1186_1: type=1400 audit(0.0:275): avc: denied { getattr } for scontext=u:r:installd:s0 tcontext=u:r:system_server:s0 tclass=process permissive=0
01-02 13:14:50.379 1186 1186 W binder:1186_1: type=1400 audit(0.0:276): avc: denied { getattr } for scontext=u:r:installd:s0 tcontext=u:r:system_server:s0 tclass=process permissive=0
01-02 13:14:50.379 1186 1186 W binder:1186_1: type=1400 audit(0.0:277): avc: denied { getattr } for scontext=u:r:installd:s0 tcontext=u:r:system_server:s0 tclass=process permissive=0
01-02 13:14:50.379 1186 1186 W binder:1186_1: type=1400 audit(0.0:278): avc: denied { getattr } for scontext=u:r:installd:s0 tcontext=u:r:system_server:s0 tclass=process permissive=0
01-02 13:14:50.379 1186 1186 W binder:1186_1: type=1400 audit(0.0:279): avc: denied { getattr } for scontext=u:r:installd:s0 tcontext=u:r:system_server:s0 tclass=process permissive=0
01-02 13:14:50.389 1186 1186 W binder:1186_1: type=1400 audit(0.0:280): avc: denied { getattr } for scontext=u:r:installd:s0 tcontext=u:r:system_server:s0 tclass=process permissive=0
01-02 13:14:50.389 1186 1186 W binder:1186_1: type=1400 audit(0.0:281): avc: denied { getattr } for scontext=u:r:installd:s0 tcontext=u:r:system_server:s0 tclass=process permissive=0
01-02 13:14:50.389 1186 1186 W binder:1186_1: type=1400 audit(0.0:282): avc: denied { getattr } for scontext=u:r:installd:s0 tcontext=u:r:system_server:s0 tclass=process permissive=0
01-02 13:14:50.389 1186 1186 W binder:1186_1: type=1400 audit(0.0:283): avc: denied { getattr } for scontext=u:r:installd:s0 tcontext=u:r:system_server:s0 tclass=process permissive=0
01-02 13:14:50.389 1186 1186 W binder:1186_1: type=1400 audit(0.0:284): avc: denied { getattr } for scontext=u:r:installd:s0 tcontext=u:r:system_server:s0 tclass=process permissive=0
01-02 13:14:50.389 1186 1186 W binder:1186_1: type=1400 audit(0.0:285): avc: denied { getattr } for scontext=u:r:installd:s0 tcontext=u:r:system_server:s0 tclass=process permissive=0
01-02 13:14:50.399 1186 1186 W binder:1186_1: type=1400 audit(0.0:286): avc: denied { getattr } for scontext=u:r:installd:s0 tcontext=u:r:system_server:s0 tclass=process permissive=0
01-02 13:14:50.399 1186 1186 W binder:1186_1: type=1400 audit(0.0:287): avc: denied { getattr } for scontext=u:r:installd:s0 tcontext=u:r:system_server:s0 tclass=process permissive=0
01-02 13:14:50.399 1186 1186 W binder:1186_1: type=1400 audit(0.0:288): avc: denied { getattr } for scontext=u:r:installd:s0 tcontext=u:r:system_server:s0 tclass=process permissive=0
01-02 13:14:50.399 1186 1186 W binder:1186_1: type=1400 audit(0.0:289): avc: denied { getattr } for scontext=u:r:installd:s0 tcontext=u:r:system_server:s0 tclass=process permissive=0
01-02 13:14:50.399 1186 1186 W binder:1186_1: type=1400 audit(0.0:290): avc: denied { getattr } for scontext=u:r:installd:s0 tcontext=u:r:system_server:s0 tclass=process permissive=0
01-02 13:14:50.399 1186 1186 W binder:1186_1: type=1400 audit(0.0:291): avc: denied { getattr } for scontext=u:r:installd:s0 tcontext=u:r:system_server:s0 tclass=process permissive=0
01-02 13:14:50.419 1586 1586 V PackageManager: reconcileAppsData finished 24 packages
01-02 13:14:50.420 1586 1586 D PackageManagerTiming: write settings
01-02 13:14:50.420 1586 1647 D SystemServerTimingAsync: InitThreadPoolExec:prepareAppData
01-02 13:14:50.409 1186 1186 W binder:1186_1: type=1400 audit(0.0:292): avc: denied { getattr } for scontext=u:r:installd:s0 tcontext=u:r:system_server:s0 tclass=process permissive=0
01-02 13:14:50.567 1586 1586 I SELinux : SELinux: Loaded file_contexts
01-02 13:14:50.670 1186 1193 W installd: Ignoring /data/data/com.google.ar.core/lib with unexpected GID 0 instead of 10122
01-02 13:14:50.693 1586 1586 D PackageManagerTiming: GC
01-02 13:14:50.694 1586 1586 I PackageManager: Fix for b/169414761 is applied
01-02 13:14:50.694 1586 1586 V UserSystemPackageInstaller: Checking that all system packages are whitelisted.
01-02 13:14:50.720 1586 1586 W UserSystemPackageInstaller: checkWhitelistedSystemPackages(mode=d) has 50 warnings:
01-02 13:14:50.721 1586 1586 W UserSystemPackageInstaller: com.android.theme.color.amethyst is allowlisted but not present.
01-02 13:14:50.721 1586 1586 W UserSystemPackageInstaller: com.android.theme.icon.pebble is allowlisted but not present.
01-02 13:14:50.721 1586 1586 W UserSystemPackageInstaller: com.android.theme.color.sand is allowlisted but not present.
01-02 13:14:50.721 1586 1586 W UserSystemPackageInstaller: com.android.theme.icon.vessel is allowlisted but not present.
01-02 13:14:50.721 1586 1586 W UserSystemPackageInstaller: com.android.theme.color.cinnamon is allowlisted but not present.
01-02 13:14:50.721 1586 1586 W UserSystemPackageInstaller: com.android.theme.icon_pack.victor.settings is allowlisted but not present.
01-02 13:14:50.721 1586 1586 W UserSystemPackageInstaller: com.android.theme.icon_pack.rounded.systemui is allowlisted but not present.
01-02 13:14:50.721 1586 1586 W UserSystemPackageInstaller: com.android.theme.icon.taperedrect is allowlisted but not present.
01-02 13:14:50.721 1586 1586 W UserSystemPackageInstaller: com.android.theme.icon_pack.rounded.android is allowlisted but not present.
01-02 13:14:50.721 1586 1586 W UserSystemPackageInstaller: com.android.internal.systemui.onehanded.gestural is allowlisted but not present.
01-02 13:14:50.721 1586 1586 W UserSystemPackageInstaller: com.android.theme.icon_pack.victor.systemui is allowlisted but not present.
01-02 13:14:50.721 1586 1586 W UserSystemPackageInstaller: com.android.theme.icon_pack.circular.themepicker is allowlisted but not present.
01-02 13:14:50.721 1586 1586 W UserSystemPackageInstaller: com.android.theme.color.tangerine is allowlisted but not present.
01-02 13:14:50.721 1586 1586 W UserSystemPackageInstaller: com.android.theme.color.aquamarine is allowlisted but not present.
01-02 13:14:50.721 1586 1586 W UserSystemPackageInstaller: com.android.theme.color.black is allowlisted but not present.
01-02 13:14:50.721 1586 1586 W UserSystemPackageInstaller: com.android.theme.color.green is allowlisted but not present.
01-02 13:14:50.721 1586 1586 W UserSystemPackageInstaller: com.android.theme.color.ocean is allowlisted but not present.
01-02 13:14:50.721 1586 1586 W UserSystemPackageInstaller: com.android.theme.color.space is allowlisted but not present.
01-02 13:14:50.721 1586 1586 W UserSystemPackageInstaller: com.android.theme.icon_pack.rounded.launcher is allowlisted but not present.
01-02 13:14:50.721 1586 1586 W UserSystemPackageInstaller: com.android.theme.icon_pack.kai.settings is allowlisted but not present.
01-02 13:14:50.721 1586 1586 W UserSystemPackageInstaller: com.android.theme.icon_pack.sam.settings is allowlisted but not present.
01-02 13:14:50.721 1586 1586 W UserSystemPackageInstaller: com.android.theme.icon_pack.kai.themepicker is allowlisted but not present.
01-02 13:14:50.721 1586 1586 W UserSystemPackageInstaller: com.android.theme.icon_pack.victor.launcher is allowlisted but not present.
01-02 13:14:50.721 1586 1586 W UserSystemPackageInstaller: com.android.theme.icon_pack.filled.settings is allowlisted but not present.
01-02 13:14:50.721 1586 1586 W UserSystemPackageInstaller: com.android.theme.icon_pack.kai.systemui is allowlisted but not present.
01-02 13:14:50.721 1586 1586 W UserSystemPackageInstaller: com.android.theme.icon_pack.circular.settings is allowlisted but not present.
01-02 13:14:50.721 1586 1586 W UserSystemPackageInstaller: com.android.theme.icon_pack.sam.systemui is allowlisted but not present.
01-02 13:14:50.721 1586 1586 W UserSystemPackageInstaller: com.android.theme.icon.teardrop is allowlisted but not present.
01-02 13:14:50.721 1586 1586 W UserSystemPackageInstaller: com.android.theme.icon_pack.rounded.themepicker is allowlisted but not present.
01-02 13:14:50.721 1586 1586 W UserSystemPackageInstaller: com.android.theme.icon_pack.filled.systemui is allowlisted but not present.
01-02 13:14:50.721 1586 1586 W UserSystemPackageInstaller: com.android.theme.icon_pack.sam.android is allowlisted but not present.
01-02 13:14:50.721 1586 1586 W UserSystemPackageInstaller: com.android.theme.icon_pack.filled.android is allowlisted but not present.
01-02 13:14:50.721 1586 1586 W UserSystemPackageInstaller: com.android.theme.icon_pack.circular.systemui is allowlisted but not present.
01-02 13:14:50.721 1586 1586 W UserSystemPackageInstaller: com.android.theme.icon_pack.kai.android is allowlisted but not present.
01-02 13:14:50.721 1586 1586 W UserSystemPackageInstaller: com.android.theme.icon_pack.kai.launcher is allowlisted but not present.
01-02 13:14:50.721 1586 1586 W UserSystemPackageInstaller: com.android.theme.icon_pack.sam.launcher is allowlisted but not present.
01-02 13:14:50.721 1586 1586 W UserSystemPackageInstaller: com.android.theme.icon.squircle is allowlisted but not present.
01-02 13:14:50.721 1586 1586 W UserSystemPackageInstaller: com.android.theme.icon_pack.victor.android is allowlisted but not present.
01-02 13:14:50.721 1586 1586 W UserSystemPackageInstaller: com.android.theme.color.palette is allowlisted but not present.
01-02 13:14:50.721 1586 1586 W UserSystemPackageInstaller: com.android.theme.icon_pack.filled.launcher is allowlisted but not present.
01-02 13:14:50.721 1586 1586 W UserSystemPackageInstaller: com.android.theme.color.carbon is allowlisted but not present.
01-02 13:14:50.721 1586 1586 W UserSystemPackageInstaller: com.android.theme.icon_pack.circular.launcher is allowlisted but not present.
01-02 13:14:50.721 1586 1586 W UserSystemPackageInstaller: com.android.theme.icon_pack.filled.themepicker is allowlisted but not present.
01-02 13:14:50.721 1586 1586 W UserSystemPackageInstaller: com.android.theme.icon_pack.victor.themepicker is allowlisted but not present.
01-02 13:14:50.721 1586 1586 W UserSystemPackageInstaller: com.android.theme.color.orchid is allowlisted but not present.
01-02 13:14:50.721 1586 1586 W UserSystemPackageInstaller: com.android.theme.color.purple is allowlisted but not present.
01-02 13:14:50.721 1586 1586 W UserSystemPackageInstaller: com.android.theme.icon_pack.sam.themepicker is allowlisted but not present.
01-02 13:14:50.721 1586 1586 W UserSystemPackageInstaller: com.android.theme.icon.roundedrect is allowlisted but not present.
01-02 13:14:50.721 1586 1586 W UserSystemPackageInstaller: com.android.theme.icon_pack.rounded.settings is allowlisted but not present.
01-02 13:14:50.721 1586 1586 W UserSystemPackageInstaller: com.android.theme.icon_pack.circular.android is allowlisted but not present.
01-02 13:14:50.724 1586 1586 I Watchdog: Resuming HandlerChecker: main thread for reason: packagemanagermain. Pause count: 0
01-02 13:14:50.724 1586 1586 I SystemServerDexLoadReporter: Configuring system server dex reporter
01-02 13:14:50.733 1586 1586 D SystemServerTiming: StartOtaDexOptService
01-02 13:14:50.733 1586 1586 I Watchdog: Pausing HandlerChecker: main thread for reason: moveab. Pause count: 1
01-02 13:14:50.735 1586 1586 D OTADexopt: No upgrade, skipping A/B artifacts check.
01-02 13:14:50.735 1586 1586 I Watchdog: Resuming HandlerChecker: main thread for reason: moveab. Pause count: 0
01-02 13:14:50.735 1586 1586 D SystemServerTiming: StartUserManagerService
01-02 13:14:50.735 1586 1586 I SystemServiceManager: Starting com.android.server.pm.UserManagerService$LifeCycle
01-02 13:14:50.736 1586 1586 D SystemServerTiming: InitAttributerCache
01-02 13:14:50.737 1586 1586 D SystemServerTiming: SetSystemProcess
01-02 13:14:50.739 1195 1603 I ServiceManager: Waiting for service 'package_native' on '/dev/binder' successful after waiting 3121ms
01-02 13:14:50.751 1586 1617 I ActivityManager: Connection with lmkd established
01-02 13:14:50.751 371 371 I lowmemorykiller: lmkd data connection established
01-02 13:14:50.755 1586 1600 V HistoricalRegistry: Interaction before persistence initialized
01-02 13:14:50.756 1586 1601 V HistoricalRegistry: Interaction before persistence initialized
01-02 13:14:50.760 1383 1383 I audioserver: Waiting for sensor privacy service
01-02 13:14:50.761 1167 1167 I cameraserver: Waiting for sensor privacy service
01-02 13:14:50.761 1586 1586 D CompatibilityChangeReporter: Compat change id reported: 161145287; UID 1000; state: DISABLED
01-02 13:14:50.762 1586 1586 D SystemServerTiming: InitWatchdog
01-02 13:14:50.763 1586 1586 D SystemServerTiming: StartOverlayManagerService
01-02 13:14:50.793 1443 1527 D BootAnimation: Playing files = /system/media/bootanimation.zip/part1, Requested repeat = 0, playUntilComplete = false
01-02 13:14:50.820 1186 1193 W installd: Ignoring /data/data/com.getjar.app/lib with unexpected GID 0 instead of 10356
01-02 13:14:50.832 1178 1194 W idmap2d : failed to parse idmap header of '/data/resource-cache/system@product@overlay@treble-overlay-SystemUI-FalseLocks.apk@idmap'
01-02 13:14:50.905 1178 1194 W idmap2d : failed to find resource 'bool/config_lockscreenAntiFalsingClassifierEnabled'
01-02 13:14:50.905 1178 1194 E idmap2d : no resources were overlaid
01-02 13:14:50.936 1178 1194 W idmap2d : active ffro iterator was not previously released
01-02 13:14:51.020 1586 1596 I system_server: Background concurrent copying GC freed 432974(21MB) AllocSpace objects, 160(6484KB) LOS objects, 49% free, 12MB/25MB, paused 189us,72us total 326.151ms
01-02 13:14:51.138 1586 1586 D SystemServerTiming: StartResourcesManagerService
01-02 13:14:51.139 1586 1586 D SystemServerTiming: StartSensorPrivacyService
01-02 13:14:51.140 1586 1605 W ActivityTaskManager: Skip updateConfiguration because mWindowManager isn't set
01-02 13:14:51.148 1586 1586 D SystemServerTiming: StartSensorService
01-02 13:14:51.148 1586 1586 I SystemServiceManager: Starting com.android.server.sensors.SensorService
01-02 13:14:51.149 1586 1586 D SystemServerTiming: startCoreServices
01-02 13:14:51.149 1586 1586 D SystemServerTiming: StartSystemConfigService
01-02 13:14:51.149 1586 1586 I SystemServiceManager: Starting com.android.server.SystemConfigService
01-02 13:14:51.149 1586 1652 D SystemServerTimingAsync: InitThreadPoolExec:StartNativeSensorService
01-02 13:14:51.149 1586 1652 D SystemServerTimingAsync: StartNativeSensorService
01-02 13:14:51.149 1586 1652 D SensorService: nuSensorService starting...
01-02 13:14:51.151 1586 1586 D SystemServerTiming: StartBatteryService
01-02 13:14:51.151 1586 1586 I SystemServiceManager: Starting com.android.server.BatteryService
01-02 13:14:51.151 372 372 I servicemanager: Could not find android.hardware.sensors.ISensors/default in the VINTF manifest.
01-02 13:14:51.154 373 373 I hwservicemanager: getTransport: Cannot find entry android.hardware.sensors@2.1::ISensors/default in either framework or device VINTF manifest.
01-02 13:14:51.154 372 372 I servicemanager: Could not find android.hardware.health.IHealth/default in the VINTF manifest.
