01-02 13:14:47.958 1586 1612 I SystemConfig: Reading permissions from /vendor/etc/permissions/android.hardware.opengles.aep.xml
01-02 13:14:47.959 1586 1612 I SystemConfig: Reading permissions from /vendor/etc/permissions/android.hardware.location.xml
01-02 13:14:47.961 1586 1612 I SystemConfig: Reading permissions from /vendor/etc/permissions/android.hardware.wifi.xml
01-02 13:14:47.964 1586 1612 I SystemConfig: Reading permissions from /odm/etc/permissions/android.hardware.sensor.gyroscope.xml
01-02 13:14:47.965 1586 1612 I SystemConfig: Reading permissions from /odm/etc/permissions/android.hardware.camera.raw.xml
01-02 13:14:47.967 1586 1612 I SystemConfig: Reading permissions from /odm/etc/permissions/android.hardware.camera.xml
01-02 13:14:47.968 1586 1612 I SystemConfig: Reading permissions from /odm/etc/permissions/android.hardware.camera.flash-autofocus.xml
01-02 13:14:47.970 1586 1612 I SystemConfig: Reading permissions from /odm/etc/permissions/android.hardware.camera.manual_postprocessing.xml
01-02 13:14:47.971 1586 1612 I SystemConfig: Reading permissions from /odm/etc/permissions/android.hardware.fingerprint.xml
01-02 13:14:47.972 1586 1612 I SystemConfig: Reading permissions from /odm/etc/permissions/android.hardware.camera.front.xml
01-02 13:14:47.975 1586 1612 I SystemConfig: Reading permissions from /product/etc/sysconfig/d2d_cable_migration_feature.xml
01-02 13:14:47.976 1586 1612 I SystemConfig: Reading permissions from /product/etc/sysconfig/preinstalled-packages-platform-handheld-product.xml
01-02 13:14:47.978 1586 1612 I SystemConfig: Reading permissions from /product/etc/sysconfig/google-hiddenapi-package-allowlist.xml
01-02 13:14:47.979 1586 1612 I SystemConfig: Reading permissions from /product/etc/sysconfig/google.xml
01-02 13:14:47.981 1586 1612 I SystemConfig: Adding association: com.google.android.as <- com.android.bluetooth
01-02 13:14:47.981 1586 1612 I SystemConfig: Adding association: com.google.android.as <- com.android.providers.contacts
01-02 13:14:47.981 1586 1612 I SystemConfig: Adding association: com.google.android.as <- com.android.providers.media
01-02 13:14:47.981 1586 1612 I SystemConfig: Adding association: com.google.android.as <- com.android.providers.telephony
01-02 13:14:47.981 1586 1612 I SystemConfig: Adding association: com.google.android.as <- com.android.systemui
01-02 13:14:47.981 1586 1612 I SystemConfig: Adding association: com.google.android.as <- com.google.android.providers.media.module
01-02 13:14:47.981 1586 1612 I SystemConfig: Adding association: com.google.android.as <- com.google.android.as.oss
01-02 13:14:47.981 1586 1612 I SystemConfig: Adding association: com.google.android.as <- com.google.android.bluetooth.services
01-02 13:14:47.981 1586 1612 I SystemConfig: Adding association: com.google.android.as.oss <- com.google.android.as
01-02 13:14:47.982 1586 1612 I SystemConfig: Reading permissions from /product/etc/sysconfig/google_build.xml
01-02 13:14:47.984 1586 1612 I SystemConfig: Reading permissions from /product/etc/sysconfig/preinstalled-packages-platform-aosp-product.xml
01-02 13:14:47.985 1586 1612 I SystemConfig: Reading permissions from /product/etc/sysconfig/preinstalled-packages-platform-overlays.xml
01-02 13:14:47.989 1586 1612 I SystemConfig: Reading permissions from /product/etc/permissions/com.google.android.dialer.support.xml
01-02 13:14:47.989 1175 1592 W adbd : timed out while waiting for FUNCTIONFS_BIND, trying again
01-02 13:14:47.989 1175 1592 I adbd : UsbFfs: connection terminated: monitor thread finished
01-02 13:14:47.990 1175 1175 I adbd : UsbFfs: already offline
01-02 13:14:47.990 1175 1175 I adbd : destroying transport UsbFfs
01-02 13:14:47.990 1175 1175 I adbd : UsbFfsConnection being destroyed
01-02 13:14:47.990 1586 1612 I SystemConfig: Reading permissions from /product/etc/permissions/com.android.settings.intelligence.xml
01-02 13:14:47.992 1586 1612 I SystemConfig: Reading permissions from /product/etc/permissions/privapp-permissions-google-product.xml
01-02 13:14:47.999 1586 1612 I SystemConfig: Reading permissions from /product/etc/permissions/com.android.imsserviceentitlement.xml
01-02 13:14:48.001 1586 1612 I SystemConfig: Reading permissions from /product/etc/permissions/com.android.contacts.xml
01-02 13:14:48.002 1586 1612 I SystemConfig: Reading permissions from /product/etc/permissions/com.android.dialer.xml
01-02 13:14:48.004 1586 1612 W SystemConfig: No directory /system_ext/etc/sysconfig, skipping
01-02 13:14:48.005 1586 1612 I SystemConfig: Reading permissions from /system_ext/etc/permissions/com.android.systemui.xml
01-02 13:14:48.007 1586 1612 I SystemConfig: Reading permissions from /system_ext/etc/permissions/com.android.launcher3.xml
01-02 13:14:48.008 1586 1612 I SystemConfig: Reading permissions from /system_ext/etc/permissions/com.android.emergency.xml
01-02 13:14:48.010 1586 1612 I SystemConfig: Reading permissions from /system_ext/etc/permissions/com.android.settings.xml
01-02 13:14:48.012 1586 1612 I SystemConfig: Reading permissions from /system_ext/etc/permissions/com.android.carrierconfig.xml
01-02 13:14:48.013 1586 1612 I SystemConfig: Reading permissions from /system_ext/etc/permissions/com.android.storagemanager.xml
01-02 13:14:48.015 1586 1612 I SystemConfig: Reading permissions from /system_ext/etc/permissions/privapp-permissions-google-system-ext.xml
01-02 13:14:48.019 1586 1612 I SystemConfig: Reading permissions from /apex/com.android.tethering/etc/permissions/permissions.xml
01-02 13:14:48.021 1586 1612 I SystemConfig: Reading permissions from /apex/com.android.permission/etc/permissions/privapp_allowlist_com.android.permissioncontroller.xml
01-02 13:14:48.024 1586 1612 I SystemConfig: Reading permissions from /apex/com.android.mediaprovider/etc/permissions/privapp_allowlist_com.android.providers.media.module.xml
01-02 13:14:48.026 1586 1612 I SystemConfig: Reading permissions from /apex/com.android.ipsec/etc/permissions/android.net.ipsec.ike.xml
01-02 13:14:48.028 1586 1612 I SystemConfig: Reading permissions from /apex/com.android.extservices/etc/permissions/privapp_allowlist_android.ext.services.xml
01-02 13:14:48.030 1586 1612 I SystemConfig: Reading permissions from /apex/com.android.cellbroadcast/etc/permissions/privapp_allowlist_com.android.cellbroadcastservice.xml
01-02 13:14:48.032 1586 1612 I SystemConfig: Reading permissions from /apex/com.android.cellbroadcast/etc/permissions/privapp_allowlist_com.android.cellbroadcastreceiver.module.xml
01-02 13:14:48.034 1586 1612 I SystemConfig: Reading permissions from /apex/com.android.btservices/etc/permissions/privapp_allowlist_com.android.bluetooth.xml
01-02 13:14:48.036 1586 1612 I SystemConfig: Reading permissions from /apex/com.android.adservices/etc/permissions/privapp_allowlist_com.android.adservices.api.xml
01-02 13:14:48.043 1586 1586 E libpsi : No kernel psi monitor support (errno=2)
01-02 13:14:48.043 1586 1586 E LowMemDetector: Failed to register psi trigger
01-02 13:14:48.052 1586 1586 I PackageWatchdog: Updated health check state for package com.android.ons: INACTIVE -> PASSED
01-02 13:14:48.052 1586 1586 I PackageWatchdog: Updated health check state for package com.android.phone: INACTIVE -> PASSED
01-02 13:14:48.054 1586 1586 W PowerProfile: screen.on is deprecated! Use screen.on.display0 instead.
01-02 13:14:48.055 1586 1586 W PowerProfile: screen.full is deprecated! Use screen.full.display0 instead.
01-02 13:14:48.055 1586 1586 W ModemPowerProfile: getAverageBatteryDrainMaH called with unexpected key: 0x0, drain:0,RAT:DEFAULT
01-02 13:14:48.055 1586 1586 W ModemPowerProfile: getAverageBatteryDrainMaH called with unexpected key: 0x10000000, drain:IDLE,RAT:DEFAULT
01-02 13:14:48.055 1586 1586 W ModemPowerProfile: getAverageBatteryDrainMaH called with unexpected key: 0x20000000, drain:RX,RAT:DEFAULT
01-02 13:14:48.055 1586 1586 W ModemPowerProfile: getAverageBatteryDrainMaH called with unexpected key: 0x30000000, drain:TX,level:UNKNOWN(0x0)RAT:DEFAULT
01-02 13:14:48.055 1586 1586 W ModemPowerProfile: getAverageBatteryDrainMaH called with unexpected key: 0x31000000, drain:TX,level:UNKNOWN(0x1000000)RAT:DEFAULT
01-02 13:14:48.055 1586 1586 W ModemPowerProfile: getAverageBatteryDrainMaH called with unexpected key: 0x32000000, drain:TX,level:UNKNOWN(0x2000000)RAT:DEFAULT
01-02 13:14:48.055 1586 1586 W ModemPowerProfile: getAverageBatteryDrainMaH called with unexpected key: 0x33000000, drain:TX,level:UNKNOWN(0x3000000)RAT:DEFAULT
01-02 13:14:48.055 1586 1586 W ModemPowerProfile: getAverageBatteryDrainMaH called with unexpected key: 0x34000000, drain:TX,level:UNKNOWN(0x4000000)RAT:DEFAULT
01-02 13:14:48.060 1586 1586 D BatteryStatsImpl: Reading daily items from /data/system/batterystats-daily.xml
01-02 13:14:48.061 1175 1182 I adbd : opening control endpoint /dev/usb-ffs/adb/ep0
01-02 13:14:48.063 1175 1182 I adbd : UsbFfsConnection constructed
01-02 13:14:48.063 1175 1621 I adbd : UsbFfs-monitor thread spawned
01-02 13:14:48.088 373 373 I hwservicemanager: getTransport: Cannot find entry android.hardware.power.stats@1.0::IPowerStats/default in either framework or device VINTF manifest.
01-02 13:14:48.088 1586 1622 E BatteryStatsService: Unable to load Power.Stats.HAL. Setting rail availability to false
01-02 13:14:48.091 1586 1622 E BluetoothAdapter: Bluetooth service is null
01-02 13:14:48.091 1586 1622 I KernelCpuUidFreqTimeReader: mPerClusterTimesAvailable=false
01-02 13:14:48.094 1586 1622 W KernelCpuUidFreqTimeBpfMapReader: Failed to start tracking
01-02 13:14:48.094 1586 1622 W KernelCpuProcStringReader: File not found. It's normal if not implemented: /proc/uid_time_in_state
01-02 13:14:48.095 1586 1622 W KernelCpuUidActiveTimeBpfMapReader: Failed to start tracking
01-02 13:14:48.095 1586 1622 W KernelCpuProcStringReader: File not found. It's normal if not implemented: /proc/uid_concurrent_active_time
01-02 13:14:48.095 1586 1622 W KernelCpuUidClusterTimeBpfMapReader: Failed to start tracking
01-02 13:14:48.096 1586 1622 W KernelCpuProcStringReader: File not found. It's normal if not implemented: /proc/uid_concurrent_policy_time
01-02 13:14:48.096 1586 1622 E system_server: Cannot read thread CPU times for PID 1586
01-02 13:14:48.329 1586 1586 I IntentFirewall: Read new rules (A:0 B:2 S:1)
01-02 13:14:48.336 1586 1586 D OomAdjuster: Not killing cached processes
01-02 13:14:48.340 1586 1586 D AppOps : AppOpsService published
01-02 13:14:48.345 1586 1586 D SystemServerTiming: StartDataLoaderManagerService
01-02 13:14:48.345 1586 1586 I SystemServiceManager: Starting com.android.server.pm.DataLoaderManagerService
01-02 13:14:48.349 1586 1586 D SystemServerTiming: StartIncrementalService
01-02 13:14:48.349 1586 1586 D SystemServerTiming: StartPowerManager
01-02 13:14:48.349 1586 1586 I SystemServiceManager: Starting com.android.server.power.PowerManagerService
01-02 13:14:48.360 372 372 I servicemanager: Could not find android.hardware.power.IPower/default in the VINTF manifest.
01-02 13:14:48.362 373 373 E SELinux : avc: denied { find } for interface=vendor.samsung.hardware.miscpower::ISehMiscPower sid=u:r:system_server:s0 pid=1586 scontext=u:r:system_server:s0 tcontext=u:object_r:default_android_hwservice:s0 tclass=hwservice_manager permissive=0
01-02 13:14:48.363 373 373 I hwservicemanager: getTransport: Cannot find entry android.hardware.power@1.0::IPower/power in either framework or device VINTF manifest.
01-02 13:14:48.369 1586 1586 D SystemServerTiming: StartThermalManager
01-02 13:14:48.369 1586 1586 I SystemServiceManager: Starting com.android.server.power.ThermalManagerService
01-02 13:14:48.370 1586 1586 D SystemServerTiming: StartHintManager
01-02 13:14:48.370 1586 1586 I SystemServiceManager: Starting com.android.server.power.hint.HintManagerService
01-02 13:14:48.372 1586 1586 D SystemServerTiming: InitPowerManagement
01-02 13:14:48.373 1586 1586 D SystemServerTiming: StartRecoverySystemService
01-02 13:14:48.373 1586 1586 I SystemServiceManager: Starting com.android.server.recoverysystem.RecoverySystemService$Lifecycle
01-02 13:14:48.377 1586 1586 D SystemServerTiming: StartLightsService
01-02 13:14:48.377 1586 1586 I SystemServiceManager: Starting com.android.server.lights.LightsService
01-02 13:14:48.380 372 372 I servicemanager: Could not find android.hardware.light.ILights/default in the VINTF manifest.
01-02 13:14:48.381 1586 1586 D SystemServerTiming: StartDisplayOffloadService
01-02 13:14:48.381 1586 1586 D SystemServerTiming: StartSidekickService
01-02 13:14:48.381 1586 1586 D SystemServerTiming: StartDisplayManager
01-02 13:14:48.382 1586 1586 I SystemServiceManager: Starting com.android.server.display.DisplayManagerService
01-02 13:14:48.393 1586 1586 D SystemServerTiming: WaitForDisplay
01-02 13:14:48.393 1586 1586 I SystemServiceManager: Starting phase 100
01-02 13:14:48.393 1586 1586 D SystemServerTiming: OnBootPhase_100
01-02 13:14:48.393 1586 1586 D SystemServerTiming: OnBootPhase_100_com.android.server.security.FileIntegrityService
01-02 13:14:48.393 1586 1586 D SystemServerTiming: OnBootPhase_100_com.android.server.pm.Installer
01-02 13:14:48.393 1586 1586 D SystemServerTiming: OnBootPhase_100_com.android.server.os.DeviceIdentifiersPolicyService
01-02 13:14:48.393 1586 1586 D SystemServerTiming: OnBootPhase_100_com.android.server.uri.UriGrantsManagerService$Lifecycle
01-02 13:14:48.394 1586 1586 D SystemServerTiming: OnBootPhase_100_com.android.server.powerstats.PowerStatsService
01-02 13:14:48.394 1586 1586 D SystemServerTiming: OnBootPhase_100_com.android.server.wm.ActivityTaskManagerService$Lifecycle
01-02 13:14:48.394 1586 1586 D SystemServerTiming: OnBootPhase_100_com.android.server.am.ActivityManagerService$Lifecycle
01-02 13:14:48.394 1586 1586 D SystemServerTiming: OnBootPhase_100_com.android.server.pm.DataLoaderManagerService
01-02 13:14:48.394 1586 1586 D SystemServerTiming: OnBootPhase_100_com.android.server.power.PowerManagerService
01-02 13:14:48.394 1586 1586 D SystemServerTiming: OnBootPhase_100_com.android.server.power.ThermalManagerService
01-02 13:14:48.394 1586 1586 D SystemServerTiming: OnBootPhase_100_com.android.server.power.hint.HintManagerService
01-02 13:14:48.394 1586 1586 D SystemServerTiming: OnBootPhase_100_com.android.server.recoverysystem.RecoverySystemService$Lifecycle
01-02 13:14:48.394 1586 1586 D SystemServerTiming: OnBootPhase_100_com.android.server.lights.LightsService
01-02 13:14:48.394 1586 1586 D SystemServerTiming: OnBootPhase_100_com.android.server.display.DisplayManagerService
01-02 13:14:48.529 1386 1395 E HWComposer: getSupportedContentTypes: getSupportedContentTypes failed for display 0: Unsupported (8)
01-02 13:14:48.536 1586 1608 E LocalDisplayAdapter: Can't find display mode with id -1
01-02 13:14:48.536 1586 1608 W LocalDisplayAdapter: DisplayModeSpecs base mode no longer available, using currently active mode.
01-02 13:14:48.545 1586 1608 I DisplayDeviceRepository: Display device added: DisplayDeviceInfo{"Integrierter Bildschirm": uniqueId="local:0", 1080 x 2160, modeId 1, defaultModeId 1, supportedModes [{id=1, width=1080, height=2160, fps=60.000004, alternativeRefreshRates=[]}], colorMode 0, supportedColorModes [0], hdrCapabilities HdrCapabilities{mSupportedHdrTypes=[], mMaxLuminance=500.0, mMaxAverageLuminance=500.0, mMinLuminance=0.0}, allmSupported false, gameContentTypeSupported false, density 480, 428.625 x 428.625 dpi, appVsyncOff 9000000, presDeadline 8666666, touch INTERNAL, rotation 0, type INTERNAL, address {port=0}, deviceProductInfo null, state UNKNOWN, frameRateOverride , brightnessMinimum 0.0, brightnessMaximum 1.0, brightnessDefault 0.39763778, FLAG_ALLOWED_TO_BE_DEFAULT_DISPLAY, FLAG_ROTATES_WITH_CONTENT, FLAG_SECURE, FLAG_SUPPORTS_PROTECTED_BUFFERS, installOrientation 0}
01-02 13:14:48.548 1586 1608 I LogicalDisplayMapper: Applying layout: [{addr: {port=0}, dispId: 0(ON)}], Previous layout: null
01-02 13:14:48.552 1586 1608 I LogicalDisplayMapper: Adding new display: 0: DisplayInfo{"Integrierter Bildschirm", displayId 0", displayGroupId -1, FLAG_SECURE, FLAG_SUPPORTS_PROTECTED_BUFFERS, FLAG_TRUSTED, real 1080 x 2160, largest app 1080 x 2160, smallest app 1080 x 2160, appVsyncOff 9000000, presDeadline 8666666, mode 1, defaultMode 1, modes [{id=1, width=1080, height=2160, fps=60.000004, alternativeRefreshRates=[]}], hdrCapabilities HdrCapabilities{mSupportedHdrTypes=[], mMaxLuminance=500.0, mMaxAverageLuminance=500.0, mMinLuminance=0.0}, userDisabledHdrTypes [], minimalPostProcessingSupported false, rotation 0, state UNKNOWN, type INTERNAL, uniqueId "local:0", app 1080 x 2160, density 480 (428.625 x 428.625) dpi, layerStack 0, colorMode 0, supportedColorModes [0], address {port=0}, deviceProductInfo null, removeMode 0, refreshRateOverride 0.0, brightnessMinimum 0.0, brightnessMaximum 1.0, brightnessDefault 0.39763778, installOrientation ROTATION_0}
01-02 13:14:48.553 1586 1608 I LogicalDisplayMapper: Setting new display group 0 for display 0, from previous group: null
01-02 13:14:48.555 1586 1586 W SystemServiceManager: Service com.android.server.display.DisplayManagerService took 161 ms in onBootPhase
01-02 13:14:48.555 1586 1586 D SystemServerTiming: StartDomainVerificationService
01-02 13:14:48.560 1586 1586 D SystemServerTiming: StartPackageManagerService
01-02 13:14:48.561 1586 1586 I Watchdog: Pausing HandlerChecker: main thread for reason: packagemanagermain. Pause count: 1
01-02 13:14:48.566 1586 1586 D PackageManagerTiming: create package manager
01-02 13:14:48.589 1586 1586 D PackageManagerTiming: createSubComponents
01-02 13:14:48.597 1632 1632 I ArHal : (ar_device_open:132):open module [activity_recognition_hidl].
01-02 13:14:48.597 1632 1632 I ArHal : (comm_dev_init:688):enter.
01-02 13:14:48.597 1632 1632 I ArHal : (ar_log_init:201):no [/etc/activity_recognition.conf].
01-02 13:14:48.597 1632 1632 I ArHal : (comm_netlink_init:348):enter.
01-02 13:14:48.597 1632 1632 I ArHal : (comm_netlink_socket_setup:321):enter. fd[6]
01-02 13:14:48.597 1632 1632 I ArHal : (comm_thread_create:235):success, tid[0x7602fbed00]
01-02 13:14:48.598 1632 1632 I ArHal : (ar_data_setup:1023):id[2].
01-02 13:14:48.598 1632 1634 I ArHal : (comm_netlink_thread:427):thread start.
01-02 13:14:48.598 1632 1634 I ArHal : (comm_netlink_thread:438):wakelock[COMMNL_20660].
01-02 13:14:48.598 1632 1632 E ArHal : (ar_data_setup:1049):failed to open /dev/ar -- -1.
01-02 13:14:48.598 1632 1632 W ArHal : (ar_device_open:166):ar setup fail ret[-14].
01-02 13:14:48.598 1632 1632 I ArHal : (comm_dev_release:660):enter.
01-02 13:14:48.598 1632 1634 I ArHal : (comm_netlink_thread:449):break
01-02 13:14:48.598 1632 1634 I ArHal : (comm_netlink_thread:481):thread stop
01-02 13:14:48.598 1632 1632 I ArHal : (comm_thread_destroy:263):finish. tid[0x7602fbed00]
01-02 13:14:48.598 1632 1632 I AR_impl_Act: activity_recognition_impl V1.1 open activity_recognition_hidl result: -14
01-02 13:14:48.599 1632 1632 E AR_impl@1.1-service: Could not get passthrough implementation for vendor.huawei.hardware.activity_recognition@1.1::IActivityRecognition/default.
01-02 13:14:48.621 1586 1586 D PackageManagerTiming: addSharedUsers
01-02 13:14:48.622 1586 1586 W BackgroundDexOptService: SysProp pm.dexopt.downgrade_after_inactive_days not set
01-02 13:14:48.623 1586 1586 D PackageManagerTiming: get system config
01-02 13:14:48.623 1201 1274 D RIL_GU : [modem_0][unsolicited_mipiclk_Info] MipiValue 1 .
01-02 13:14:48.629 1586 1586 D SELinuxMMAC: Using policy file /system/etc/selinux/plat_mac_permissions.xml
01-02 13:14:48.635 1586 1586 D SELinuxMMAC: Using policy file /system_ext/etc/selinux/system_ext_mac_permissions.xml
01-02 13:14:48.636 1586 1586 D SELinuxMMAC: Using policy file /vendor/etc/selinux/vendor_mac_permissions.xml
01-02 13:14:48.637 1586 1586 D PackageManagerTiming: loadFallbacks
01-02 13:14:48.639 1586 1586 D FallbackCategoryProvider: Found 1 fallback categories
01-02 13:14:48.639 1586 1586 D PackageManagerTiming: read user settings
01-02 13:14:48.661 1386 1399 D RenderEngine: Shader cache generated 91 shaders in 4548.776855 ms
01-02 13:14:48.663 1386 1399 W RenderEngine: Couldn't set SCHED_FIFO for primeCache
01-02 13:14:48.880 1586 1586 E PackageManager: Package com.ghostsq.commander was user id 0 but is now user SharedUserSetting{7f0f433 com.ghostsq.commander.userId/10130} with id 10130; I am not changing its files so it will probably fail!
01-02 13:14:48.885 1586 1586 E PackageManager: Package com.android.providers.telephony was user id 0 but is now user SharedUserSetting{49d43ee android.uid.phone/1001} with id 1001; I am not changing its files so it will probably fail!
01-02 13:14:48.887 1586 1586 E PackageManager: Package com.android.dynsystem was user id 0 but is now user SharedUserSetting{34df725 android.uid.system/1000} with id 1000; I am not changing its files so it will probably fail!
01-02 13:14:48.888 1586 1586 E PackageManager: Package com.android.providers.calendar was user id 0 but is now user SharedUserSetting{bb41108 android.uid.calendar/10041} with id 10041; I am not changing its files so it will probably fail!
01-02 13:14:48.889 1586 1586 E PackageManager: Package com.android.providers.media was user id 0 but is now user SharedUserSetting{abe1287 android.media/10037} with id 10037; I am not changing its files so it will probably fail!
01-02 13:14:48.890 1586 1586 E PackageManager: Package com.android.mms.service was user id 0 but is now user SharedUserSetting{49d43ee android.uid.phone/1001} with id 1001; I am not changing its files so it will probably fail!
01-02 13:14:48.891 1586 1586 E PackageManager: Package com.android.providers.downloads was user id 0 but is now user SharedUserSetting{abe1287 android.media/10037} with id 10037; I am not changing its files so it will probably fail!
01-02 13:14:48.892 1586 1586 E PackageManager: Package com.ghostsq.commander.sftp was user id 0 but is now user SharedUserSetting{7f0f433 com.ghostsq.commander.userId/10130} with id 10130; I am not changing its files so it will probably fail!
01-02 13:14:48.893 1586 1586 E PackageManager: Package com.android.providers.downloads.ui was user id 0 but is now user SharedUserSetting{abe1287 android.media/10037} with id 10037; I am not changing its files so it will probably fail!
01-02 13:14:48.895 1586 1586 E PackageManager: Package com.android.networkstack was user id 0 but is now user SharedUserSetting{cc44caa android.uid.networkstack/1073} with id 1073; I am not changing its files so it will probably fail!
01-02 13:14:48.896 1586 1586 E PackageManager: Package me.phh.treble.app was user id 0 but is now user SharedUserSetting{34df725 android.uid.system/1000} with id 1000; I am not changing its files so it will probably fail!
01-02 13:14:48.897 1586 1586 E PackageManager: Package com.google.android.marvin.talkback was user id 0 but is now user SharedUserSetting{2eaab77 com.google.android.marvin.feedback/10096} with id 10096; I am not changing its files so it will probably fail!
01-02 13:14:48.898 1586 1586 E PackageManager: Package android was user id 0 but is now user SharedUserSetting{34df725 android.uid.system/1000} with id 1000; I am not changing its files so it will probably fail!
01-02 13:14:48.900 1586 1586 E PackageManager: Package com.android.mtp was user id 0 but is now user SharedUserSetting{abe1287 android.media/10037} with id 10037; I am not changing its files so it will probably fail!
01-02 13:14:48.902 1586 1586 E PackageManager: Package com.android.nfc was user id 0 but is now user SharedUserSetting{f7d514e android.uid.nfc/1027} with id 1027; I am not changing its files so it will probably fail!
01-02 13:14:48.904 1586 1586 E PackageManager: Package com.android.ons was user id 0 but is now user SharedUserSetting{49d43ee android.uid.phone/1001} with id 1001; I am not changing its files so it will probably fail!
01-02 13:14:48.905 1586 1586 E PackageManager: Package com.android.stk was user id 0 but is now user SharedUserSetting{49d43ee android.uid.phone/1001} with id 1001; I am not changing its files so it will probably fail!
01-02 13:14:48.907 1586 1586 E PackageManager: Package com.android.providers.settings was user id 0 but is now user SharedUserSetting{34df725 android.uid.system/1000} with id 1000; I am not changing its files so it will probably fail!
01-02 13:14:48.908 1586 1586 E PackageManager: Package com.android.se was user id 0 but is now user SharedUserSetting{8a76067 android.uid.se/1068} with id 1068; I am not changing its files so it will probably fail!
01-02 13:14:48.910 1586 1586 E PackageManager: Package com.android.inputdevices was user id 0 but is now user SharedUserSetting{34df725 android.uid.system/1000} with id 1000; I am not changing its files so it will probably fail!
01-02 13:14:48.911 1586 1586 E PackageManager: Package com.android.server.telecom was user id 0 but is now user SharedUserSetting{34df725 android.uid.system/1000} with id 1000; I am not changing its files so it will probably fail!
01-02 13:14:48.912 1586 1586 E PackageManager: Package com.android.cellbroadcastservice was user id 0 but is now user SharedUserSetting{cc44caa android.uid.networkstack/1073} with id 1073; I am not changing its files so it will probably fail!
01-02 13:14:48.913 1586 1586 E PackageManager: Package com.android.keychain was user id 0 but is now user SharedUserSetting{34df725 android.uid.system/1000} with id 1000; I am not changing its files so it will probably fail!
01-02 13:14:48.914 1586 1586 E PackageManager: Package com.google.android.gms was user id 0 but is now user SharedUserSetting{d9f680a com.google.uid.shared/10077} with id 10077; I am not changing its files so it will probably fail!
01-02 13:14:48.915 1586 1586 E PackageManager: Package com.google.android.gsf was user id 0 but is now user SharedUserSetting{d9f680a com.google.uid.shared/10077} with id 10077; I am not changing its files so it will probably fail!
01-02 13:14:48.916 1586 1586 E PackageManager: Package com.android.calllogbackup was user id 0 but is now user SharedUserSetting{e333157 android.uid.shared/10031} with id 10031; I am not changing its files so it will probably fail!
01-02 13:14:48.917 1586 1586 E PackageManager: Package com.ghostsq.commander.smb was user id 0 but is now user SharedUserSetting{7f0f433 com.ghostsq.commander.userId/10130} with id 10130; I am not changing its files so it will probably fail!
01-02 13:14:48.918 1586 1586 E PackageManager: Package com.android.localtransport was user id 0 but is now user SharedUserSetting{34df725 android.uid.system/1000} with id 1000; I am not changing its files so it will probably fail!
01-02 13:14:48.919 1586 1586 E PackageManager: Package com.google.android.syncadapters.calendar was user id 0 but is now user SharedUserSetting{2af8eae com.google.android.calendar.uid.shared/10094} with id 10094; I am not changing its files so it will probably fail!
01-02 13:14:48.920 1586 1586 E PackageManager: Package com.android.networkstack.tethering was user id 0 but is now user SharedUserSetting{cc44caa android.uid.networkstack/1073} with id 1073; I am not changing its files so it will probably fail!
01-02 13:14:48.921 1586 1586 E PackageManager: Package com.android.soundpicker was user id 0 but is now user SharedUserSetting{abe1287 android.media/10037} with id 10037; I am not changing its files so it will probably fail!
01-02 13:14:48.922 1586 1586 E PackageManager: Package org.mozilla.firefox was user id 0 but is now user SharedUserSetting{b639661 org.mozilla.firefox.sharedID/10160} with id 10160; I am not changing its files so it will probably fail!
01-02 13:14:48.923 1586 1586 E PackageManager: Package com.android.settings was user id 0 but is now user SharedUserSetting{34df725 android.uid.system/1000} with id 1000; I am not changing its files so it will probably fail!
01-02 13:14:48.924 1586 1586 E PackageManager: Package com.termux was user id 0 but is now user SharedUserSetting{4b1b412 com.termux/10174} with id 10174; I am not changing its files so it will probably fail!
01-02 13:14:48.925 1586 1586 E PackageManager: Package com.google.android.projection.gearhead was user id 0 but is now user SharedUserSetting{5afb099 com.google.android.projection.gearhead/10073} with id 10073; I am not changing its files so it will probably fail!
01-02 13:14:48.926 1586 1586 E PackageManager: Package com.android.cts.ctsshim was user id 0 but is now user SharedUserSetting{ca1600c com.android.cts.ctsshim/10119} with id 10119; I am not changing its files so it will probably fail!
01-02 13:14:48.927 1586 1586 E PackageManager: Package com.android.phone was user id 0 but is now user SharedUserSetting{49d43ee android.uid.phone/1001} with id 1001; I am not changing its files so it will probably fail!
01-02 13:14:48.929 1586 1586 E PackageManager: Package com.android.shell was user id 0 but is now user SharedUserSetting{eadd9d1 android.uid.shell/2000} with id 2000; I am not changing its files so it will probably fail!
01-02 13:14:48.930 1586 1586 E PackageManager: Package com.here.app.maps was user id 0 but is now user SharedUserSetting{ef1a4a4 com.here.app.maps.uid/10157} with id 10157; I am not changing its files so it will probably fail!
01-02 13:14:48.931 1586 1586 E PackageManager: Package com.android.wallpaperbackup was user id 0 but is now user SharedUserSetting{34df725 android.uid.system/1000} with id 1000; I am not changing its files so it will probably fail!
01-02 13:14:48.932 1586 1586 E PackageManager: Package com.android.providers.blockednumber was user id 0 but is now user SharedUserSetting{e333157 android.uid.shared/10031} with id 10031; I am not changing its files so it will probably fail!
01-02 13:14:48.933 1586 1586 E PackageManager: Package com.android.providers.userdictionary was user id 0 but is now user SharedUserSetting{e333157 android.uid.shared/10031} with id 10031; I am not changing its files so it will probably fail!
01-02 13:14:48.934 1586 1586 E PackageManager: Package com.android.emergency was user id 0 but is now user SharedUserSetting{e6da5c5 com.android.emergency.uid/10103} with id 10103; I am not changing its files so it will probably fail!
01-02 13:14:48.935 1586 1586 E PackageManager: Package com.android.location.fused was user id 0 but is now user SharedUserSetting{34df725 android.uid.system/1000} with id 1000; I am not changing its files so it will probably fail!
01-02 13:14:48.937 1586 1586 E PackageManager: Package com.android.systemui was user id 0 but is now user SharedUserSetting{c4f7ee6 android.uid.systemui/10104} with id 10104; I am not changing its files so it will probably fail!
01-02 13:14:48.938 1586 1586 E PackageManager: Package com.android.bluetooth was user id 0 but is now user SharedUserSetting{2b7c87d android.uid.bluetooth/1002} with id 1002; I am not changing its files so it will probably fail!
01-02 13:14:48.939 1586 1586 E PackageManager: Package com.android.providers.contacts was user id 0 but is now user SharedUserSetting{e333157 android.uid.shared/10031} with id 10031; I am not changing its files so it will probably fail!
01-02 13:14:48.945 1586 1586 W android.permission.PermissionManager: Missing ActivityManager; assuming 1000 holds android.permission.SET_PREFERRED_APPLICATIONS
01-02 13:14:49.030 1586 1586 W PackageSettings: Missing permission state for package com.android.internal.display.cutout.emulation.noCutout on user 0
01-02 13:14:49.031 1586 1586 W PackageSettings: Missing permission state for package com.android.uwb.resources on user 0
01-02 13:14:49.031 1586 1586 W PackageSettings: Missing permission state for package com.android.internal.display.cutout.emulation.corner on user 0
01-02 13:14:49.031 1586 1586 W PackageSettings: Missing permission state for package com.android.internal.display.cutout.emulation.double on user 0
01-02 13:14:49.031 1586 1586 W PackageSettings: Missing permission state for package me.phh.treble.overlay.telephony.lte on user 0
01-02 13:14:49.031 1586 1586 W PackageSettings: Missing permission state for package com.android.internal.systemui.navbar.gestural_wide_back on user 0
01-02 13:14:49.031 1586 1586 W PackageSettings: Missing permission state for package com.android.internal.display.cutout.emulation.noCutoutGSI on user 0
01-02 13:14:49.032 1586 1586 W PackageSettings: Missing permission state for package me.phh.treble.overlay.mtkims_telephony on user 0
01-02 13:14:49.032 1586 1586 W PackageSettings: Missing permission state for package com.android.htmlviewer on user 0
01-02 13:14:49.032 1586 1586 W PackageSettings: Missing permission state for package me.phh.treble.overlay.highpriomisc on user 0
01-02 13:14:49.032 1586 1586 W PackageSettings: Missing permission state for package com.android.systemui.auto_generated_rro_product__ on user 0
01-02 13:14:49.032 1586 1586 W PackageSettings: Missing permission state for package me.phh.treble.overlay.tethering on user 0
01-02 13:14:49.032 1586 1586 W PackageSettings: Missing permission state for package com.dil3mm4.huawei.LLD on user 0
01-02 13:14:49.032 1586 1586 W PackageSettings: Missing permission state for package me.phh.treble.overlay.cafims_telephony on user 0
01-02 13:14:49.032 1586 1586 W PackageSettings: Missing permission state for package me.phh.treble.overlay.slsiims_telephony on user 0
01-02 13:14:49.033 1586 1586 W PackageSettings: Missing permission state for package com.android.connectivity.resources on user 0
01-02 13:14:49.033 1586 1586 W PackageSettings: Missing permission state for package com.android.internal.display.cutout.emulation.hole on user 0
01-02 13:14:49.033 1586 1586 W PackageSettings: Missing permission state for package com.android.internal.display.cutout.emulation.tall on user 0
01-02 13:14:49.033 1586 1586 W PackageSettings: Missing permission state for package com.android.internal.systemui.navbar.threebutton on user 0
01-02 13:14:49.033 1586 1586 W PackageSettings: Missing permission state for package com.android.internal.systemui.navbar.twobutton on user 0
01-02 13:14:49.033 1586 1586 W PackageSettings: Missing permission state for package com.mtg.gmssettingsprovideroverlay on user 0
01-02 13:14:49.033 1586 1586 W PackageSettings: Missing permission state for package com.android.internal.systemui.navbar.gestural_extra_wide_back on user 0
01-02 13:14:49.034 1586 1586 W PackageSettings: Missing permission state for package com.android.dreams.basic on user 0
01-02 13:14:49.034 1586 1586 W PackageSettings: Missing permission state for package me.phh.treble.overlay.systemui.falselocks on user 0
01-02 13:14:49.034 1586 1586 W PackageSettings: Missing permission state for package android.ext.shared on user 0
01-02 13:14:49.034 1586 1586 W PackageSettings: Missing permission state for package me.phh.treble.overlay.hwims_telephony on user 0
01-02 13:14:49.034 1586 1586 W PackageSettings: Missing permission state for package com.android.wifi.resources on user 0
01-02 13:14:49.035 1586 1586 W PackageSettings: Missing permission state for package com.android.cameraextensions on user 0
01-02 13:14:49.035 1586 1586 W PackageSettings: Missing permission state for package com.mtg.gmsoverlay on user 0
01-02 13:14:49.035 1586 1586 W PackageSettings: Missing permission state for package com.android.theme.font.notoserifsource on user 0
01-02 13:14:49.035 1586 1586 W PackageSettings: Missing permission state for package com.android.internal.display.cutout.emulation.waterfall on user 0
01-02 13:14:49.035 1586 1586 W PackageSettings: Missing permission state for package me.phh.treble.overlay.nightmode on user 0
01-02 13:14:49.035 1586 1586 W PackageSettings: Missing permission state for package com.android.providers.partnerbookmarks on user 0
01-02 13:14:49.035 1586 1586 W PackageSettings: Missing permission state for package me.phh.treble.overlay.huawei on user 0
01-02 13:14:49.035 1586 1586 W PackageSettings: Missing permission state for package me.phh.treble.overlay.navbar on user 0
01-02 13:14:49.035 1586 1586 W PackageSettings: Missing permission state for package com.android.bookmarkprovider on user 0
01-02 13:14:49.036 1586 1586 W PackageSettings: Missing permission state for package me.phh.treble.overlay.misc.aod_systemui on user 0
01-02 13:14:49.036 1586 1586 W PackageSettings: Missing permission state for package com.android.internal.systemui.navbar.gestural on user 0
01-02 13:14:49.037 1586 1586 W PackageSettings: Missing permission state for package android.auto_generated_rro_product__ on user 0
01-02 13:14:49.037 1586 1586 W PackageSettings: Missing permission state for package com.android.internal.systemui.navbar.gestural_narrow_back on user 0
01-02 13:14:49.037 1586 1586 W PackageSettings: Missing permission state for package me.phh.treble.overlay.sprdims_telephony on user 0
01-02 13:14:49.038 1586 1586 W PackageSettings: Missing permission state for shared user: android.uid.log
01-02 13:14:49.038 1586 1586 W PackageSettings: Missing permission state for shared user: android.uid.uwb
01-02 13:14:49.065 1175 1621 W adbd : timed out while waiting for FUNCTIONFS_BIND, trying again
01-02 13:14:49.065 1175 1621 I adbd : UsbFfs: connection terminated: monitor thread finished
01-02 13:14:49.065 1175 1175 I adbd : UsbFfs: already offline
01-02 13:14:49.065 1175 1175 I adbd : destroying transport UsbFfs
01-02 13:14:49.065 1175 1175 I adbd : UsbFfsConnection being destroyed
01-02 13:14:49.071 1188 1202 W ServiceManager: Service package_native didn't start. Returning NULL
01-02 13:14:49.071 1188 1202 E ServiceUtilities: getInfo: Cannot find package_native
01-02 13:14:49.079 1383 1408 W ServiceManager: Service media.audio_policy didn't start. Returning NULL
01-02 13:14:49.079 1383 1408 W AudioSystem: AudioPolicyService not published, waiting...
01-02 13:14:49.101 1586 1586 D PackageManager: Directories scanned as system partitions: [/system:0, /vendor:524288, /odm:4194304, /oem:262144, /system/product:1048576, /system/system_ext:2097152, /apex/com.android.wifi:8388608, /apex/com.android.vndk.v28:8388608, /apex/com.android.vndk.v33:8388608, /apex/com.android.uwb:8388608, /apex/com.android.tzdata:8388608, /apex/com.android.tethering:8388608, /apex/com.android.sdkext:8388608, /apex/com.android.scheduling:8388608, /apex/com.android.runtime:8388608, /apex/com.android.resolv:8388608, /apex/com.android.permission:8388608, /apex/com.android.os.statsd:8388608, /apex/com.android.ondevicepersonalization:8388608, /apex/com.android.neuralnetworks:8388608, /apex/com.android.mediaprovider:8388608, /apex/com.android.media.swcodec:8388608, /apex/com.android.media:8388608, /apex/com.android.ipsec:8388608, /apex/com.android.i18n:8388608, /apex/com.android.extservices:8388608, /apex/com.android.conscrypt:8388608, /apex/com.android.cellbroadcast:8388608, /apex/com.android.btservices:8388608, /apex/com.android.art:8388608, /apex/com.android.appsearch:8388608, /apex/com.android.apex.cts.shim:8388608, /apex/com.android.adservices:8388608, /apex/com.android.adbd:8388608]
01-02 13:14:49.103 1586 1586 D PackageManager: Keeping known cache a62cb15ebf98d632d233ff94f88d130a68817b63
01-02 13:14:49.105 1586 1586 D PackageManager: No files in app dir /system/system_ext/overlay
01-02 13:14:49.111 1586 1641 I ApkLiteParseUtils: Skipping target and overlay pair android and /system/product/overlay/treble-overlay-umidigi-A5pro.apk: overlay ignored due to required system property: ro.vendor.build.fingerprint with value: +UMIDIGI/A5_Pro_EEA*
01-02 13:14:49.112 1586 1642 I ApkLiteParseUtils: Skipping target and overlay pair android and /system/product/overlay/treble-overlay-mbi-s10.apk: overlay ignored due to required system property: ro.vendor.build.fingerprint with value: +MBIPhone/S10*
01-02 13:14:49.112 1586 1643 I ApkLiteParseUtils: Skipping target and overlay pair android and /system/product/overlay/treble-overlay-huawei-ATU.apk: overlay ignored due to required system property: ro.hw.oemName with value: +ATU*
01-02 13:14:49.112 1586 1586 W PackageManager: Failed to parse /system/product/overlay/treble-overlay-mbi-s10.apk: Skipping target and overlay pair android and /system/product/overlay/treble-overlay-mbi-s10.apk: overlay ignored due to required system property: ro.vendor.build.fingerprint with value: +MBIPhone/S10*
01-02 13:14:49.112 1586 1586 W PackageManager: Failed to parse /system/product/overlay/treble-overlay-huawei-ATU.apk: Skipping target and overlay pair android and /system/product/overlay/treble-overlay-huawei-ATU.apk: overlay ignored due to required system property: ro.hw.oemName with value: +ATU*
01-02 13:14:49.112 1586 1586 W PackageManager: Failed to parse /system/product/overlay/treble-overlay-umidigi-A5pro.apk: Skipping target and overlay pair android and /system/product/overlay/treble-overlay-umidigi-A5pro.apk: overlay ignored due to required system property: ro.vendor.build.fingerprint with value: +UMIDIGI/A5_Pro_EEA*
01-02 13:14:49.113 1586 1642 I ApkLiteParseUtils: Skipping target and overlay pair android and /system/product/overlay/treble-overlay-huawei-BKL.apk: overlay ignored due to required system property: ro.hw.oemName with value: +BKL*
01-02 13:14:49.115 1586 1586 I PackageBackwardCompatibility: Loaded android.content.pm.AndroidTestBaseUpdater
01-02 13:14:49.116 1586 1642 I ApkLiteParseUtils: Skipping target and overlay pair android and /system/product/overlay/treble-overlay-devinputjack.apk: overlay ignored due to required system property: persist.sys.overlay.devinputjack with value: true
01-02 13:14:49.117 1586 1643 I ApkLiteParseUtils: Skipping target and overlay pair com.android.systemui and /system/product/overlay/treble-overlay-mbi-s10-systemui.apk: overlay ignored due to required system property: ro.vendor.build.fingerprint with value: +MBIPhone/S10*
01-02 13:14:49.117 1586 1642 I ApkLiteParseUtils: Skipping target and overlay pair android and /system/product/overlay/treble-overlay-huawei-VTR.apk: overlay ignored due to required system property: ro.hw.oemName with value: +VTR*
01-02 13:14:49.118 1586 1641 I ApkLiteParseUtils: Skipping target and overlay pair android and /system/product/overlay/treble-overlay-teclast-m30.apk: overlay ignored due to required system property: ro.vendor.build.fingerprint with value: +NODROPOUT/T25*
01-02 13:14:49.119 1586 1643 I ApkLiteParseUtils: Skipping target and overlay pair android and /system/product/overlay/treble-overlay-huawei-SHT.apk: overlay ignored due to required system property: ro.hw.oemName with value: +SHT*
01-02 13:14:49.119 1586 1640 I ApkLiteParseUtils: Skipping target and overlay pair android and /system/product/overlay/treble-overlay-huawei-STF.apk: overlay ignored due to required system property: ro.hw.oemName with value: +STF*
01-02 13:14:49.120 1586 1641 I ApkLiteParseUtils: Skipping target and overlay pair com.android.systemui and /system/product/overlay/treble-overlay-meizu-m2181-systemui.apk: overlay ignored due to required system property: ro.vendor.build.fingerprint with value: +*eizu/meizu_18*
01-02 13:14:49.121 1586 1586 D CompatibilityChangeReporter: Compat change id reported: 143539591; UID -1; state: DISABLED
01-02 13:14:49.121 1586 1643 I ApkLiteParseUtils: Skipping target and overlay pair android and /system/product/overlay/treble-overlay-misc-minimal-brightness.apk: overlay ignored due to required system property: persist.sys.overlay.minimal_brightness with value: true
01-02 13:14:49.121 1586 1640 I ApkLiteParseUtils: Skipping target and overlay pair android and /system/product/overlay/treble-overlay-mtk-ims.apk: overlay ignored due to required system property: persist.sys.phh.ims.mtk with value: true
01-02 13:14:49.121 1586 1586 D CompatibilityChangeReporter: Compat change id reported: 168782947; UID -1; state: ENABLED
01-02 13:14:49.122 1586 1641 I ApkLiteParseUtils: Skipping target and overlay pair android and /system/product/overlay/treble-overlay-bq-jeice.apk: overlay ignored due to required system property: ro.vendor.build.fingerprint with value: +bq/jeice*
01-02 13:14:49.123 1586 1642 I ApkLiteParseUtils: Skipping target and overlay pair android and /system/product/overlay/treble-overlay-meizu-m2181.apk: overlay ignored due to required system property: ro.vendor.build.fingerprint with value: +*eizu/meizu_18*
01-02 13:14:49.124 1586 1641 I ApkLiteParseUtils: Skipping target and overlay pair android and /system/product/overlay/treble-overlay-huawei-EML.apk: overlay ignored due to required system property: ro.hw.oemName with value: +EML*
01-02 13:14:49.125 1586 1642 I ApkLiteParseUtils: Skipping target and overlay pair android and /system/product/overlay/treble-overlay-essential-ph_1.apk: overlay ignored due to required system property: ro.vendor.build.fingerprint with value: +essential/mata/mata*
01-02 13:14:49.127 1586 1640 I ApkLiteParseUtils: Skipping target and overlay pair android and /system/product/overlay/treble-overlay-teclast-t30.apk: overlay ignored due to required system property: ro.vendor.build.fingerprint with value: +alps/full_tb8788p1_64_bsp*
01-02 13:14:49.129 1586 1586 W PackageManager: Failed to parse /system/product/overlay/treble-overlay-huawei-BKL.apk: Skipping target and overlay pair android and /system/product/overlay/treble-overlay-huawei-BKL.apk: overlay ignored due to required system property: ro.hw.oemName with value: +BKL*
01-02 13:14:49.130 1586 1643 I ApkLiteParseUtils: Skipping target and overlay pair android and /system/product/overlay/treble-overlay-unihertz-jelly2.apk: overlay ignored due to required system property: ro.vendor.build.fingerprint with value: +Unihertz/Jelly2*
01-02 13:14:49.130 1586 1641 I ApkLiteParseUtils: Skipping target and overlay pair android and /system/product/overlay/treble-overlay-hw-ims.apk: overlay ignored due to required system property: persist.sys.phh.ims.hw with value: true
01-02 13:14:49.131 1175 1182 I adbd : opening control endpoint /dev/usb-ffs/adb/ep0
01-02 13:14:49.132 1175 1182 I adbd : UsbFfsConnection constructed
01-02 13:14:49.133 1175 1644 I adbd : UsbFfs-monitor thread spawned
01-02 13:14:49.134 1586 1640 I ApkLiteParseUtils: Skipping target and overlay pair android and /system/product/overlay/treble-overlay-sec-ims.apk: overlay ignored due to required system property: persist.sys.phh.ims.sec with value: true
01-02 13:14:49.134 1586 1641 I ApkLiteParseUtils: Skipping target and overlay pair android and /system/product/overlay/treble-overlay-huawei-CLT.apk: overlay ignored due to required system property: ro.hw.oemName with value: +CLT*
01-02 13:14:49.135 1586 1643 I ApkLiteParseUtils: Skipping target and overlay pair android and /system/product/overlay/treble-overlay-huawei-FIG.apk: overlay ignored due to required system property: ro.hw.oemName with value: +FIG*
01-02 13:14:49.135 1586 1642 I ApkLiteParseUtils: Skipping target and overlay pair android and /system/product/overlay/treble-overlay-huawei-COL.apk: overlay ignored due to required system property: ro.hw.oemName with value: +COL*
01-02 13:14:49.138 1586 1586 W PackageManager: Failed to parse /system/product/overlay/treble-overlay-devinputjack.apk: Skipping target and overlay pair android and /system/product/overlay/treble-overlay-devinputjack.apk: overlay ignored due to required system property: persist.sys.overlay.devinputjack with value: true
01-02 13:14:49.140 1586 1641 I ApkLiteParseUtils: Skipping target and overlay pair android and /system/product/overlay/treble-overlay-huawei-RNE.apk: overlay ignored due to required system property: ro.hw.oemName with value: +RNE*
01-02 13:14:49.140 1586 1643 I ApkLiteParseUtils: Skipping target and overlay pair android and /system/product/overlay/treble-overlay-caf-ims.apk: overlay ignored due to required system property: persist.sys.phh.ims.caf with value: true
01-02 13:14:49.140 1586 1586 W PackageManager: Failed to parse /system/product/overlay/treble-overlay-mbi-s10-systemui.apk: Skipping target and overlay pair com.android.systemui and /system/product/overlay/treble-overlay-mbi-s10-systemui.apk: overlay ignored due to required system property: ro.vendor.build.fingerprint with value: +MBIPhone/S10*
01-02 13:14:49.141 1586 1586 W PackageManager: Failed to parse /system/product/overlay/treble-overlay-huawei-VTR.apk: Skipping target and overlay pair android and /system/product/overlay/treble-overlay-huawei-VTR.apk: overlay ignored due to required system property: ro.hw.oemName with value: +VTR*
01-02 13:14:49.141 1586 1586 W PackageManager: Failed to parse /system/product/overlay/treble-overlay-teclast-m30.apk: Skipping target and overlay pair android and /system/product/overlay/treble-overlay-teclast-m30.apk: overlay ignored due to required system property: ro.vendor.build.fingerprint with value: +NODROPOUT/T25*
01-02 13:14:49.141 1586 1586 W PackageManager: Failed to parse /system/product/overlay/treble-overlay-huawei-SHT.apk: Skipping target and overlay pair android and /system/product/overlay/treble-overlay-huawei-SHT.apk: overlay ignored due to required system property: ro.hw.oemName with value: +SHT*
01-02 13:14:49.141 1586 1586 W PackageManager: Failed to parse /system/product/overlay/treble-overlay-huawei-STF.apk: Skipping target and overlay pair android and /system/product/overlay/treble-overlay-huawei-STF.apk: overlay ignored due to required system property: ro.hw.oemName with value: +STF*
01-02 13:14:49.142 1586 1642 I ApkLiteParseUtils: Skipping target and overlay pair android and /system/product/overlay/treble-overlay-umidigi-A3S.apk: overlay ignored due to required system property: ro.vendor.build.fingerprint with value: +UMIDIGI/A3S/A3S*
01-02 13:14:49.143 1586 1586 W PackageManager: Failed to parse /system/product/overlay/treble-overlay-meizu-m2181-systemui.apk: Skipping target and overlay pair com.android.systemui and /system/product/overlay/treble-overlay-meizu-m2181-systemui.apk: overlay ignored due to required system property: ro.vendor.build.fingerprint with value: +*eizu/meizu_18*
