01-02 13:14:44.346 1209 1209 D HwaPPAlgoManager: [8932ef2_64D] getAlgoAllocatorType:0
01-02 13:14:44.346 1209 1209 D MsgProcesser: [8932ef2_64D] MSGPROCESSER_TRACE this=0x7367e554d0, name=PPRender enter MsgProcesser()
01-02 13:14:44.346 1209 1209 D MsgProcesser: [8932ef2_64D] MSGPROCESSER_TRACE this=0x7367e554d0, name=PPRender enter create()
01-02 13:14:44.346 1209 1209 D MsgProcesser: [8932ef2_64D] MSGPROCESSER_TRACE this=0x7367e554d0, name=PPRender exit create()
01-02 13:14:44.346 1209 1209 D MsgProcesser: [8932ef2_64D] MSGPROCESSER_TRACE this=0x7367e521f0, name=Processer enter MsgProcesser()
01-02 13:14:44.346 1209 1209 D MsgProcesser: [8932ef2_64D] MSGPROCESSER_TRACE this=0x7367e521f0, name=Processer enter create()
01-02 13:14:44.346 1209 1209 D MsgProcesser: [8932ef2_64D] MSGPROCESSER_TRACE this=0x7367e521f0, name=Processer exit create()
01-02 13:14:44.346 1209 1209 D HwaPPExecuter: [8932ef2_64D] SNAP ALGO exit create
01-02 13:14:44.347 1209 1209 D AlgoFilterManager: [HWA_CAM3]KEY_CA_CAM3 exit create, mPipeLineId=1, mIsPlugInCreated=1
01-02 13:14:44.347 1209 1209 D AlgoFilterStage: [HWA_CAM3]STAGELIFECTRL exit getAndCreatePluginOrCreateOne(), pipeline id=1, index=1, manger=0x7487e76c50
01-02 13:14:44.347 1209 1209 D AlgoFilterManager: [HWA_CAM3]STAGELIFECTRL enter queryCapability(), mPipeLineId=1
01-02 13:14:44.347 1209 1209 I AlgoFilterManager: queryCapability(581) this is no ANDROID_HW_HDC_ROTATION_FLAG
01-02 13:14:44.347 1209 1209 I AlgoFilterManager: queryCapability(597) this is no availableSuperIsoValue
01-02 13:14:44.347 1209 1209 I HwaUtils: [8932ef2_64I] DMWaterMarkPpAlgo ro.build.hide hide result is , commerical=true
01-02 13:14:44.347 1209 1209 I HwaUtils: [8932ef2_64I] getMarketName: marketing_name=0, propIdx=1, mMarketName=0
01-02 13:14:44.347 1209 1209 D HwaUtils: [8932ef2_64D] DMWaterMarkPpAlgo bcommericalversion=1, filename=/camera/watermark/dm.argb, marketName=0, start=31, step=-1, count=32
01-02 13:14:44.347 1209 1209 E CameraDaemon: open file error
01-02 13:14:44.347 1209 1209 E CameraDaemon: open file error
01-02 13:14:44.347 1209 1209 I CameraDaemon: no cota liveupdate cust policy found
01-02 13:14:44.347 1209 1209 E CameraDaemon: open file error
01-02 13:14:44.347 1209 1209 E CameraDaemon: GetCfgDirRealPolicyValue: cust_policy_dirs:
01-02 13:14:44.347 1209 1209 E CameraDaemon: env CUST_POLICY_DIRS not set, use default: /system/emui:/system/global:/vendor/etc:/odm/etc:/product/etc:/hw_odm:/hw_oem:/data/cust:/cust_spec:/data/cota
01-02 13:14:44.347 1209 1209 I HwaUtils: [8932ef2_64I] DMWaterMarkPpAlgo bcommericalversion=1, filename=/camera/watermark/dm.argb, tstart=9, tcount=23, path=/data/cota/camera/watermark/dm.argb, access=0, ret=-1
01-02 13:14:44.347 1209 1209 I HwaUtils: [8932ef2_64I] DMWaterMarkPpAlgo bcommericalversion=1, filename=/camera/watermark/dm.argb, tstart=8, tcount=24, path=/cust_spec/camera/watermark/dm.argb, access=0, ret=-1
01-02 13:14:44.347 1209 1209 I HwaUtils: [8932ef2_64I] DMWaterMarkPpAlgo bcommericalversion=1, filename=/camera/watermark/dm.argb, tstart=7, tcount=25, path=/data/cust/camera/watermark/dm.argb, access=0, ret=-1
01-02 13:14:44.347 1209 1209 I HwaUtils: [8932ef2_64I] DMWaterMarkPpAlgo bcommericalversion=1, filename=/camera/watermark/dm.argb, tstart=6, tcount=26, path=/hw_oem/camera/watermark/dm.argb, access=0, ret=-1
01-02 13:14:44.347 1209 1209 I HwaUtils: [8932ef2_64I] DMWaterMarkPpAlgo bcommericalversion=1, filename=/camera/watermark/dm.argb, tstart=5, tcount=27, path=/hw_odm/camera/watermark/dm.argb, access=0, ret=-1
01-02 13:14:44.347 1209 1209 I HwaUtils: [8932ef2_64I] DMWaterMarkPpAlgo bcommericalversion=1, filename=/camera/watermark/dm.argb, tstart=4, tcount=28, path=/product/etc/camera/watermark/dm.argb, access=0, ret=-1
01-02 13:14:44.347 1209 1209 D HwaUtils: [8932ef2_64D] DMWaterMarkPpAlgo bcommericalversion=1, filename=/camera/watermark/dm.argb, tstart=3, tcount=29, path=/odm/etc/camera/watermark/dm.argb, access=1
01-02 13:14:44.347 1209 1209 I PPAlgoConfig: [8932ef2_64I] DMWaterMarkPpalgo watermark path is /odm/etc/camera/watermark/dm.argb
01-02 13:14:44.347 1209 1209 E HwaUtils: [8932ef2_64E] FirstLevelXmlParser() LoadFile /odm/etc/camera/misc/FullResolutionSupport.xml Failed
01-02 13:14:44.347 1209 1209 E HwaUtils: [8932ef2_64E] getAttributeValue() mFirstLevelElement Is NULL
01-02 13:14:44.347 1209 1209 I PPAlgoConfig: [8932ef2_64I] loadFullSizeSupportConfig now support fullsize CameraSence = 0
01-02 13:14:44.347 1209 1209 E HwaUtils: [8932ef2_64E] FirstLevelXmlParser() LoadFile /odm/etc/camera/portrait/VideoBokehShape.xml Failed
01-02 13:14:44.347 1209 1209 E HwaUtils: [8932ef2_64E] getAttributeString() mFirstLevelElement Is NULL
01-02 13:14:44.347 1209 1209 I HwaUtils: [8932ef2_64I] DMWaterMarkPpAlgo ro.build.hide hide result is , commerical=true
01-02 13:14:44.347 1209 1209 I HwaUtils: [8932ef2_64I] getMarketName: marketing_name=0, propIdx=1, mMarketName=0
01-02 13:14:44.348 1209 1209 D HwaUtils: [8932ef2_64D] DMWaterMarkPpAlgo bcommericalversion=1, filename=/camera/watermark/dm.argb, marketName=0, start=31, step=-1, count=32
01-02 13:14:44.348 1209 1209 E CameraDaemon: open file error
01-02 13:14:44.348 1209 1209 E CameraDaemon: open file error
01-02 13:14:44.348 1209 1209 I CameraDaemon: no cota liveupdate cust policy found
01-02 13:14:44.348 1209 1209 E CameraDaemon: open file error
01-02 13:14:44.348 1209 1209 E CameraDaemon: GetCfgDirRealPolicyValue: cust_policy_dirs:
01-02 13:14:44.348 1209 1209 E CameraDaemon: env CUST_POLICY_DIRS not set, use default: /system/emui:/system/global:/vendor/etc:/odm/etc:/product/etc:/hw_odm:/hw_oem:/data/cust:/cust_spec:/data/cota
01-02 13:14:44.348 1209 1209 I HwaUtils: [8932ef2_64I] DMWaterMarkPpAlgo bcommericalversion=1, filename=/camera/watermark/dm.argb, tstart=9, tcount=23, path=/data/cota/camera/watermark/dm.argb, access=0, ret=-1
01-02 13:14:44.348 1209 1209 I HwaUtils: [8932ef2_64I] DMWaterMarkPpAlgo bcommericalversion=1, filename=/camera/watermark/dm.argb, tstart=8, tcount=24, path=/cust_spec/camera/watermark/dm.argb, access=0, ret=-1
01-02 13:14:44.348 1209 1209 I HwaUtils: [8932ef2_64I] DMWaterMarkPpAlgo bcommericalversion=1, filename=/camera/watermark/dm.argb, tstart=7, tcount=25, path=/data/cust/camera/watermark/dm.argb, access=0, ret=-1
01-02 13:14:44.348 1209 1209 I HwaUtils: [8932ef2_64I] DMWaterMarkPpAlgo bcommericalversion=1, filename=/camera/watermark/dm.argb, tstart=6, tcount=26, path=/hw_oem/camera/watermark/dm.argb, access=0, ret=-1
01-02 13:14:44.348 1209 1209 I HwaUtils: [8932ef2_64I] DMWaterMarkPpAlgo bcommericalversion=1, filename=/camera/watermark/dm.argb, tstart=5, tcount=27, path=/hw_odm/camera/watermark/dm.argb, access=0, ret=-1
01-02 13:14:44.348 1209 1209 I HwaUtils: [8932ef2_64I] DMWaterMarkPpAlgo bcommericalversion=1, filename=/camera/watermark/dm.argb, tstart=4, tcount=28, path=/product/etc/camera/watermark/dm.argb, access=0, ret=-1
01-02 13:14:44.348 1209 1209 D HwaUtils: [8932ef2_64D] DMWaterMarkPpAlgo bcommericalversion=1, filename=/camera/watermark/dm.argb, tstart=3, tcount=29, path=/odm/etc/camera/watermark/dm.argb, access=1
01-02 13:14:44.348 1209 1209 I PPAlgoConfig: [8932ef2_64I] DMWaterMarkPpalgo watermark path is /odm/etc/camera/watermark/dm.argb
01-02 13:14:44.348 1209 1209 E HwaUtils: [8932ef2_64E] FirstLevelXmlParser() LoadFile /odm/etc/camera/misc/FullResolutionSupport.xml Failed
01-02 13:14:44.348 1209 1209 E HwaUtils: [8932ef2_64E] getAttributeValue() mFirstLevelElement Is NULL
01-02 13:14:44.348 1209 1209 I PPAlgoConfig: [8932ef2_64I] loadFullSizeSupportConfig now support fullsize CameraSence = 0
01-02 13:14:44.348 1209 1209 E HwaUtils: [8932ef2_64E] FirstLevelXmlParser() LoadFile /odm/etc/camera/portrait/VideoBokehShape.xml Failed
01-02 13:14:44.348 1209 1209 E HwaUtils: [8932ef2_64E] getAttributeString() mFirstLevelElement Is NULL
01-02 13:14:44.348 1209 1209 D IppAlgo : [HWA_CAM3]enter queryCap()
01-02 13:14:44.348 1209 1209 D AssistAF: [8932ef2_64D] enter onQueryCap()
01-02 13:14:44.348 1209 1209 I HwaUtils: [8932ef2_64I] getOneCfgFile() path=/odm/etc/camera/mmi//config.xml
01-02 13:14:44.348 1209 1209 I AssistAF: [8932ef2_64I] queryMMICapability() testList=DEPTH, cameraId is 1
01-02 13:14:44.348 1209 1209 E AssistAF: [8932ef2_64E] queryMMICapability() get cameraId fail
01-02 13:14:44.348 1209 1209 I AssistAF: [8932ef2_64I] loadHdcExConfig , multiCameraMode = 0
01-02 13:14:44.348 1209 1209 I HwaUtils: [8932ef2_64I] getOneCfgFile() path=/odm/etc/camera/hdccalib//
01-02 13:14:44.348 1209 1209 I HwaUtils: [8932ef2_64I] getOneCfgFile() path=/odm/etc/camera/hdccalib//hw_calib_setting.xml
01-02 13:14:44.348 1209 1209 D AssistAF: [8932ef2_64D] loadExHdcConfigPath(),failed to get hdc ConfigPath, use default path : /odm/etc/camera/hdccalib//hw_calib_setting.xml
01-02 13:14:44.349 1209 1209 I AssistAF: [8932ef2_64I] loadHdcExConfig() Hdc capture delay value=0, af mode =0
01-02 13:14:44.349 1209 1209 E HwaUtils: [8932ef2_64E] getConfigPath Can't Open config pathResult file!use default pathResult: /odm/etc/camera/ircamera/device.config
01-02 13:14:44.349 1209 1209 W AssistAF: [8932ef2_64W] loadIrcCaptureDelayConfig(), failed to get irc ConfigPath, use default path : /odm/etc/camera/ircamera/hw_ircamera_setting.xml
01-02 13:14:44.349 1209 1209 D ContrastCalculate: [8932ef2_64D] enter onQueryCap()
01-02 13:14:44.349 1209 1209 D AgeGender: [8932ef2_64D] enter onQueryCap()
01-02 13:14:44.349 1209 1209 D IppAlgo : [HWA_CAM3]enter queryCap()
01-02 13:14:44.349 1209 1209 D NiceFoodIppAlgo: [8932ef2_64D] enter onQueryCap()
01-02 13:14:44.349 1209 1209 I HwaUtils: [8932ef2_64I] getOneCfgFile() path=/odm/etc/camera/portrait/portraitModeConfig.xml
01-02 13:14:44.349 1209 1209 I HwaUtils: [8932ef2_64I] isPortaitSupported() mPortraitModeEnalbe =1
01-02 13:14:44.349 1209 1209 I HwBeautyIpp: [8932ef2_64I] onQueryCap: get aishaping support=0
01-02 13:14:44.349 1209 1209 D IppAlgo : [HWA_CAM3]enter queryCap()
01-02 13:14:44.349 1209 1209 D IppAlgo : [HWA_CAM3]enter queryCap()
01-02 13:14:44.349 1209 1209 D IppAlgo : [HWA_CAM3]enter queryCap()
01-02 13:14:44.349 1209 1209 D IppAlgo : [HWA_CAM3]enter queryCap()
01-02 13:14:44.349 1209 1209 D IppAlgo : [HWA_CAM3]enter queryCap()
01-02 13:14:44.349 1209 1209 D IppAlgo : [HWA_CAM3]enter queryCap()
01-02 13:14:44.349 1209 1209 D IppAlgo : [HWA_CAM3]enter queryCap()
01-02 13:14:44.349 1209 1209 I AlgoFilterManager: [HWA_CAM3]enter queryCapability()digitalzoom supported
01-02 13:14:44.349 1209 1209 D AlgoFilterManager: [HWA_CAM3]enter queryCapability() facing 0, mPipeLineId=1
01-02 13:14:44.349 1209 1209 E AlgoFilterManager: [HWA_CAM3]queryCapability(672) availableJpegQuadSizes is NULL, or is not support soft remosaic[0] and offlineremosaicSupported[0]!
01-02 13:14:44.349 1209 1209 I AlgoFilterManager: [HWA_CAM3]enter queryCapability() pre shutter supported
01-02 13:14:44.349 1209 1209 I AlgoFilterManager: [HWA_CAM3]enter queryCapability() DM watermark supported
01-02 13:14:44.349 1209 1209 I AlgoFilterManager: [HWA_CAM3]enter queryCapability() Jpghdr supported = 1
01-02 13:14:44.349 1209 1209 I AlgoFilterManager: [HWA_CAM3]enter queryCapability()digitalzoom supported
01-02 13:14:44.349 1209 1209 D AlgoFilterManager: [HWA_CAM3]enter queryCapability() facing 0, mPipeLineId=1
01-02 13:14:44.349 1209 1209 E AlgoFilterManager: [HWA_CAM3]queryCapability(672) availableJpegQuadSizes is NULL, or is not support soft remosaic[0] and offlineremosaicSupported[0]!
01-02 13:14:44.349 1209 1209 I AlgoFilterManager: [HWA_CAM3]enter queryCapability() pre shutter supported
01-02 13:14:44.349 1209 1209 I AlgoFilterManager: [HWA_CAM3]enter queryCapability() DM watermark supported
01-02 13:14:44.349 1209 1209 I AlgoFilterManager: [HWA_CAM3]enter queryCapability() Jpghdr supported = 1
01-02 13:14:44.349 1209 1209 I AlgoFilterManager: [HWA_CAM3]enter queryCapability() LCD Flash Status supported
01-02 13:14:44.349 1209 1209 I AlgoFilterManager: [HWA_CAM3]enter queryCapability() bshutter and manual AE supported
01-02 13:14:44.349 1209 1209 I AlgoFilterManager: [HWA_CAM3]enter queryCapability() feature=DEPTH
01-02 13:14:44.349 1209 1209 I AlgoFilterManager: [HWA_CAM3] queryCapability() Frontgesture supported, value=1, cap.value=1
01-02 13:14:44.349 1209 1209 I AlgoFilterManager: [HWA_CAM3]enter queryCapability() portrait mode supported
01-02 13:14:44.350 1209 1209 I ImagingSystem: getFilterManager enter
01-02 13:14:44.350 1209 1209 I ImagingSystem: createPipeline(48).
01-02 13:14:44.351 1209 1209 I ImagingSystem: queryCapability apiVersion = 770
01-02 13:14:44.352 1209 1209 D ImagingSystem: [huawei_memory]queryCapability(789). nMaxUsableRAM(1363148)
01-02 13:14:44.352 1209 1209 I ImagingSystem: queryCapability mapBufferVendorCapExt = 0x3, mapBufferCutSize=0x6600000
01-02 13:14:44.352 1209 1209 I CfgServer: create pipeline ok(/dev/video8).
01-02 13:14:44.352 1209 1209 W SensorStage: getDeviceFilterManager: failed to find sensor device node(10).
01-02 13:14:44.352 1209 1209 I CfgServer: createCameraPipeline: no pipeline 10
01-02 13:14:44.352 1209 1209 D CfgServer: CCfgServer: instance[0x7397e5cf50].
01-02 13:14:44.352 1209 1209 I CfgServer: setCallback: enter.
01-02 13:14:44.352 1209 1209 I ConfigService: CHwCamCfgSvr: instance[0x7317e60df0] ctor
01-02 13:14:44.354 373 373 E hw-IPCThreadState: Process making non-oneway call (code: 256067662) but is restricted.
01-02 13:14:44.354 373 373 W hw-IPCThreadState: CallStack::getCurrentInternal not linked, returning null
01-02 13:14:44.354 373 373 W non-oneway call: CallStack::logStackInternal not linked
01-02 13:14:44.339 1498 1498 W chown : type=1400 audit(0.0:199): avc: denied { sys_admin } for capability=21 scontext=u:r:hi110x_daemon:s0 tcontext=u:r:hi110x_daemon:s0 tclass=capability permissive=0
01-02 13:14:44.355 1209 1209 I ConfigService: initConfigService: register camera cfgsvr success
01-02 13:14:44.365 1005 1005 I GRALLOC : getCallingPid=1386, shrFd=10,fmt=0x1,intFmt=0x1,btStrd=512,size=65536,pid=1005
01-02 13:14:44.365 1005 1005 I GRALLOC : yuv=2,w=128,h=128,Stride u=0 v=0,offset u=0 v=0
01-02 13:14:44.365 1005 1005 I GRALLOC : iova_size=65536,conUsg=0x100,proUsg=0x100, strd=128,[afbc]HdrStrd=0 PyldStrd=0 Scrmbl=0,ionhnd = 1
01-02 13:14:44.367 1005 1108 I GRALLOC : getCallingPid=1386, shrFd=17,fmt=0x16,intFmt=0x16,btStrd=1024,size=131072,pid=1005
01-02 13:14:44.367 1005 1108 I GRALLOC : yuv=2,w=128,h=128,Stride u=0 v=0,offset u=0 v=0
01-02 13:14:44.367 1005 1108 I GRALLOC : iova_size=131072,conUsg=0x100,proUsg=0x100, strd=128,[afbc]HdrStrd=0 PyldStrd=0 Scrmbl=0,ionhnd = 2
01-02 13:14:44.370 1209 1209 I ServerTranslator: CServerTranslator: ctor instance[0x7317e63dc0].
01-02 13:14:44.359 1499 1499 W chown : type=1400 audit(0.0:200): avc: denied { sys_admin } for capability=21 scontext=u:r:hi110x_daemon:s0 tcontext=u:r:hi110x_daemon:s0 tclass=capability permissive=0
01-02 13:14:44.380 1368 1400 I audio_config: get_ce_normal_para: ce_normal_para = normal
01-02 13:14:44.380 1368 1400 I dsp_soc_para_ctl: get_algo_param_name: filename is /odm/etc/audio/sws/sws_LELAND_normal.xml
01-02 13:14:44.385 1368 1400 I audio_config: get_ce_normal_para: ce_normal_para = normal
01-02 13:14:44.385 1368 1400 I dsp_soc_para_ctl: get_algo_param_name: filename is
01-02 13:14:44.386 1368 1400 I dsp_soc_para_ctl: file is not existed
01-02 13:14:44.386 1368 1400 I dsp_soc_para_ctl: ap_param_init: could not parse file , begin to parse default file
01-02 13:14:44.386 1368 1400 I dsp_soc_para_ctl: file /etc/audio/dolby/dolby_default.xml is not existed
01-02 13:14:44.386 1368 1400 I dsp_soc_para_ctl: algo_specified_in_dtsi: specified playback effect in dtsi is unsupported
01-02 13:14:44.386 1368 1400 I dsp_soc_para_ctl: dolby config file not exist, skip!
01-02 13:14:44.386 1368 1400 I dsp_soc_para_ctl: get_sws3_tws_param_name: file audio/sws/sws_tws_LELAND_normal.cfg is not existed
01-02 13:14:44.386 1368 1400 I dsp_soc_para_ctl: get_sws3_tws_param_name: filename is
01-02 13:14:44.386 1368 1400 I dsp_soc_para_ctl: get_sws_tws_param_name: file audio/sws/sws_tws_LELAND_config.bin is not existed
01-02 13:14:44.386 1368 1400 I dsp_soc_para_ctl: get_sws_tws_param_name: filename is
01-02 13:14:44.386 1368 1400 I dsp_soc_para_ctl: read_sws_tws_param: file is not existed
01-02 13:14:44.386 1368 1400 D dsp_soc_ctl: copy_algo_param_to_hifi,param addr=0x2719690(low) 0x74(high),result=0
01-02 13:14:44.386 1368 1400 I dsp_soc_para_ctl: copy_nv_to_hifi:copy2dspDDR except flag, nvSize: 309608, nvParam: 0x0x7402719690, result:0
01-02 13:14:44.387 1368 1400 D dsp_soc_ctl: copy_algo_param_to_hifi,param addr=0x2719690(low) 0x74(high),result=0
01-02 13:14:44.387 1368 1400 I dsp_soc_para_ctl: copy_nv_to_hifi:copy2dspDDR, nvSize: 309608, nvParam: 0x0x7402719690, result:0
01-02 13:14:44.387 1368 1400 I dsp_soc_para_ctl: copy_nv_to_hifi:end
01-02 13:14:44.387 1368 1400 I dsp_soc_para_ctl: dsp_nv_init:end
01-02 13:14:44.387 1368 1400 I dsp_common: dsp_common_init: initialize dsp module
01-02 13:14:44.387 1209 1209 I Provider2_4: CameraProvider: ctor instance[0x7337e609d0].
01-02 13:14:44.388 1368 1400 I spk_dev_interface: spk_set_calibration_value: set calibration value rdc_l: 0.000000
01-02 13:14:44.388 1368 1400 E spk_dev_interface: spk_set_calibration_value: smartpa rdc_spk calibration value 0.000000 is out of range, use default!
01-02 13:14:44.388 1368 1400 E dsp_interface: dsp_smartpa_coef_init: pass smartPA calibration value failed
01-02 13:14:44.388 1368 1400 I dsp_interface: dsp_open: exit
01-02 13:14:44.388 1368 1400 I audio_maintain_tools: maintain_utils_open: enter
01-02 13:14:44.393 1368 1400 W linker : Warning: "/vendor/lib64/libaudiodump.so" unused DT entry: DT_RPATH (type 0xf arg 0x472) (ignoring)
01-02 13:14:44.393 1368 1400 I audio_maintain_tools: maintain_utils_open:open libasd.so success
01-02 13:14:44.393 1368 1400 I audio_maintain_tools: maintain_utils_open:open libaudiodump.so success
01-02 13:14:44.394 1368 1400 I asd : [asd_dev_open] enter
01-02 13:14:44.394 1368 1400 I asd_primary_out: [primary_out_audio_stream_detect_init] set log_freq_level = 5, the maxim level = 1.
01-02 13:14:44.394 1368 1400 I asd_primary_out: [primary_out_audio_stream_detect_init] set asd box_amplitude_switch = 0
01-02 13:14:44.394 1368 1400 I asd_primary_out: [primary_out_audio_stream_detect_init] set asd g_print_switch = 3
01-02 13:14:44.394 1368 1400 I asd_primary_out: [primary_out_audio_stream_detect_init] init succ.
01-02 13:14:44.394 1368 1400 I asd_primary_out: [primary_out_ringtone_detect_init] init succ.
01-02 13:14:44.394 1368 1400 D asd_primary_out: [primary_out_audio_pop_detect_init] enter
01-02 13:14:44.394 1368 1400 E asd_primary_out: open dts file failed! May not need in this case
01-02 13:14:44.394 1368 1400 E asd_primary_out: open dts file failed! May not need in this case
01-02 13:14:44.394 1368 1400 I asd_primary_out: primary_out_audio_pop_detect_init: use default max_filter=500.000000
01-02 13:14:44.394 1368 1400 E asd_primary_out: open dts file failed! May not need in this case
01-02 13:14:44.394 1368 1400 I asd_primary_out: primary_out_audio_pop_detect_init: use default threshold=0.450000
01-02 13:14:44.394 1368 1400 I asd_primary_out: primary_out_audio_pop_detect_init: is open pop_test :1
01-02 13:14:44.394 1368 1400 I asd_primary_in: [primary_in_audio_stream_detect_init] set log_freq_level = 5, the maxim level = 1.
01-02 13:14:44.394 1368 1400 I asd_primary_in: [primary_in_audio_stream_detect_init] init succ.
01-02 13:14:44.394 1368 1400 I asd_usbaudio_out: [usbaudio_out_audio_stream_detect_init] set log_freq_level = 5, the maxim level = 1.
01-02 13:14:44.394 1368 1400 I asd_usbaudio_out: [usbaudio_out_audio_stream_detect_init] init succ.
01-02 13:14:44.394 1368 1400 I asd_usbaudio_out: [usbaudio_out_ringtone_detect_init] init succ.
01-02 13:14:44.394 1368 1400 D asd_usbaudio_out: [usbaudio_out_audio_pop_detect_init] enter
01-02 13:14:44.394 1368 1400 E asd_usbaudio_out: open dts file failed! May not need in this case
01-02 13:14:44.394 1368 1400 E asd_usbaudio_out: open dts file failed! May not need in this case
01-02 13:14:44.394 1368 1400 I asd_usbaudio_out: usbaudio_out_audio_pop_detect_init: use default max_filter=500.000000
01-02 13:14:44.394 1368 1400 E asd_usbaudio_out: open dts file failed! May not need in this case
01-02 13:14:44.394 1368 1400 I asd_usbaudio_out: usbaudio_out_audio_pop_detect_init: use default threshold=0.450000
01-02 13:14:44.394 1368 1400 I asd_usbaudio_out: usbaudio_out_audio_pop_detect_init: is open pop_test :1
01-02 13:14:44.394 1368 1400 I asd : [asd_dev_open] exit
01-02 13:14:44.394 1368 1500 D asd : asd_primary_out_loop start.....
01-02 13:14:44.394 1368 1400 I audio_maintain_tools: maintain_utils_open: exit
01-02 13:14:44.394 1368 1400 I audio_hw_primary: create_direct_standby_thread
01-02 13:14:44.395 1368 1501 D asd : asd_primary_in_loop start.....
01-02 13:14:44.395 1368 1502 D asd : asd_usbaudio_out_loop start.....
01-02 13:14:44.395 1368 1503 I audio_hw_primary: direct_standby_loop: standby loop start...
01-02 13:14:44.395 1368 1400 E audio_hw_primary: soundtrigger_dev_open can't open sound_trigger.primary.default.so
01-02 13:14:44.395 1368 1400 I audio_hw_primary: not support multi mic
01-02 13:14:44.395 1368 1400 I dsp_interface: dsp_set_cvaa_mono_channel: val = 0
01-02 13:14:44.395 1368 1400 I dsp_soc : soc_dsp_set_cvaa_mono_channel succ (msg_id 0xdd9c, value 0)
01-02 13:14:44.395 1368 1400 I audio_hw_primary: adev_open: exit
01-02 13:14:44.397 1368 1400 W DeviceHAL: Error from HAL Device in function get_master_volume: Function not implemented
01-02 13:14:44.397 1368 1400 W DeviceHAL: Error from HAL Device in function get_master_mute: Function not implemented
01-02 13:14:44.389 1506 1506 W chown : type=1400 audit(0.0:201): avc: denied { sys_admin } for capability=21 scontext=u:r:hi110x_daemon:s0 tcontext=u:r:hi110x_daemon:s0 tclass=capability permissive=0
01-02 13:14:44.403 1368 1400 W DeviceHAL: Error from HAL Device in function set_master_volume: Function not implemented
01-02 13:14:44.403 1368 1400 W DeviceHAL: Error from HAL Device in function set_master_mute: Function not implemented
01-02 13:14:44.403 1209 1209 I CameraDevice: CameraDeviceImpl: ctor instance[0x7377e584f0] id(0).
01-02 13:14:44.404 1368 1400 I audio_hw_primary: set mode from 0 to 0
01-02 13:14:44.404 1209 1209 I CameraDevice: CameraDeviceImpl: ctor instance[0x7377e59670] id(1).
01-02 13:14:44.406 1383 1383 I AudioFlinger: loadHwModule() Loaded primary audio interface, handle 10
01-02 13:14:44.407 373 373 E hw-IPCThreadState: Process making non-oneway call (code: 256067662) but is restricted.
01-02 13:14:44.407 373 373 W hw-IPCThreadState: CallStack::getCurrentInternal not linked, returning null
01-02 13:14:44.407 373 373 W non-oneway call: CallStack::logStackInternal not linked
01-02 13:14:44.409 1209 1209 I HalService: Use binderized hal.
01-02 13:14:44.409 1383 1383 I AudioFlinger: openOutput() this 0x7c90b17960, module 10 Device AUDIO_DEVICE_OUT_SPEAKER, @:, SamplingRate 48000, Format 0x000001, Channels 0x3, flags 0x2
01-02 13:14:44.410 1368 1400 D audio_hw_primary: open output stream dev:0x2 ch:0x3 fmt:1 rate:48000 flg:0x2
01-02 13:14:44.412 1167 1173 I cameraserver: Connecting to new camera provider: legacy/0, isRemote? 1
01-02 13:14:44.415 1383 1383 I AudioFlinger: HAL output buffer size 960 frames, normal sink buffer size 960 frames
01-02 13:14:44.416 373 373 I hwservicemanager: getTransport: Cannot find entry android.hardware.audio.effect@7.1::IEffectsFactory/default in either framework or device VINTF manifest.
01-02 13:14:44.418 373 373 I hwservicemanager: getTransport: Cannot find entry android.hardware.audio.effect@7.0::IEffectsFactory/default in either framework or device VINTF manifest.
01-02 13:14:44.419 373 373 I hwservicemanager: getTransport: Cannot find entry android.hardware.audio.effect@6.0::IEffectsFactory/default in either framework or device VINTF manifest.
01-02 13:14:44.420 373 373 I hwservicemanager: getTransport: Cannot find entry android.hardware.audio.effect@5.0::IEffectsFactory/default in either framework or device VINTF manifest.
01-02 13:14:44.409 1508 1508 W chown : type=1400 audit(0.0:202): avc: denied { sys_admin } for capability=21 scontext=u:r:hi110x_daemon:s0 tcontext=u:r:hi110x_daemon:s0 tclass=capability permissive=0
01-02 13:14:44.422 373 373 I hwservicemanager: getTransport: Cannot find entry android.hardware.audio@7.1::IDevicesFactory/default in either framework or device VINTF manifest.
01-02 13:14:44.424 373 373 I hwservicemanager: getTransport: Cannot find entry android.hardware.audio@7.0::IDevicesFactory/default in either framework or device VINTF manifest.
01-02 13:14:44.425 373 373 I hwservicemanager: getTransport: Cannot find entry android.hardware.audio@6.0::IDevicesFactory/default in either framework or device VINTF manifest.
01-02 13:14:44.426 373 373 I hwservicemanager: getTransport: Cannot find entry android.hardware.audio@5.0::IDevicesFactory/default in either framework or device VINTF manifest.
01-02 13:14:44.436 1167 1173 E cameraserver: Listing camera ID device@3.4/legacy/0
01-02 13:14:44.436 1167 1173 E cameraserver: Listing camera ID device@3.4/legacy/1
01-02 13:14:44.438 373 373 E hw-IPCThreadState: Process making non-oneway call (code: 256067662) but is restricted.
01-02 13:14:44.438 373 373 W hw-IPCThreadState: CallStack::getCurrentInternal not linked, returning null
01-02 13:14:44.438 373 373 W non-oneway call: CallStack::logStackInternal not linked
01-02 13:14:44.439 1209 1209 I CameraFactoryService: register hidl service: vendor.huawei.hardware.camera.factory@1.0::ICameraFactory
01-02 13:14:44.440 1209 1209 I ImagingSystem: getFilterManager enter
01-02 13:14:44.442 373 373 E hw-IPCThreadState: Process making non-oneway call (code: 256067662) but is restricted.
01-02 13:14:44.442 373 373 W hw-IPCThreadState: CallStack::getCurrentInternal not linked, returning null
01-02 13:14:44.442 373 373 W non-oneway call: CallStack::logStackInternal not linked
01-02 13:14:44.429 1509 1509 W mkdir : type=1400 audit(0.0:203): avc: denied { sys_admin } for capability=21 scontext=u:r:hi110x_daemon:s0 tcontext=u:r:hi110x_daemon:s0 tclass=capability permissive=0
01-02 13:14:44.443 1209 1209 I CameraResource: initCameraResourceService: register camera resource success
01-02 13:14:44.443 1167 1173 I CameraProviderManager: Enumerating new camera device: device@3.4/legacy/0
01-02 13:14:44.446 1167 1173 E cameraserver: HidlDeviceInfo3: Converted ICameraDevice instance to nullptr
01-02 13:14:44.447 1167 1173 I CameraProviderManager: Enumerating new camera device: device@3.4/legacy/1
01-02 13:14:44.448 1167 1173 E cameraserver: HidlDeviceInfo3: Converted ICameraDevice instance to nullptr
01-02 13:14:44.448 1167 1173 I CameraProviderManager: Camera provider legacy/0 ready with 2 camera devices
01-02 13:14:44.449 1167 1173 I CameraService: onDeviceStatusChanged: Status changed for cameraId=1, newStatus=1
01-02 13:14:44.449 1167 1173 I CameraService: onDeviceStatusChanged: Unknown camera ID 1, a new camera is added
01-02 13:14:44.450 1167 1173 I CameraService: onDeviceStatusChanged: Status changed for cameraId=0, newStatus=1
01-02 13:14:44.450 1167 1173 I CameraService: onDeviceStatusChanged: Unknown camera ID 0, a new camera is added
01-02 13:14:44.459 1383 1383 I BufferProvider: found effect "Multichannel Downmix To Stereo" from The Android Open Source Project
01-02 13:14:44.461 1383 1383 D AudioFlinger: Failed to add event callback
01-02 13:14:44.462 1383 1513 I AudioFlinger: AudioFlinger's thread 0x7e110209a0 tid=1513 ready to run
01-02 13:14:44.449 1512 1512 W mkdir : type=1400 audit(0.0:204): avc: denied { sys_admin } for capability=21 scontext=u:r:hi110x_daemon:s0 tcontext=u:r:hi110x_daemon:s0 tclass=capability permissive=0
01-02 13:14:44.464 1383 1513 W AudioFlinger: no wake lock to update, system not ready yet
01-02 13:14:44.465 1383 1513 D AudioFlinger: ro.audio.silent is ignored since no output device is set
01-02 13:14:44.466 1368 1368 I audio_hw_primary: do_out_standby standby:1,stream_type:0,out_dev:0
01-02 13:14:44.466 1368 1368 I vendor.huawei.hardware.audio@4.0-service: deinit_fade_pcm_buffer succ!
01-02 13:14:44.467 1383 1383 E APM_AudioPolicyManager: invalid volume index range
01-02 13:14:44.467 1383 1383 E APM_AudioPolicyManager: invalid volume index range
01-02 13:14:44.467 1383 1383 V APM_AudioPolicyManager: checkAndSetVolume cannot set volume group 3 volume when is not requested for comm
01-02 13:14:44.467 1383 1383 E APM_AudioPolicyManager: invalid volume index range
01-02 13:14:44.467 1383 1383 E APM_AudioPolicyManager: invalid volume index range
01-02 13:14:44.467 1383 1383 E APM_AudioPolicyManager: invalid volume index range
01-02 13:14:44.467 1383 1383 E APM_AudioPolicyManager: invalid volume index range
01-02 13:14:44.470 1383 1513 W AudioFlinger: no wake lock to update, system not ready yet
01-02 13:14:44.470 1383 1513 D AudioFlinger: ro.audio.silent is ignored since no output device is set
01-02 13:14:44.471 1383 1383 E APM_AudioPolicyManager: invalid volume index range
01-02 13:14:44.471 1383 1383 E APM_AudioPolicyManager: invalid volume index range
01-02 13:14:44.471 1383 1383 E APM_AudioPolicyManager: invalid volume index range
01-02 13:14:44.471 1383 1383 E APM_AudioPolicyManager: invalid volume index range
01-02 13:14:44.471 1383 1383 E APM_AudioPolicyManager: invalid volume index range
01-02 13:14:44.473 1383 1383 W AudioFlinger: moveEffects() bad srcOutput 0
01-02 13:14:44.473 1383 1383 V APM_AudioPolicyManager: selectOutputForMusicEffects selected output 13
01-02 13:14:44.473 1383 1383 V APM_AudioPolicyManager: setOutputDevices device {AUDIO_DEVICE_OUT_SPEAKER, @:} delayMs 0
01-02 13:14:44.473 1383 1383 V APM_AudioPolicyManager: setOutputDevices() prevDevice {AUDIO_DEVICE_OUT_SPEAKER, @:}
01-02 13:14:44.474 1383 1383 V APM_AudioPolicyManager: setOutputDevices changing device to {AUDIO_DEVICE_OUT_SPEAKER, @:}
01-02 13:14:44.469 1518 1518 W chown : type=1400 audit(0.0:205): avc: denied { sys_admin } for capability=21 scontext=u:r:hi110x_daemon:s0 tcontext=u:r:hi110x_daemon:s0 tclass=capability permissive=0
01-02 13:14:44.496 1368 1368 D audio_hw_primary: adev_create_audio_patch start
01-02 13:14:44.496 1368 1368 D audio_hw_primary: adev_create_audio_patch() mix to device
01-02 13:14:44.496 1368 1368 I audio_hw_primary: out_set_parameters_no_lock device:0x2, out type:0
01-02 13:14:44.496 1368 1368 I dsp_interface: dsp_set_device:call_m0_standby=1,dev=0x2,dev_mask=0x00000000
01-02 13:14:44.496 1368 1368 I dsp_soc : set device [2] [0] [succ]
01-02 13:14:44.496 1368 1368 I audio_hw_primary: call_get_sample_rate: sample_rate = 16000, tty_status = 0
01-02 13:14:44.496 1368 1368 I audio_hw_primary: select_devices++ mode[0]
01-02 13:14:44.496 1368 1368 I audio_hw_primary: soundtrigger_standing wakeup path no need to open, standby = 1, mode = 0
01-02 13:14:44.496 1368 1368 I audio_hw_primary: select_devices--
01-02 13:14:44.496 1368 1368 D audio_hw_primary: adev_create_audio_patch end, handle:1
01-02 13:14:44.498 1383 1383 V APM_AudioPolicyManager: setOutputDevices() AF::createAudioPatch returned 0 patchHandle 12 num_sources 1 num_sinks 1
01-02 13:14:44.499 1383 1383 E APM_AudioPolicyManager: invalid volume index range
01-02 13:14:44.499 1383 1383 E APM_AudioPolicyManager: invalid volume index range
01-02 13:14:44.499 1383 1383 V APM_AudioPolicyManager: checkAndSetVolume cannot set volume group 3 volume when is not requested for comm
01-02 13:14:44.499 1383 1383 E APM_AudioPolicyManager: invalid volume index range
01-02 13:14:44.499 1383 1383 E APM_AudioPolicyManager: invalid volume index range
01-02 13:14:44.499 1383 1383 E APM_AudioPolicyManager: invalid volume index range
01-02 13:14:44.500 1383 1383 E APM_AudioPolicyManager: invalid volume index range
01-02 13:14:44.500 1383 1383 E APM_AudioPolicyManager: invalid volume index range
01-02 13:14:44.500 1383 1383 E APM_AudioPolicyManager: invalid volume index range
01-02 13:14:44.500 1383 1383 E APM_AudioPolicyManager: invalid volume index range
01-02 13:14:44.500 1383 1383 E APM_AudioPolicyManager: invalid volume index range
01-02 13:14:44.500 1383 1383 E APM_AudioPolicyManager: invalid volume index range
01-02 13:14:44.500 1383 1383 I AudioFlinger: openOutput() this 0x7c90b17960, module 10 Device AUDIO_DEVICE_OUT_SPEAKER, @:, SamplingRate 8000, Format 0x1000000, Channels 0x3, flags 0x31
01-02 13:14:44.501 1368 1368 D audio_hw_primary: open output stream dev:0x2 ch:0x3 fmt:16777216 rate:8000 flg:0x31
01-02 13:14:44.501 1368 1368 E audio_hw_primary: adev_open_output_stream: open offload stream NOT in offload mode!
01-02 13:14:44.501 1368 1368 W DeviceHAL: Error from HAL Device in function open_output_stream: Invalid argument
01-02 13:14:44.501 1383 1383 I AudioHwDevice: openOutputStream(), HAL returned sampleRate 8000, Format 0x1000000, channelMask 0x3, status -22
01-02 13:14:44.502 1383 1383 W APM_AudioPolicyManager: Cannot open output stream for devices AUDIO_DEVICE_OUT_SPEAKER, @: on hw module primary
01-02 13:14:44.502 1368 1368 I audio_hw_primary: adev_open_input_stream++ d:0x80000004 ch:0xc fmt:1 rate:48000 flg:0x0 s:1
01-02 13:14:44.502 1368 1368 I audio_hw_primary: update config period size 960, channels 2
01-02 13:14:44.502 1368 1368 I audio_hw_primary: adev_open_input_stream ---
01-02 13:14:44.489 1519 1519 W chmod : type=1400 audit(0.0:206): avc: denied { sys_admin } for capability=21 scontext=u:r:hi110x_daemon:s0 tcontext=u:r:hi110x_daemon:s0 tclass=capability permissive=0
01-02 13:14:44.504 1383 1383 I ashmem : memfd: device VNDK version (28) is < Q so using ashmem.
01-02 13:14:44.508 1383 1520 I AudioFlinger: AudioFlinger's thread 0x7e10e02bb0 tid=1520 ready to run
01-02 13:14:44.509 1368 1368 I audio_hw_primary: do_in_standby standby:1,in_dev:0,in->dev:4,pcm_dev:0,flg:0
01-02 13:14:44.509 1231 1231 E mac_addr: mac proc file not exist, wait a moment
01-02 13:14:44.510 1383 1520 W AudioFlinger: no wake lock to update, system not ready yet
01-02 13:14:44.510 1368 1515 I audio_hw_primary: do_in_standby standby:1,in_dev:0,in->dev:4,pcm_dev:0,flg:0
01-02 13:14:44.511 1383 1520 W AudioFlinger: no wake lock to update, system not ready yet
01-02 13:14:44.512 1368 1515 I audio_hw_primary: adev_close_input_stream +++ flags:0x0 source: 0
01-02 13:14:44.513 1368 1515 I audio_hw_primary: do_in_standby standby:1,in_dev:0,in->dev:4,pcm_dev:0,flg:0
01-02 13:14:44.513 1368 1515 I dsp_interface: dsp_set_source:source = 0
01-02 13:14:44.513 1368 1515 I dsp_soc : set source 0 succ
01-02 13:14:44.513 1368 1515 I dsp_common: dsp_common_set_source:source = 0
01-02 13:14:44.514 1368 1515 I audio_hw_primary: adev_close_input_stream ---
01-02 13:14:44.517 1368 1400 W linker : Warning: "/vendor/lib64/hw/audio.usb.default.so" unused DT entry: DT_RPATH (type 0xf arg 0xb7f) (ignoring)
01-02 13:14:44.517 1368 1400 I usbaudio_hal: asd_open: DLOPEN successful for libasd.so
01-02 13:14:44.517 1368 1400 I asd : [asd_dev_open] enter
01-02 13:14:44.517 1368 1400 I asd : [asd_dev_open] asd has been initialized
01-02 13:14:44.517 1368 1400 I asd : [asd_dev_open] exit
01-02 13:14:44.518 1368 1400 W DeviceHAL: Error from HAL Device in function set_master_volume: Function not implemented
01-02 13:14:44.519 1383 1383 I AudioFlinger: loadHwModule() Loaded usb audio interface, handle 18
01-02 13:14:44.519 1383 1383 V APM_AudioPolicyManager: onNewAudioModulesAvailableInt: Input device list is empty! for profile usb_device input
01-02 13:14:44.509 1522 1522 W chown : type=1400 audit(0.0:207): avc: denied { sys_admin } for capability=21 scontext=u:r:hi110x_daemon:s0 tcontext=u:r:hi110x_daemon:s0 tclass=capability permissive=0
01-02 13:14:44.524 1368 1400 I r_submix: adev_open(name=audio_hw_if)
01-02 13:14:44.525 1368 1400 I r_submix: adev_init_check()
01-02 13:14:44.525 1368 1400 W DeviceHAL: Error from HAL Device in function set_master_volume: Function not implemented
01-02 13:14:44.525 1368 1400 W DeviceHAL: Error from HAL Device in function set_master_mute: Function not implemented
01-02 13:14:44.526 1383 1383 I AudioFlinger: loadHwModule() Loaded r_submix audio interface, handle 26
01-02 13:14:44.526 1368 1400 D r_submix: adev_open_input_stream(addr=0)
01-02 13:14:44.526 1368 1400 D r_submix: submix_audio_device_create_pipe_l(addr=0, idx=9)
01-02 13:14:44.526 1368 1400 D r_submix: now using address 0 for route 9
01-02 13:14:44.530 1383 1525 I AudioFlinger: AudioFlinger's thread 0x7e10e02bb0 tid=1525 ready to run
01-02 13:14:44.519 1386 1386 W binder:1386_2: type=1400 audit(0.0:208): avc: denied { getattr } for scontext=u:r:surfaceflinger:s0 tcontext=u:r:bootanim:s0 tclass=process permissive=0
01-02 13:14:44.530 1368 1400 E DevicesFactoryHAL: loadAudioInterface couldn't load audio hw module audio.sysbta (No such file or directory)
01-02 13:14:44.532 1443 1443 D BootAnimation: BootAnimationStartTiming start time: 41235ms
01-02 13:14:44.532 1443 1443 D BootAnimation: BootAnimationPreloadTiming start time: 41236ms
01-02 13:14:44.532 1368 1400 D r_submix: adev_close_input_stream()
01-02 13:14:44.532 1368 1400 D r_submix: submix_audio_device_release_pipe_l(idx=9) addr=0
01-02 13:14:44.532 1368 1400 D r_submix: submix_audio_device_destroy_pipe_l(): pipe destroyed
01-02 13:14:44.533 1443 1443 D BootAnimation: /system/media/bootanimation.zip is loaded successfully
01-02 13:14:44.536 1443 1443 D BootAnimation: BootAnimationPreloadStopTiming start time: 41239ms
01-02 13:14:44.529 1386 1386 W binder:1386_2: type=1400 audit(0.0:209): avc: denied { getattr } for scontext=u:r:surfaceflinger:s0 tcontext=u:r:bootanim:s0 tclass=process permissive=0
01-02 13:14:44.529 1386 1386 W binder:1386_2: type=1400 audit(0.0:210): avc: denied { getattr } for scontext=u:r:surfaceflinger:s0 tcontext=u:r:bootanim:s0 tclass=process permissive=0
01-02 13:14:44.529 1386 1386 W binder:1386_1: type=1400 audit(0.0:211): avc: denied { getattr } for scontext=u:r:surfaceflinger:s0 tcontext=u:r:bootanim:s0 tclass=process permissive=0
01-02 13:14:44.541 1386 1395 E HWComposer: getSupportedContentTypes: getSupportedContentTypes failed for display 0: Unsupported (8)
01-02 13:14:44.541 1383 1383 I AudioFlinger: loadHwModule() Loaded sysbta audio interface, handle 34
01-02 13:14:44.529 1386 1386 W binder:1386_1: type=1400 audit(0.0:212): avc: denied { getattr } for scontext=u:r:surfaceflinger:s0 tcontext=u:r:bootanim:s0 tclass=process permissive=0
01-02 13:14:44.529 1529 1529 W chmod : type=1400 audit(0.0:213): avc: denied { sys_admin } for capability=21 scontext=u:r:hi110x_daemon:s0 tcontext=u:r:hi110x_daemon:s0 tclass=capability permissive=0
01-02 13:14:44.545 1383 1383 I audioserver: Waiting for activity service
01-02 13:14:44.529 1386 1386 W binder:1386_1: type=1400 audit(0.0:214): avc: denied { getattr } for scontext=u:r:surfaceflinger:s0 tcontext=u:r:bootanim:s0 tclass=process permissive=0
01-02 13:14:44.529 1386 1386 W binder:1386_1: type=1400 audit(0.0:215): avc: denied { getattr } for scontext=u:r:surfaceflinger:s0 tcontext=u:r:bootanim:s0 tclass=process permissive=0
01-02 13:14:44.539 1386 1386 W binder:1386_1: type=1400 audit(0.0:216): avc: denied { getattr } for scontext=u:r:surfaceflinger:s0 tcontext=u:r:bootanim:s0 tclass=process permissive=0
01-02 13:14:44.549 1531 1531 W chown : type=1400 audit(0.0:217): avc: denied { sys_admin } for capability=21 scontext=u:r:hi110x_daemon:s0 tcontext=u:r:hi110x_daemon:s0 tclass=capability permissive=0
01-02 13:14:44.570 1443 1527 D libEGL : loaded /vendor/lib64/egl/libGLES_mali.so
01-02 13:14:44.569 1532 1532 W chmod : type=1400 audit(0.0:218): avc: denied { sys_admin } for capability=21 scontext=u:r:hi110x_daemon:s0 tcontext=u:r:hi110x_daemon:s0 tclass=capability permissive=0
01-02 13:14:44.590 1175 1360 W adbd : timed out while waiting for FUNCTIONFS_BIND, trying again
01-02 13:14:44.591 1175 1360 I adbd : UsbFfs: connection terminated: monitor thread finished
01-02 13:14:44.591 1175 1175 I adbd : UsbFfs: already offline
01-02 13:14:44.591 1175 1175 I adbd : destroying transport UsbFfs
01-02 13:14:44.591 1175 1175 I adbd : UsbFfsConnection being destroyed
01-02 13:14:44.589 1533 1533 W chown : type=1400 audit(0.0:219): avc: denied { sys_admin } for capability=21 scontext=u:r:hi110x_daemon:s0 tcontext=u:r:hi110x_daemon:s0 tclass=capability permissive=0
01-02 13:14:44.589 1443 1443 W BootAnimation: type=1400 audit(0.0:220): avc: denied { search } for name="data" dev="mmcblk0p57" ino=6448 scontext=u:r:bootanim:s0 tcontext=u:object_r:system_data_file:s0:c512,c768 tclass=dir permissive=0
01-02 13:14:44.589 1443 1443 W BootAnimation: type=1400 audit(0.0:221): avc: denied { search } for name="data" dev="mmcblk0p57" ino=6448 scontext=u:r:bootanim:s0 tcontext=u:object_r:system_data_file:s0:c512,c768 tclass=dir permissive=0
01-02 13:14:44.589 1443 1443 W BootAnimation: type=1400 audit(0.0:222): avc: denied { search } for name="data" dev="mmcblk0p57" ino=6448 scontext=u:r:bootanim:s0 tcontext=u:object_r:system_data_file:s0:c512,c768 tclass=dir permissive=0
01-02 13:14:44.589 1443 1443 W BootAnimation: type=1400 audit(0.0:223): avc: denied { search } for name="data" dev="mmcblk0p57" ino=6448 scontext=u:r:bootanim:s0 tcontext=u:object_r:system_data_file:s0:c512,c768 tclass=dir permissive=0
01-02 13:14:44.613 1443 1527 D mali_winsys: EGLint new_window_surface(egl_winsys_display *, void *, EGLSurface, EGLConfig, egl_winsys_surface **, EGLBoolean) returns 0x3000
01-02 13:14:44.617 1443 1527 E BootAnimation: Got screen size 1080, animation size 1080
01-02 13:14:44.609 1386 1386 W binder:1386_1: type=1400 audit(0.0:224): avc: denied { getattr } for scontext=u:r:surfaceflinger:s0 tcontext=u:r:bootanim:s0 tclass=process permissive=0
01-02 13:14:44.609 1386 1386 W binder:1386_1: type=1400 audit(0.0:225): avc: denied { getattr } for scontext=u:r:surfaceflinger:s0 tcontext=u:r:bootanim:s0 tclass=process permissive=0
01-02 13:14:44.609 1546 1546 W chmod : type=1400 audit(0.0:226): avc: denied { sys_admin } for capability=21 scontext=u:r:hi110x_daemon:s0 tcontext=u:r:hi110x_daemon:s0 tclass=capability permissive=0
01-02 13:14:44.629 1548 1548 W chown : type=1400 audit(0.0:227): avc: denied { sys_admin } for capability=21 scontext=u:r:hi110x_daemon:s0 tcontext=u:r:hi110x_daemon:s0 tclass=capability permissive=0
01-02 13:14:44.651 1177 1326 I zygote : Verified 4414 classes from mainline modules in 1.432s
01-02 13:14:44.655 1443 1527 D BootAnimation: BootAnimationShownTiming start time: 41358ms
01-02 13:14:44.655 1443 1527 D BootAnimation: Playing files = /system/media/bootanimation.zip/part0, Requested repeat = 1, playUntilComplete = false
01-02 13:14:44.649 1549 1549 W chmod : type=1400 audit(0.0:228): avc: denied { sys_admin } for capability=21 scontext=u:r:hi110x_daemon:s0 tcontext=u:r:hi110x_daemon:s0 tclass=capability permissive=0
01-02 13:14:44.669 1550 1550 W chown : type=1400 audit(0.0:229): avc: denied { sys_admin } for capability=21 scontext=u:r:hi110x_daemon:s0 tcontext=u:r:hi110x_daemon:s0 tclass=capability permissive=0
01-02 13:14:44.694 373 373 I hwservicemanager: getTransport: Cannot find entry android.hardware.graphics.mapper@4.0::IMapper/default in either framework or device VINTF manifest.
01-02 13:14:44.694 1443 1527 I Gralloc4: mapper 4.x is not supported
01-02 13:14:44.695 373 373 I hwservicemanager: getTransport: Cannot find entry android.hardware.graphics.mapper@3.0::IMapper/default in either framework or device VINTF manifest.
01-02 13:14:44.695 1443 1527 W Gralloc3: mapper 3.x is not supported
01-02 13:14:44.689 1551 1551 W mkdir : type=1400 audit(0.0:230): avc: denied { sys_admin } for capability=21 scontext=u:r:hi110x_daemon:s0 tcontext=u:r:hi110x_daemon:s0 tclass=capability permissive=0
01-02 13:14:44.707 373 373 I hwservicemanager: getTransport: Cannot find entry android.hardware.graphics.allocator@4.0::IAllocator/default in either framework or device VINTF manifest.
01-02 13:14:44.707 372 372 I servicemanager: Could not find android.hardware.graphics.allocator.IAllocator/default in the VINTF manifest.
01-02 13:14:44.707 1443 1527 W Gralloc4: allocator 4.x is not supported
01-02 13:14:44.708 373 373 I hwservicemanager: getTransport: Cannot find entry android.hardware.graphics.allocator@3.0::IAllocator/default in either framework or device VINTF manifest.
01-02 13:14:44.708 1443 1527 W Gralloc3: allocator 3.x is not supported
01-02 13:14:44.709 1231 1231 E mac_addr: mac proc file not exist, wait a moment
01-02 13:14:44.711 1005 1005 I GRALLOC : getCallingPid=1443, shrFd=10,fmt=0x2,intFmt=0x200000002,btStrd=4352,size=9547776,pid=1005
01-02 13:14:44.711 1005 1005 I GRALLOC : yuv=2,w=1080,h=2160,Stride u=0 v=0,offset u=0 v=0
01-02 13:14:44.711 1005 1005 I GRALLOC : iova_size=9547776,conUsg=0xb00,proUsg=0xb00, strd=1088,[afbc]HdrStrd=1088 PyldStrd=69632 Scrmbl=0,ionhnd = 1
01-02 13:14:44.726 1175 1182 I adbd : opening control endpoint /dev/usb-ffs/adb/ep0
01-02 13:14:44.727 1386 1386 I SurfaceFlinger: Enter boot animation
01-02 13:14:44.728 1175 1182 I adbd : UsbFfsConnection constructed
01-02 13:14:44.729 1175 1552 I adbd : UsbFfs-monitor thread spawned
01-02 13:14:44.730 1386 1386 I ashmem : memfd: device VNDK version (28) is < Q so using ashmem.
01-02 13:14:44.729 1553 1553 W mkdir : type=1400 audit(0.0:231): avc: denied { sys_admin } for capability=21 scontext=u:r:hi110x_daemon:s0 tcontext=u:r:hi110x_daemon:s0 tclass=capability permissive=0
01-02 13:14:44.755 1005 1005 I GRALLOC : getCallingPid=1443, shrFd=10,fmt=0x2,intFmt=0x200000002,btStrd=4352,size=9547776,pid=1005
01-02 13:14:44.755 1005 1005 I GRALLOC : yuv=2,w=1080,h=2160,Stride u=0 v=0,offset u=0 v=0
01-02 13:14:44.755 1005 1005 I GRALLOC : iova_size=9547776,conUsg=0xb00,proUsg=0xb00, strd=1088,[afbc]HdrStrd=1088 PyldStrd=69632 Scrmbl=0,ionhnd = 1
01-02 13:14:44.749 1554 1554 W mkdir : type=1400 audit(0.0:232): avc: denied { sys_admin } for capability=21 scontext=u:r:hi110x_daemon:s0 tcontext=u:r:hi110x_daemon:s0 tclass=capability permissive=0
01-02 13:14:44.771 1176 1331 I zygote64: Verified 4414 classes from mainline modules in 1.433s
01-02 13:14:44.769 1555 1555 W mkdir : type=1400 audit(0.0:233): avc: denied { sys_admin } for capability=21 scontext=u:r:hi110x_daemon:s0 tcontext=u:r:hi110x_daemon:s0 tclass=capability permissive=0
01-02 13:14:44.799 1557 1557 W chown : type=1400 audit(0.0:234): avc: denied { sys_admin } for capability=21 scontext=u:r:hi110x_daemon:s0 tcontext=u:r:hi110x_daemon:s0 tclass=capability permissive=0
01-02 13:14:44.819 1558 1558 W mkdir : type=1400 audit(0.0:235): avc: denied { sys_admin } for capability=21 scontext=u:r:hi110x_daemon:s0 tcontext=u:r:hi110x_daemon:s0 tclass=capability permissive=0
01-02 13:14:44.841 1005 1005 I GRALLOC : getCallingPid=1443, shrFd=10,fmt=0x2,intFmt=0x200000002,btStrd=4352,size=9547776,pid=1005
01-02 13:14:44.841 1005 1005 I GRALLOC : yuv=2,w=1080,h=2160,Stride u=0 v=0,offset u=0 v=0
01-02 13:14:44.841 1005 1005 I GRALLOC : iova_size=9547776,conUsg=0xb00,proUsg=0xb00, strd=1088,[afbc]HdrStrd=1088 PyldStrd=69632 Scrmbl=0,ionhnd = 1
01-02 13:14:44.839 1559 1559 W chown : type=1400 audit(0.0:236): avc: denied { sys_admin } for capability=21 scontext=u:r:hi110x_daemon:s0 tcontext=u:r:hi110x_daemon:s0 tclass=capability permissive=0
01-02 13:14:44.866 1176 1176 D MtpDeviceJNI: register_android_mtp_MtpDevice
01-02 13:14:44.859 1560 1560 W chmod : type=1400 audit(0.0:237): avc: denied { sys_admin } for capability=21 scontext=u:r:hi110x_daemon:s0 tcontext=u:r:hi110x_daemon:s0 tclass=capability permissive=0
01-02 13:14:44.879 1561 1561 W chmod : type=1400 audit(0.0:238): avc: denied { sys_admin } for capability=21 scontext=u:r:hi110x_daemon:s0 tcontext=u:r:hi110x_daemon:s0 tclass=capability permissive=0
01-02 13:14:44.909 1176 1176 I zygote64: Thread[1,tid=1176,Native,Thread*=0x7d258cd010,peer=0x132c0078,"main"] recursive attempt to load library "librtp_jni.so"
01-02 13:14:44.910 1231 1231 I mac_addr: macAddrFileDir is /data/vendor/bluedroid/macbt
01-02 13:14:44.899 1562 1562 W chmod : type=1400 audit(0.0:239): avc: denied { sys_admin } for capability=21 scontext=u:r:hi110x_daemon:s0 tcontext=u:r:hi110x_daemon:s0 tclass=capability permissive=0
01-02 13:14:44.919 1563 1563 W setprop : type=1400 audit(0.0:240): avc: denied { sys_admin } for capability=21 scontext=u:r:hi110x_daemon:s0 tcontext=u:r:hi110x_daemon:s0 tclass=capability permissive=0
01-02 13:14:44.972 1564 1564 D OCTTY : [main:354]HI110X_OCTTY_VERSION commitId:98dca41,commitTime:1556159968
01-02 13:14:44.996 1565 1565 I INI_SO : [ini_module_init:758]ini module init func
01-02 13:14:44.997 1565 1565 I OAM : [main:2431]HI110X_OAM_VERSION commitId:98dca41,commitTime:1556159968
01-02 13:14:44.997 1565 1565 D OAM : [ini_get_log_int_cfg:1781]---------------in ini_get_log_int_cfg func
01-02 13:14:44.999 1565 1565 I OAM : [ini_get_log_int_cfg:1793]get ini var log_switch_device_bfg :1:
01-02 13:14:44.999 1565 1565 I OAM : [ini_get_log_int_cfg:1801]log_switch_device_bfg=1:
01-02 13:14:44.999 1565 1565 D OAM : [ini_get_log_int_cfg:1781]---------------in ini_get_log_int_cfg func
01-02 13:14:45.001 1565 1565 I OAM : [ini_get_log_int_cfg:1793]get ini var log_size_device_bfg :10000:
01-02 13:14:45.001 1565 1565 I OAM : [ini_get_log_int_cfg:1801]log_size_device_bfg=10000:
01-02 13:14:45.001 1565 1565 D OAM : [ini_get_log_int_cfg:1781]---------------in ini_get_log_int_cfg func
01-02 13:14:45.001 1566 1566 I INI_SO : [ini_module_init:758]ini module init func
01-02 13:14:45.003 1565 1565 I OAM : [ini_get_log_int_cfg:1793]get ini var log_num_device_bfg :10:
01-02 13:14:45.003 1565 1565 I OAM : [ini_get_log_int_cfg:1801]log_num_device_bfg=10:
01-02 13:14:45.003 1565 1565 D OAM : [ini_get_log_str_cfg:1826]---------------in ini_get_log_str_cfg func
01-02 13:14:45.005 1565 1565 E INI_SO : [ini_find_var:569]not find log_path_device_bfg!!!, check if var in correct mode
01-02 13:14:45.007 1565 1565 E INI_SO : [ini_find_var:569]not find log_path_device_bfg!!!, check if var in correct mode
