01-02 13:14:53.324 1586 1586 E ActivityManager: Unable to find com.tenx.systemui.wifibar_d/u0
01-02 13:14:53.324 1586 1586 E ActivityManager: Unable to find com.tenx.systemui.wifibar_e/u0
01-02 13:14:53.324 1586 1586 E ActivityManager: Unable to find com.tenx.systemui.wifibar_f/u0
01-02 13:14:53.324 1586 1586 E ActivityManager: Unable to find com.tenx.systemui.wifibar_g/u0
01-02 13:14:53.324 1586 1586 E ActivityManager: Unable to find com.tenx.systemui.wifibar_h/u0
01-02 13:14:53.324 1586 1586 E ActivityManager: Unable to find com.android.theme.icon_pack.kai.android/u0
01-02 13:14:53.324 1586 1586 E ActivityManager: Unable to find com.android.theme.font.ubuntu/u0
01-02 13:14:53.324 1586 1586 E ActivityManager: Unable to find com.android.systemui.shownumber/u0
01-02 13:14:53.324 1586 1586 E ActivityManager: Unable to find org.protonaosp.theme.font.blenderpro/u0
01-02 13:14:53.324 1586 1586 E ActivityManager: Unable to find org.protonaosp.theme.font.poppins/u0
01-02 13:14:53.324 1586 1586 E ActivityManager: Unable to find com.android.dark.pitchblack/u0
01-02 13:14:53.324 1586 1586 E ActivityManager: Unable to find com.android.dark.style/u0
01-02 13:14:53.324 1586 1586 E ActivityManager: Unable to find com.android.systemui.qstile.circle.overlay/u0
01-02 13:14:53.324 1586 1586 E ActivityManager: Unable to find com.android.theme.icon_pack.kai.launcher/u0
01-02 13:14:53.324 1586 1586 E ActivityManager: Unable to find com.mixplorer.addon.pdf/u0
01-02 13:14:53.324 1586 1586 E ActivityManager: Unable to find com.mixplorer.addon.smb/u0
01-02 13:14:53.324 1586 1586 E ActivityManager: Unable to find com.mixplorer.beta/u0
01-02 13:14:53.324 1586 1586 E ActivityManager: Unable to find org.protonaosp.theme.font.roboto/u0
01-02 13:14:53.324 1586 1586 E ActivityManager: Unable to find com.android.theme.icon.hexagon/u0
01-02 13:14:53.324 1586 1586 E ActivityManager: Unable to find com.android.theme.font.antipastopro/u0
01-02 13:14:53.324 1586 1586 E ActivityManager: Unable to find sh.siava.AOSPMods_QSDualTone/u0
01-02 13:14:53.324 1586 1586 E ActivityManager: Unable to find com.android.theme.icon_pack.sam.launcher/u0
01-02 13:14:53.324 1586 1586 E ActivityManager: Unable to find com.android.theme.font.surfersource/u0
01-02 13:14:53.324 1586 1586 E ActivityManager: Unable to find com.android.theme.icon.squircle/u0
01-02 13:14:53.325 1586 1586 E ActivityManager: Unable to find com.android.systemui.overlay.hidepill/u0
01-02 13:14:53.325 1586 1586 E ActivityManager: Unable to find com.android.dark.solarizeddark/u0
01-02 13:14:53.325 1586 1586 E ActivityManager: Unable to find com.android.theme.icon_pack.victor.android/u0
01-02 13:14:53.325 1586 1586 E ActivityManager: Unable to find org.fdroid.fdroid.privileged/u0
01-02 13:14:53.325 1586 1586 E ActivityManager: Unable to find com.android.theme.font.evolvesans/u0
01-02 13:14:53.325 1586 1586 E ActivityManager: Unable to find com.android.systemui.qstile.dualtone.overlay/u0
01-02 13:14:53.325 1586 1586 E ActivityManager: Unable to find com.android.theme.icon_pack.filled.launcher/u0
01-02 13:14:53.325 1586 1586 E ActivityManager: Unable to find com.android.systemui.bstrack.overlay/u0
01-02 13:14:53.325 1586 1586 E ActivityManager: Unable to find org.protonaosp.theme.font.milanpro/u0
01-02 13:14:53.325 1586 1586 E ActivityManager: Unable to find com.android.dualtonebattery/u0
01-02 13:14:53.325 1586 1586 E ActivityManager: Unable to find sh.siava.AOSPMods/u0
01-02 13:14:53.325 1586 1586 E ActivityManager: Unable to find com.android.theme.icon_pack.circular.launcher/u0
01-02 13:14:53.325 1586 1586 E ActivityManager: Unable to find eu.airaudio.aarscservice/u0
01-02 13:14:53.325 1586 1586 E ActivityManager: Unable to find com.android.theme.icon.cylinder/u0
01-02 13:14:53.325 1586 1586 E ActivityManager: Unable to find com.mixplorer.addon.image/u0
01-02 13:14:53.325 1586 1586 E ActivityManager: Unable to find com.android.systemui.qstile.divided.overlay/u0
01-02 13:14:53.325 1586 1586 E ActivityManager: Unable to find com.android.theme.icon_pack.filled.themepicker/u0
01-02 13:14:53.326 1586 1586 E ActivityManager: Unable to find com.android.theme.font.cagliostrosource/u0
01-02 13:14:53.326 1586 1586 E ActivityManager: Unable to find sh.siava.AOSPMods_SystemUI/u0
01-02 13:14:53.326 1586 1586 E ActivityManager: Unable to find com.android.theme.icon_pack.victor.themepicker/u0
01-02 13:14:53.326 1586 1586 E ActivityManager: Unable to find com.android.systemui.qstile.triangles.overlay/u0
01-02 13:14:53.326 1586 1586 E ActivityManager: Unable to find com.socialquantum.acityint/u0
01-02 13:14:53.326 1586 1586 E ActivityManager: Unable to find com.romcontrolicons.nexuslauncher/u0
01-02 13:14:53.326 1586 1586 E ActivityManager: Unable to find org.protonaosp.theme.font.manrope/u0
01-02 13:14:53.326 1586 1586 E ActivityManager: Unable to find com.android.systemui.qstile.circletrim.overlay/u0
01-02 13:14:53.326 1586 1586 E ActivityManager: Unable to find com.android.theme.icon_pack.sam.themepicker/u0
01-02 13:14:53.326 1586 1586 E ActivityManager: Unable to find com.android.systemui.qstile.cookie.overlay/u0
01-02 13:14:53.326 1586 1586 E ActivityManager: Unable to find com.android.theme.icon.cloudy/u0
01-02 13:14:53.326 1586 1586 E ActivityManager: Unable to find com.android.theme.icon.roundedrect/u0
01-02 13:14:53.326 1586 1586 E ActivityManager: Unable to find com.android.theme.font.grandhotel/u0
01-02 13:14:53.327 1586 1586 E ActivityManager: Unable to find com.android.theme.icon.flower/u0
01-02 13:14:53.327 1586 1586 E ActivityManager: Unable to find com.android.theme.icon_pack.rounded.settings/u0
01-02 13:14:53.327 1586 1586 E ActivityManager: Unable to find com.mixplorer.addon.metadata/u0
01-02 13:14:53.327 1586 1586 E ActivityManager: Unable to find org.protonaosp.theme.font.googlesans.inter/u0
01-02 13:14:53.327 1586 1586 E ActivityManager: Unable to find com.android.theme.icon_pack.circular.android/u0
01-02 13:14:53.327 1586 1586 E ActivityManager: Unable to find com.android.theme.font.redressed/u0
01-02 13:14:53.333 1586 1586 D SystemServerTiming: killProcesses
01-02 13:14:53.334 1586 1586 I ActivityManager: System now ready
01-02 13:14:53.334 1586 1586 D SystemServerTiming: updateTopComponentForFactoryTest
01-02 13:14:53.334 1586 1586 D SystemServerTiming: registerActivityLaunchObserver
01-02 13:14:53.334 1586 1586 D SystemServerTiming: watchDeviceProvisioning
01-02 13:14:53.389 1565 1574 I OAM : [check_file_size:511]/data/vendor/log/wifi/wifi_log_1 log file beyond size=10240Byte, creat new file
01-02 13:14:53.389 1565 1574 I OAM : [rename_old_file:216]rename_old_file
01-02 13:14:53.389 1565 1574 I OAM :
01-02 13:14:53.435 1175 1704 W adbd : timed out while waiting for FUNCTIONFS_BIND, trying again
01-02 13:14:53.435 1175 1704 I adbd : UsbFfs: connection terminated: monitor thread finished
01-02 13:14:53.435 1175 1175 I adbd : UsbFfs: already offline
01-02 13:14:53.435 1175 1175 I adbd : destroying transport UsbFfs
01-02 13:14:53.435 1175 1175 I adbd : UsbFfsConnection being destroyed
01-02 13:14:53.445 1586 1615 W DropBoxManagerService: Dropping: system_server_wtf (1181 > 0 bytes)
01-02 13:14:53.447 1586 1615 I DropBoxManagerService: add tag=system_server_wtf isTagEnabled=true flags=0x2
01-02 13:14:53.447 1586 1615 W DropBoxManagerService: Dropping: system_server_wtf (1181 > 0 bytes)
01-02 13:14:53.466 1586 1586 D SystemServerTiming: retrieveSettings
01-02 13:14:53.469 1586 1586 I ActivityTaskManager: Config changes=10000100 {1.0 ?mcc?mnc [de_DE] ldltr sw424dp w424dp h847dp 408dpi nrml long port night finger -keyb/v/h -nav/h winConfig={ mBounds=Rect(0, 0 - 1080, 2160) mAppBounds=Rect(0, 0 - 1080, 2160) mMaxBounds=Rect(0, 0 - 1080, 2160) mDisplayRotation=ROTATION_0 mWindowingMode=fullscreen mDisplayWindowingMode=fullscreen mActivityType=undefined mAlwaysOnTop=undefined mRotation=ROTATION_0} s.8 fontWeightAdjustment=0}
01-02 13:14:53.470 1586 1586 I WindowManager: Override config changes=10000100 {1.0 ?mcc?mnc [de_DE] ldltr sw424dp w424dp h847dp 408dpi nrml long port night finger -keyb/v/h -nav/h winConfig={ mBounds=Rect(0, 0 - 1080, 2160) mAppBounds=Rect(0, 0 - 1080, 2160) mMaxBounds=Rect(0, 0 - 1080, 2160) mDisplayRotation=ROTATION_0 mWindowingMode=fullscreen mDisplayWindowingMode=fullscreen mActivityType=undefined mAlwaysOnTop=undefined mRotation=ROTATION_0} s.8 fontWeightAdjustment=0} for displayId=0
01-02 13:14:53.474 1586 1586 D SystemServerTiming: Ugm.onSystemReady
01-02 13:14:53.474 1586 1586 D SystemServerTiming: updateForceBackgroundCheck
01-02 13:14:53.475 1586 1586 I SystemServer: Making services ready
01-02 13:14:53.475 1586 1586 D SystemServerTiming: StartActivityManagerReadyPhase
01-02 13:14:53.475 1586 1586 I SystemServiceManager: Starting phase 550
01-02 13:14:53.475 1586 1586 D SystemServerTiming: OnBootPhase_550
01-02 13:14:53.475 1586 1586 D SystemServerTiming: OnBootPhase_550_com.android.server.security.FileIntegrityService
01-02 13:14:53.475 1586 1586 D SystemServerTiming: OnBootPhase_550_com.android.server.pm.Installer
01-02 13:14:53.475 1586 1586 D SystemServerTiming: OnBootPhase_550_com.android.server.os.DeviceIdentifiersPolicyService
01-02 13:14:53.475 1586 1586 D SystemServerTiming: OnBootPhase_550_com.android.server.uri.UriGrantsManagerService$Lifecycle
01-02 13:14:53.475 1586 1586 D SystemServerTiming: OnBootPhase_550_com.android.server.powerstats.PowerStatsService
01-02 13:14:53.475 1586 1586 D SystemServerTiming: OnBootPhase_550_com.android.server.wm.ActivityTaskManagerService$Lifecycle
01-02 13:14:53.475 1586 1586 D SystemServerTiming: OnBootPhase_550_com.android.server.am.ActivityManagerService$Lifecycle
01-02 13:14:53.476 1586 1586 D SystemServerTiming: OnBootPhase_550_com.android.server.pm.DataLoaderManagerService
01-02 13:14:53.476 1586 1586 D SystemServerTiming: OnBootPhase_550_com.android.server.power.PowerManagerService
01-02 13:14:53.476 1586 1586 D SystemServerTiming: OnBootPhase_550_com.android.server.power.ThermalManagerService
01-02 13:14:53.477 373 373 I hwservicemanager: getTransport: Cannot find entry android.hardware.thermal@2.0::IThermal/default in either framework or device VINTF manifest.
01-02 13:14:53.478 1586 1586 E ThermalHalWrapper: Thermal HAL 2.0 service not connected.
01-02 13:14:53.479 373 373 I hwservicemanager: getTransport: Cannot find entry android.hardware.thermal@1.1::IThermal/default in either framework or device VINTF manifest.
01-02 13:14:53.479 1586 1586 E ThermalHalWrapper: Thermal HAL 1.1 service not connected.
01-02 13:14:53.481 1586 1586 I android_os_HwBinder: HwBinder: Starting thread pool for getting: android.hardware.thermal@1.0::IThermal/default
01-02 13:14:53.482 1586 1586 I ThermalHalWrapper: Thermal HAL 1.0 service connected, no thermal call back will be called due to legacy API.
01-02 13:14:53.483 1565 1574 I OAM : [check_file_size:511]/data/vendor/log/wifi/wifi_log_1 log file beyond size=10240Byte, creat new file
01-02 13:14:53.483 1565 1574 I OAM : [rename_old_file:216]rename_old_file
01-02 13:14:53.483 1565 1574 I OAM :
01-02 13:14:53.486 1586 1586 D SystemServerTiming: OnBootPhase_550_com.android.server.power.hint.HintManagerService
01-02 13:14:53.486 1586 1586 D SystemServerTiming: OnBootPhase_550_com.android.server.recoverysystem.RecoverySystemService$Lifecycle
01-02 13:14:53.486 1586 1586 D SystemServerTiming: OnBootPhase_550_com.android.server.lights.LightsService
01-02 13:14:53.486 1586 1586 D SystemServerTiming: OnBootPhase_550_com.android.server.display.DisplayManagerService
01-02 13:14:53.486 1586 1586 D SystemServerTiming: OnBootPhase_550_com.android.server.pm.verify.domain.DomainVerificationService
01-02 13:14:53.486 1586 1586 D SystemServerTiming: OnBootPhase_550_com.android.server.pm.PackageInstallerService$Lifecycle
01-02 13:14:53.486 1586 1586 D SystemServerTiming: OnBootPhase_550_com.android.server.pm.UserManagerService$LifeCycle
01-02 13:14:53.487 1586 1586 D SystemServerTiming: OnBootPhase_550_com.android.server.om.OverlayManagerService
01-02 13:14:53.487 1586 1586 D SystemServerTiming: OnBootPhase_550_com.android.server.resources.ResourcesManagerService
01-02 13:14:53.487 1586 1586 D SystemServerTiming: OnBootPhase_550_com.android.server.sensorprivacy.SensorPrivacyService
01-02 13:14:53.488 1586 1586 D SystemServerTiming: OnBootPhase_550_com.android.server.sensors.SensorService
01-02 13:14:53.488 1586 1586 D SystemServerTiming: OnBootPhase_550_com.android.server.SystemConfigService
01-02 13:14:53.488 1586 1586 D SystemServerTiming: OnBootPhase_550_com.android.server.BatteryService
01-02 13:14:53.488 1586 1586 D SystemServerTiming: OnBootPhase_550_com.android.server.usage.UsageStatsService
01-02 13:14:53.489 1586 1586 D SystemServerTiming: OnBootPhase_550_com.android.server.webkit.WebViewUpdateService
01-02 13:14:53.489 1586 1586 D SystemServerTiming: OnBootPhase_550_com.android.server.CachedDeviceStateService
01-02 13:14:53.489 1586 1586 D SystemServerTiming: OnBootPhase_550_com.android.server.BinderCallsStatsService$LifeCycle
01-02 13:14:53.489 1586 1586 D SystemServerTiming: OnBootPhase_550_com.android.server.LooperStatsService$Lifecycle
01-02 13:14:53.489 1586 1586 D SystemServerTiming: OnBootPhase_550_com.android.server.rollback.RollbackManagerService
01-02 13:14:53.489 1586 1586 D SystemServerTiming: OnBootPhase_550_com.android.server.os.NativeTombstoneManagerService
01-02 13:14:53.489 1586 1586 D SystemServerTiming: OnBootPhase_550_com.android.server.os.BugreportManagerService
01-02 13:14:53.489 1586 1586 D SystemServerTiming: OnBootPhase_550_com.android.server.gpu.GpuService
01-02 13:14:53.489 1586 1586 D SystemServerTiming: OnBootPhase_550_com.android.server.security.KeyChainSystemService
01-02 13:14:53.489 1586 1586 D SystemServerTiming: OnBootPhase_550_com.android.server.BinaryTransparencyService
01-02 13:14:53.489 1586 1586 D SystemServerTiming: OnBootPhase_550_com.android.server.telecom.TelecomLoaderService
01-02 13:14:53.492 1586 1586 W ActivityManager: Too early to start/bind service in system_server: Phase=550 ComponentInfo{com.android.server.telecom/com.android.server.telecom.components.TelecomService}
01-02 13:14:53.493 1586 1586 D CompatibilityChangeReporter: Compat change id reported: 168419799; UID 1000; state: DISABLED
01-02 13:14:53.493 1586 1586 W ActivityManager: Too early to start/bind service in system_server: Phase=550 ComponentInfo{com.android.server.telecom/com.android.server.telecom.components.TelecomService}
01-02 13:14:53.494 1586 1586 D OomAdjuster: Not killing cached processes
01-02 13:14:53.494 1586 1586 D SystemServerTiming: OnBootPhase_550_com.android.server.accounts.AccountManagerService$Lifecycle
01-02 13:14:53.494 1586 1586 D SystemServerTiming: OnBootPhase_550_com.android.server.content.ContentService$Lifecycle
01-02 13:14:53.495 1586 1662 E NativeTombstoneManager: Tombstone's UID (1027) not an app, ignoring
01-02 13:14:53.507 1175 1182 I adbd : opening control endpoint /dev/usb-ffs/adb/ep0
01-02 13:14:53.509 1175 1182 I adbd : UsbFfsConnection constructed
01-02 13:14:53.509 1175 1750 I adbd : UsbFfs-monitor thread spawned
01-02 13:14:53.512 1035 1035 I WifiHAL : Initializing wifi
01-02 13:14:53.512 1035 1035 I WifiHAL : Creating socket
01-02 13:14:53.512 1586 1649 I EthernetTracker: interfaceLinkStateChanged, iface: wlan0, up: true
01-02 13:14:53.513 1035 1035 I WifiHAL : Initialized Wifi HAL Successfully; vendor cmd = 103
01-02 13:14:53.513 1035 1035 I vendor.huawei.hardware.wifi@1.1-service: Adding interface handle for wlan0
01-02 13:14:53.513 1035 1035 I vendor.huawei.hardware.wifi@1.1-service: Adding interface handle for p2p0
01-02 13:14:53.514 1035 1035 E vendor.huawei.hardware.wifi@1.1-service: Failed to register radio mode change callback
01-02 13:14:53.514 1035 1035 I vendor.huawei.hardware.wifi@1.1-service: Configured chip in mode 0
01-02 13:14:53.515 1035 1035 E vendor.huawei.hardware.wifi@1.1-service: Failed to set DFS flag; DFS channels may be unavailable.
01-02 13:14:53.516 1586 1692 D HalDevMgr: updateRttController: no one is interested in RTT controllers
01-02 13:14:53.522 1586 1692 D WifiNl80211Manager: Setting up interface for client mode: wlan0
01-02 13:14:53.523 1169 1169 I wificond: createClientInterface: wiphy_index 0 iface_name wlan0
01-02 13:14:53.524 1169 1169 I wificond: create scanner for interface with index: 28
01-02 13:14:53.524 1169 1169 I wificond: subscribe scan result for interface with index: 28
01-02 13:14:53.524 1169 1169 I wificond: add channel type 0 support at wiphy index: 0
01-02 13:14:53.528 1586 1692 I WifiNative: Interface state changed on Iface:{Name=wlan0,Id=0,Type=STA_SCAN}, isUp=true
01-02 13:14:53.528 1586 1692 I WifiNative: Successfully setup Iface:{Name=wlan0,Id=0,Type=STA_SCAN}
01-02 13:14:53.528 1586 1692 E SupplicantStaIfaceHalHidlImp: checkHalVersionByInterfaceName: called but mServiceManager is null
01-02 13:14:53.529 1586 1692 E SupplicantStaIfaceHalHidlImp: checkHalVersionByInterfaceName: called but mServiceManager is null
01-02 13:14:53.529 1586 1692 E SupplicantStaIfaceHalHidlImp: Method getKeyMgmtCapabilities is not supported in existing HAL
01-02 13:14:53.529 1586 1692 E SupplicantStaIfaceHalHidlImp: checkHalVersionByInterfaceName: called but mServiceManager is null
01-02 13:14:53.530 1035 1035 D WifiHAL : In DebugCommand::handleResponse
01-02 13:14:53.530 1035 1035 D WifiHAL : len = 4, expected len = 4
01-02 13:14:53.531 1035 1035 D WifiHAL : In DebugCommand::handleResponse
01-02 13:14:53.531 1035 1035 D WifiHAL : len = 4, expected len = 4
01-02 13:14:53.535 1586 1692 E SupplicantStaIfaceHalHidlImp: checkHalVersionByInterfaceName: called but mServiceManager is null
01-02 13:14:53.535 1586 1692 E SupplicantStaIfaceHalHidlImp: checkHalVersionByInterfaceName: called but mServiceManager is null
01-02 13:14:53.535 1586 1692 I SupplicantStaIfaceHalHidlImp: Method getWpaDriverFeatureSet is not supported in existing HAL
01-02 13:14:53.535 1586 1692 D WifiClientModeManager[wlan0]: entering StartedState
01-02 13:14:53.592 1754 1754 I ArHal : (ar_device_open:132):open module [activity_recognition_hidl].
01-02 13:14:53.592 1754 1754 I ArHal : (comm_dev_init:688):enter.
01-02 13:14:53.592 1754 1754 I ArHal : (ar_log_init:201):no [/etc/activity_recognition.conf].
01-02 13:14:53.592 1754 1754 I ArHal : (comm_netlink_init:348):enter.
01-02 13:14:53.592 1754 1754 I ArHal : (comm_netlink_socket_setup:321):enter. fd[6]
01-02 13:14:53.592 1754 1754 I ArHal : (comm_thread_create:235):success, tid[0x708ed81d00]
01-02 13:14:53.592 1754 1755 I ArHal : (comm_netlink_thread:427):thread start.
01-02 13:14:53.592 1754 1754 I ArHal : (ar_data_setup:1023):id[2].
01-02 13:14:53.592 1754 1755 I ArHal : (comm_netlink_thread:438):wakelock[COMMNL_206DA].
01-02 13:14:53.592 1754 1754 E ArHal : (ar_data_setup:1049):failed to open /dev/ar -- -1.
01-02 13:14:53.592 1754 1754 W ArHal : (ar_device_open:166):ar setup fail ret[-14].
01-02 13:14:53.592 1754 1754 I ArHal : (comm_dev_release:660):enter.
01-02 13:14:53.593 1754 1755 I ArHal : (comm_netlink_thread:449):break
01-02 13:14:53.593 1754 1755 I ArHal : (comm_netlink_thread:481):thread stop
01-02 13:14:53.593 1754 1754 I ArHal : (comm_thread_destroy:263):finish. tid[0x708ed81d00]
01-02 13:14:53.593 1754 1754 I AR_impl_Act: activity_recognition_impl V1.1 open activity_recognition_hidl result: -14
01-02 13:14:53.593 1754 1754 E AR_impl@1.1-service: Could not get passthrough implementation for vendor.huawei.hardware.activity_recognition@1.1::IActivityRecognition/default.
01-02 13:14:53.599 1443 1527 D BootAnimation: Playing files = /system/media/bootanimation.zip/part1, Requested repeat = 0, playUntilComplete = false
01-02 13:14:53.713 1586 1586 W SystemServiceManager: Service com.android.server.content.ContentService$Lifecycle took 218 ms in onBootPhase
01-02 13:14:53.713 1586 1586 D SystemServerTiming: OnBootPhase_550_com.android.server.DropBoxManagerService
01-02 13:14:53.713 1586 1586 D SystemServerTiming: OnBootPhase_550_com.android.role.RoleService
01-02 13:14:53.713 1586 1586 D SystemServerTiming: OnBootPhase_550_com.android.server.vibrator.VibratorManagerService$Lifecycle
01-02 13:14:53.713 1586 1586 D SystemServerTiming: OnBootPhase_550_com.android.server.tare.InternalResourceService
01-02 13:14:53.713 1586 1586 D SystemServerTiming: OnBootPhase_550_com.android.server.alarm.AlarmManagerService
01-02 13:14:53.713 1586 1586 D SystemServerTiming: OnBootPhase_550_com.android.server.devicestate.DeviceStateManagerService
01-02 13:14:53.713 1586 1586 D SystemServerTiming: OnBootPhase_550_com.android.server.camera.CameraServiceProxy
01-02 13:14:53.713 1586 1586 D SystemServerTiming: OnBootPhase_550_com.android.server.bluetooth.BluetoothService
01-02 13:14:53.713 1586 1586 D SystemServerTiming: OnBootPhase_550_com.android.server.connectivity.IpConnectivityMetrics
01-02 13:14:53.713 1586 1586 D SystemServerTiming: OnBootPhase_550_com.android.server.net.watchlist.NetworkWatchlistService$Lifecycle
01-02 13:14:53.714 1586 1586 D SystemServerTiming: OnBootPhase_550_com.android.server.PinnerService
01-02 13:14:53.714 1586 1586 D SystemServerTiming: OnBootPhase_550_com.android.server.integrity.AppIntegrityManagerService
01-02 13:14:53.714 1586 1586 D SystemServerTiming: OnBootPhase_550_com.android.server.logcat.LogcatManagerService
01-02 13:14:53.714 1586 1586 D SystemServerTiming: OnBootPhase_550_com.android.server.inputmethod.InputMethodManagerService$Lifecycle
01-02 13:14:53.715 1586 1692 D WifiConfigStore: Writing to stores completed in 178 ms.
01-02 13:14:53.715 1586 1652 D SystemServerTimingAsync: InitThreadPoolExec:Lazily initialize IMMS#mImeDrawsImeNavBarRes
01-02 13:14:53.717 1586 1662 E NativeTombstoneManager: Tombstone's UID (1027) not an app, ignoring
01-02 13:14:53.718 1586 1692 I android_os_HwBinder: HwBinder: Starting thread pool for getting: android.hidl.manager@1.0::IServiceManager/default
01-02 13:14:53.720 1586 1692 I SupplicantStaIfaceHalHidlImp: Starting supplicant using HIDL
01-02 13:14:53.722 373 373 I hwservicemanager: Since android.hardware.wifi.supplicant@1.0::ISupplicant/default is not registered, trying to start it as a lazy HAL.
01-02 13:14:53.722 1586 1692 D SupplicantStaIfaceHalHidlImp: Successfully triggered start of supplicant using HIDL
01-02 13:14:53.719 1758 1758 W wpa_supplicant_: type=1400 audit(0.0:735): avc: denied { sys_admin } for capability=21 scontext=u:r:wpa_hisi:s0 tcontext=u:r:wpa_hisi:s0 tclass=capability permissive=0
01-02 13:14:53.779 1586 1586 W SystemServiceManager: Service com.android.server.inputmethod.InputMethodManagerService$Lifecycle took 65 ms in onBootPhase
01-02 13:14:53.779 1586 1586 D SystemServerTiming: OnBootPhase_550_com.android.server.accessibility.AccessibilityManagerService$Lifecycle
01-02 13:14:53.779 1586 1586 D SystemServerTiming: OnBootPhase_550_com.android.server.StorageManagerService$Lifecycle
01-02 13:14:53.779 1586 1586 D SystemServerTiming: OnBootPhase_550_com.android.server.usage.StorageStatsService$Lifecycle
01-02 13:14:53.779 1586 1586 D SystemServerTiming: OnBootPhase_550_com.android.server.UiModeManagerService
01-02 13:14:53.779 1586 1586 D SystemServerTiming: OnBootPhase_550_com.android.server.locales.LocaleManagerService
01-02 13:14:53.779 1586 1586 D SystemServerTiming: OnBootPhase_550_com.android.server.locksettings.LockSettingsService$Lifecycle
01-02 13:14:53.782 1586 1586 I RebootEscrowManager: No reboot escrow data found for users, skipping loading escrow data
01-02 13:14:53.793 1586 1586 D SystemServerTiming: OnBootPhase_550_com.android.server.testharness.TestHarnessModeService
01-02 13:14:53.794 1586 1586 D SystemServerTiming: OnBootPhase_550_com.android.server.DeviceIdleController
01-02 13:14:53.794 1586 1586 D SystemServerTiming: OnBootPhase_550_com.android.server.devicepolicy.DevicePolicyManagerService$Lifecycle
01-02 13:14:53.794 1586 1586 D SystemServerTiming: OnBootPhase_550_com.android.server.texttospeech.TextToSpeechManagerService
01-02 13:14:53.794 1586 1586 D SystemServerTiming: OnBootPhase_550_com.android.server.ambientcontext.AmbientContextManagerService
01-02 13:14:53.794 1586 1586 D SystemServerTiming: OnBootPhase_550_com.android.server.speech.SpeechRecognitionManagerService
01-02 13:14:53.794 1586 1586 D SystemServerTiming: OnBootPhase_550_com.android.server.searchui.SearchUiManagerService
01-02 13:14:53.794 1586 1586 D SystemServerTiming: OnBootPhase_550_com.android.server.smartspace.SmartspaceManagerService
01-02 13:14:53.794 1586 1586 D SystemServerTiming: OnBootPhase_550_com.android.server.graphics.fonts.FontManagerService$Lifecycle
01-02 13:14:53.794 1586 1586 D SystemServerTiming: OnBootPhase_550_com.android.server.textservices.TextServicesManagerService$Lifecycle
01-02 13:14:53.794 1586 1586 D SystemServerTiming: OnBootPhase_550_com.android.server.textclassifier.TextClassificationManagerService$Lifecycle
01-02 13:14:53.794 1586 1586 D SystemServerTiming: OnBootPhase_550_com.android.server.NetworkScoreService$Lifecycle
01-02 13:14:53.794 1586 1586 D SystemServerTiming: OnBootPhase_550_com.android.server.NetworkStatsServiceInitializer
01-02 13:14:53.797 1758 1758 I INI_SO : [ini_module_init:758]ini module init func
01-02 13:14:53.804 1586 1662 E NativeTombstoneManager: Tombstone's UID (1027) not an app, ignoring
01-02 13:14:53.813 1758 1758 D wpa_supplicant: [PMF]wpa_supplicant_init:pmf_need_enable = 0
01-02 13:14:53.813 1758 1758 D wpa_supplicant: wpa_supplicant v2.7-devel-9
01-02 13:14:53.814 1758 1758 D wpa_supplicant: Global control interface '@android:wpa_wlan0'
01-02 13:14:53.814 1758 1758 D wpa_supplicant: Using Android control socket 'wpa_wlan0'
01-02 13:14:53.814 1758 1758 D wpa_supplicant: Initing hidl control
01-02 13:14:53.814 1758 1758 I wpa_supplicant: Processing hidl events on FD 4
01-02 13:14:53.816 373 373 E hw-IPCThreadState: Process making non-oneway call (code: 256067662) but is restricted.
01-02 13:14:53.816 373 373 W hw-IPCThreadState: CallStack::getCurrentInternal not linked, returning null
01-02 13:14:53.816 373 373 W non-oneway call: CallStack::logStackInternal not linked
01-02 13:14:53.817 1758 1758 I wpa_supplicant: Successfully initialized wpa_supplicant
01-02 13:14:53.817 1758 1758 D wpa_supplicant: Ensure_config_file_exists:/data/vendor/wifi/wpa/wpa_supplicant.conf, ret:6 , errno=Success
01-02 13:14:53.819 1758 1758 D wpa_supplicant: Ensure_config_file_exists:/data/vendor/wifi/wpa/p2p_supplicant.conf, ret:6 , errno=Success
01-02 13:14:53.819 1586 1613 I android_os_HwBinder: HwBinder: Starting thread pool for getting: android.hardware.wifi.supplicant@1.0::ISupplicant/default
01-02 13:14:53.820 1586 1613 I SupplicantStaIfaceHalHidlImp: Completed initialization of ISupplicant.
01-02 13:14:53.823 1586 1692 E SupplicantStaIfaceHalHidlImp: Can't call setupIface, ISupplicantStaIface is null for iface=wlan0
01-02 13:14:53.825 1586 1662 E NativeTombstoneManager: Tombstone's UID (1027) not an app, ignoring
01-02 13:14:53.826 1586 1692 I android_os_HwBinder: HwBinder: Starting thread pool for getting: android.hardware.wifi.supplicant@1.0::ISupplicant/default
01-02 13:14:53.829 1758 1758 D wpa_supplicant: wpa_supplicant_add_iface:interface name wlan0
01-02 13:14:53.829 1758 1758 D wpa_supplicant: Configuration file '/data/vendor/wifi/wpa/wpa_supplicant.conf' -> '/data/vendor/wifi/wpa/wpa_supplicant.conf'
01-02 13:14:53.829 1758 1758 D wpa_supplicant: Reading configuration file '/data/vendor/wifi/wpa/wpa_supplicant.conf'
01-02 13:14:53.830 1758 1758 D wpa_supplicant: ctrl_interface='/data/vendor/wifi/wpa/sockets'
01-02 13:14:53.830 1758 1758 D wpa_supplicant: update_config=1
01-02 13:14:53.830 1758 1758 D wpa_supplicant: device_name='unknown'
01-02 13:14:53.830 1758 1758 D wpa_supplicant: manufacturer='HUAWEI'
01-02 13:14:53.830 1758 1758 D wpa_supplicant: pmf=1
01-02 13:14:53.830 1758 1758 D wpa_supplicant: config_methods='physical_display virtual_push_button'
01-02 13:14:53.830 1758 1758 D wpa_supplicant: wapi_type='hisi'
01-02 13:14:53.830 1758 1758 D wpa_supplicant: filter_rssi=-78
01-02 13:14:53.830 1758 1758 D wpa_supplicant: Reading configuration file '/vendor/etc/wifi/wpa_supplicant_overlay.conf'
01-02 13:14:53.830 1758 1758 D wpa_supplicant: disable_scan_offload=1
01-02 13:14:53.830 1758 1758 D wpa_supplicant: filter_rssi=-75
01-02 13:14:53.832 1758 1758 D wpa_supplicant: nl80211: Set mode ifindex 28 iftype 2 (STATION)
01-02 13:14:53.832 1758 1758 D wpa_supplicant: nl80211: Subscribe to mgmt frames with non-AP handle 0x71ba43acd0
01-02 13:14:53.832 1758 1758 I wpa_supplicant: rfkill: Cannot open RFKILL control device
01-02 13:14:53.832 1758 1758 D wpa_supplicant: nl80211: RFKILL status not available
01-02 13:14:53.833 1758 1758 D wpa_supplicant: Add interface wlan0 to a new radio phy0
01-02 13:14:53.833 1586 1752 I EthernetTracker: interfaceLinkStateChanged, iface: wlan0, up: true
01-02 13:14:53.833 1758 1758 D wpa_supplicant: nl80211: Added 802.11b mode based on 802.11g information
01-02 13:14:53.833 1758 1758 D wpa_supplicant: nl80211: Wlan0 Do not indicate P2P_DEVICE support.
01-02 13:14:53.833 1758 1758 D wpa_supplicant: wlan0: wapi iface wlan0 init!
01-02 13:14:53.834 1586 1600 I EthernetTracker: interfaceLinkStateChanged, iface: wlan0, up: true
01-02 13:14:53.834 1758 1758 I wpa_supplicant: dlopen LIBWAPIPATH is /vendor/lib64/libwifi_wapi_hisi.so
01-02 13:14:53.840 1758 1758 E wpa_supplicant: wapi_call_back_init enter!
01-02 13:14:53.850 1586 1662 E NativeTombstoneManager: Tombstone's UID (1027) not an app, ignoring
01-02 13:14:53.856 1586 1662 E NativeTombstoneManager: Tombstone's UID (1027) not an app, ignoring
01-02 13:14:53.862 1586 1586 W BestClock: java.time.DateTimeException: Missing NTP fix
01-02 13:14:53.868 1586 1662 E NativeTombstoneManager: Tombstone's UID (1027) not an app, ignoring
01-02 13:14:53.870 1586 1662 E NativeTombstoneManager: Tombstone's UID (1027) not an app, ignoring
01-02 13:14:53.874 1586 1662 E NativeTombstoneManager: Tombstone's UID (1027) not an app, ignoring
01-02 13:14:53.875 1586 1662 E NativeTombstoneManager: Tombstone's UID (1027) not an app, ignoring
01-02 13:14:53.880 1586 1662 E NativeTombstoneManager: Tombstone's UID (1027) not an app, ignoring
01-02 13:14:53.881 1586 1662 E NativeTombstoneManager: Tombstone's UID (1027) not an app, ignoring
01-02 13:14:53.886 1586 1662 E NativeTombstoneManager: Tombstone's UID (1027) not an app, ignoring
01-02 13:14:53.886 1758 1758 D wpa_supplicant: Initial WAPI L2 packet
01-02 13:14:53.886 1758 1758 D wpa_supplicant: wapi iface init sucess
01-02 13:14:53.886 1758 1758 D wpa_supplicant: wlan0: wpa_supplicant_init_iface[5915]:ifname wlan0, p2p_mgmt=0x0, drv_flags 10047ac0
01-02 13:14:53.887 1586 1662 E NativeTombstoneManager: Tombstone's UID (1027) not an app, ignoring
01-02 13:14:53.892 1586 1662 E NativeTombstoneManager: Tombstone's UID (1027) not an app, ignoring
01-02 13:14:53.893 1586 1662 E NativeTombstoneManager: Tombstone's UID (1027) not an app, ignoring
01-02 13:14:53.898 1586 1662 E NativeTombstoneManager: Tombstone's UID (1027) not an app, ignoring
01-02 13:14:53.899 1586 1662 E NativeTombstoneManager: Tombstone's UID (1027) not an app, ignoring
01-02 13:14:53.904 1586 1662 E NativeTombstoneManager: Tombstone's UID (1027) not an app, ignoring
01-02 13:14:53.906 1586 1662 E NativeTombstoneManager: Tombstone's UID (1027) not an app, ignoring
01-02 13:14:53.908 1586 1586 I TetheringManager: registerTetheringEventCallback caller:android
01-02 13:14:53.912 1586 1662 E NativeTombstoneManager: Tombstone's UID (1027) not an app, ignoring
01-02 13:14:53.912 1586 1586 W SystemServiceManager: Service com.android.server.NetworkStatsServiceInitializer took 118 ms in onBootPhase
01-02 13:14:53.913 1586 1586 D SystemServerTiming: OnBootPhase_550_com.android.server.wifi.WifiService
01-02 13:14:53.913 1586 1586 D SystemServerTiming: OnBootPhase_550_com.android.server.wifi.scanner.WifiScanningService
01-02 13:14:53.913 1586 1586 D SystemServerTiming: OnBootPhase_550_com.android.server.wifi.p2p.WifiP2pService
01-02 13:14:53.913 1586 1586 D SystemServerTiming: OnBootPhase_550_com.android.server.ConnectivityServiceInitializer
01-02 13:14:53.913 1586 1586 D SystemServerTiming: OnBootPhase_550_com.android.server.notification.NotificationManagerService
01-02 13:14:53.913 1586 1586 D SystemServerTiming: OnBootPhase_550_com.android.server.storage.DeviceStorageMonitorService
01-02 13:14:53.913 1586 1586 D SystemServerTiming: OnBootPhase_550_com.android.server.location.LocationManagerService$Lifecycle
01-02 13:14:53.913 1586 1586 D SystemServerTiming: OnBootPhase_550_com.android.server.timedetector.TimeDetectorService$Lifecycle
01-02 13:14:53.913 1586 1586 D SystemServerTiming: OnBootPhase_550_com.android.server.timezonedetector.TimeZoneDetectorService$Lifecycle
01-02 13:14:53.913 1586 1586 D SystemServerTiming: OnBootPhase_550_com.android.server.timezonedetector.location.LocationTimeZoneManagerService$Lifecycle
01-02 13:14:53.913 1586 1586 D SystemServerTiming: OnBootPhase_550_com.android.server.search.SearchManagerService$Lifecycle
01-02 13:14:53.913 1586 1586 D SystemServerTiming: OnBootPhase_550_com.android.server.wallpaper.WallpaperManagerService$Lifecycle
01-02 13:14:53.913 1586 1662 E NativeTombstoneManager: Tombstone's UID (1027) not an app, ignoring
01-02 13:14:53.918 1586 1586 V WallpaperManagerService: bindWallpaperComponentLocked: componentName=ComponentInfo{com.android.systemui/com.android.systemui.wallpapers.ImageWallpaper}
01-02 13:14:53.920 1586 1662 E NativeTombstoneManager: Tombstone's UID (1027) not an app, ignoring
01-02 13:14:53.922 1586 1662 E NativeTombstoneManager: Tombstone's UID (1027) not an app, ignoring
01-02 13:14:53.922 1586 1586 D CompatibilityChangeReporter: Compat change id reported: 135634846; UID 10104; state: DISABLED
01-02 13:14:53.922 1586 1586 D CompatibilityChangeReporter: Compat change id reported: 177438394; UID 10104; state: DISABLED
01-02 13:14:53.922 1586 1586 D CompatibilityChangeReporter: Compat change id reported: 135772972; UID 10104; state: DISABLED
01-02 13:14:53.923 1586 1586 D CompatibilityChangeReporter: Compat change id reported: 135754954; UID 10104; state: ENABLED
01-02 13:14:53.924 1586 1616 D CompatibilityChangeReporter: Compat change id reported: 143937733; UID 10104; state: ENABLED
01-02 13:14:53.926 1176 1176 I Zygote : Entering forkRepeatedly native zygote loop
01-02 13:14:53.928 1586 1662 E NativeTombstoneManager: Tombstone's UID (1027) not an app, ignoring
01-02 13:14:53.930 1586 1662 E NativeTombstoneManager: Tombstone's UID (1027) not an app, ignoring
01-02 13:14:53.930 1586 1586 D SystemServerTiming: OnBootPhase_550_com.android.server.wallpapereffectsgeneration.WallpaperEffectsGenerationManagerService
01-02 13:14:53.930 1586 1586 D SystemServerTiming: OnBootPhase_550_com.android.server.audio.AudioService$Lifecycle
01-02 13:14:53.930 1586 1586 D SystemServerTiming: OnBootPhase_550_com.android.server.soundtrigger_middleware.SoundTriggerMiddlewareService$Lifecycle
01-02 13:14:53.931 1586 1586 D SystemServerTiming: OnBootPhase_550_com.android.server.DockObserver
01-02 13:14:53.931 1586 1586 D SystemServerTiming: OnBootPhase_550_com.android.server.midi.MidiService$Lifecycle
01-02 13:14:53.931 1586 1586 D SystemServerTiming: OnBootPhase_550_com.android.server.adb.AdbService$Lifecycle
01-02 13:14:53.931 1586 1586 D SystemServerTiming: OnBootPhase_550_com.android.server.usb.UsbService$Lifecycle
01-02 13:14:53.931 1586 1586 D SystemServerTiming: OnBootPhase_550_com.android.server.twilight.TwilightService
01-02 13:14:53.931 1586 1664 D SystemServerTimingAsync: InitThreadPoolExec:UsbService$Lifecycle#onBootPhase
01-02 13:14:53.931 1586 1586 D SystemServerTiming: OnBootPhase_550_com.android.server.display.color.ColorDisplayService
01-02 13:14:53.931 1586 1586 D SystemServerTiming: OnBootPhase_550_com.android.server.job.JobSchedulerService
01-02 13:14:53.931 1586 1586 D SystemServerTiming: OnBootPhase_550_com.android.server.soundtrigger.SoundTriggerService
01-02 13:14:53.931 1586 1586 D SoundTriggerService: onBootPhase: 550 : false
01-02 13:14:53.931 1586 1586 D SystemServerTiming: OnBootPhase_550_com.android.server.trust.TrustManagerService
01-02 13:14:53.931 1586 1586 D SystemServerTiming: OnBootPhase_550_com.android.server.backup.BackupManagerService$Lifecycle
01-02 13:14:53.931 1586 1586 D SystemServerTiming: OnBootPhase_550_com.android.server.appwidget.AppWidgetService
01-02 13:14:53.932 1586 1586 D SystemServerTiming: OnBootPhase_550_com.android.server.voiceinteraction.VoiceInteractionManagerService
01-02 13:14:53.932 1586 1586 D SystemServerTiming: OnBootPhase_550_com.android.server.apphibernation.AppHibernationService
01-02 13:14:53.932 1586 1586 D SystemServerTiming: OnBootPhase_550_com.android.server.GestureLauncherService
01-02 13:14:53.932 1586 1586 D SystemServerTiming: OnBootPhase_550_com.android.server.SensorNotificationService
01-02 13:14:53.932 1586 1586 D SystemServerTiming: OnBootPhase_550_com.android.server.emergency.EmergencyAffordanceService
01-02 13:14:53.932 1586 1586 D SystemServerTiming: OnBootPhase_550_com.android.server.blob.BlobStoreManagerService
01-02 13:14:53.932 1368 1400 I audio_hw_primary: update stream types 0
01-02 13:14:53.933 1586 1586 D SystemServerTiming: OnBootPhase_550_com.android.server.dreams.DreamManagerService
01-02 13:14:53.933 1016 1016 I android.hardware.usb@1.0-service: otg_default
01-02 13:14:53.933 1586 1586 D SystemServerTiming: OnBootPhase_550_com.android.server.print.PrintManagerService
01-02 13:14:53.933 1586 1586 D SystemServerTiming: OnBootPhase_550_com.android.server.security.AttestationVerificationManagerService
01-02 13:14:53.933 1586 1586 D SystemServerTiming: OnBootPhase_550_com.android.server.companion.CompanionDeviceManagerService
01-02 13:14:53.933 1586 1586 D SystemServerTiming: OnBootPhase_550_com.android.server.companion.virtual.VirtualDeviceManagerService
01-02 13:14:53.933 1586 1586 D SystemServerTiming: OnBootPhase_550_com.android.server.restrictions.RestrictionsManagerService
01-02 13:14:53.933 1586 1586 D SystemServerTiming: OnBootPhase_550_com.android.server.media.MediaSessionService
01-02 13:14:53.933 1016 1016 I android.hardware.usb@1.0-service: canChangeMode: 1 canChagedata: 0 canChangePower:0
01-02 13:14:53.933 1586 1586 D SystemServerTiming: OnBootPhase_550_com.android.server.media.MediaResourceMonitorService
01-02 13:14:53.933 1586 1586 D SystemServerTiming: OnBootPhase_550_com.android.server.biometrics.sensors.fingerprint.FingerprintService
01-02 13:14:53.933 1586 1586 D SystemServerTiming: OnBootPhase_550_com.android.server.biometrics.BiometricService
01-02 13:14:53.933 1586 1586 D SystemServerTiming: OnBootPhase_550_com.android.server.biometrics.AuthService
01-02 13:14:53.933 1586 1586 D SystemServerTiming: OnBootPhase_550_com.android.server.pm.ShortcutService$Lifecycle
01-02 13:14:53.933 1586 1586 D SystemServerTiming: OnBootPhase_550_com.android.server.pm.LauncherAppsService
01-02 13:14:53.933 1586 1586 D SystemServerTiming: OnBootPhase_550_com.android.server.pm.CrossProfileAppsService
01-02 13:14:53.933 1586 1586 D SystemServerTiming: OnBootPhase_550_com.android.server.people.PeopleService
01-02 13:14:53.933 1586 1586 D SystemServerTiming: OnBootPhase_550_com.android.server.media.metrics.MediaMetricsManagerService
01-02 13:14:53.933 1586 1586 D SystemServerTiming: OnBootPhase_550_com.android.server.media.projection.MediaProjectionManagerService
01-02 13:14:53.933 1586 1586 D SystemServerTiming: OnBootPhase_550_com.android.server.slice.SliceManagerService$Lifecycle
01-02 13:14:53.934 1586 1586 D SystemServerTiming: OnBootPhase_550_com.android.server.stats.StatsCompanion$Lifecycle
01-02 13:14:53.934 1586 1586 D SystemServerTiming: OnBootPhase_550_com.android.server.scheduling.RebootReadinessManagerService$Lifecycle
01-02 13:14:53.934 1586 1586 D SystemServerTiming: OnBootPhase_550_com.android.server.stats.pull.StatsPullAtomService
01-02 13:14:53.934 1586 1586 D SystemServerTiming: OnBootPhase_550_com.android.server.stats.bootstrap.StatsBootstrapAtomService$Lifecycle
01-02 13:14:53.934 1586 1586 D SystemServerTiming: OnBootPhase_550_com.android.server.incident.IncidentCompanionService
01-02 13:14:53.934 1586 1586 D SystemServerTiming: OnBootPhase_550_com.android.server.sdksandbox.SdkSandboxManagerService$Lifecycle
01-02 13:14:53.934 1586 1586 D SystemServerTiming: OnBootPhase_550_com.android.server.adservices.AdServicesManagerService$Lifecycle
01-02 13:14:53.934 1586 1586 D SystemServerTiming: OnBootPhase_550_com.android.server.MmsServiceBroker
01-02 13:14:53.934 1586 1586 D SystemServerTiming: OnBootPhase_550_com.android.server.autofill.AutofillManagerService
01-02 13:14:53.934 1586 1586 D SystemServerTiming: OnBootPhase_550_com.android.server.clipboard.ClipboardService
01-02 13:14:53.934 1586 1586 D SystemServerTiming: OnBootPhase_550_com.android.server.appbinding.AppBindingService$Lifecycle
01-02 13:14:53.934 1586 1613 I UsbPortManager: ClientCallback V1_0: otg_default
01-02 13:14:53.935 1586 1586 I AppBindingService: Updating constants with: null
01-02 13:14:53.935 1586 1586 D SystemServerTiming: OnBootPhase_550_com.android.server.tracing.TracingServiceProxy
01-02 13:14:53.935 1586 1586 D SystemServerTiming: OnBootPhase_550_com.android.server.policy.PermissionPolicyService
01-02 13:14:53.935 1586 1586 D SystemServerTiming: Permission_grant_default_permissions-0
01-02 13:14:53.935 1586 1586 D SystemServerTiming: Permission_synchronize_permissions-0
01-02 13:14:53.936 1586 1586 D SystemServerTiming: Permission_synchronize_addPackages-0
01-02 13:14:53.936 1176 1176 D Zygote : Forked child process 1762
01-02 13:14:53.937 1586 1662 E NativeTombstoneManager: Tombstone's UID (1027) not an app, ignoring
01-02 13:14:53.937 1586 1711 D BluetoothManagerService: Trying to bind to profile: 1, while Bluetooth was disabled
01-02 13:14:53.938 1586 1605 I UsbPortManager: USB port added: port=UsbPort{id=otg_default, supportedModes=dualsupportedContaminantProtectionModes=0supportsEnableContaminantPresenceProtection=falsesupportsEnableContaminantPresenceDetection=false, status=UsbPortStatus{connected=false, currentMode=none, currentPowerRole=no-power, currentDataRole=no-data, supportedRoleCombinations=[no-power:no-data], contaminantDetectionStatus=0, contaminantProtectionStatus=0, usbDataStatus=unknown, isPowerTransferLimited=false, powerBrickConnectionStatus=unknown}, canChangeMode=true, canChangePowerRole=false, canChangeDataRole=false, connectedAtMillis=0, lastConnectDurationMillis=0
01-02 13:14:53.938 1586 1616 I ActivityManager: Start proc 1762:com.android.systemui/u0a104 for service {com.android.systemui/com.android.systemui.wallpapers.ImageWallpaper}
01-02 13:14:53.939 1586 1711 D BluetoothA2dp: Binding service...
01-02 13:14:53.941 1586 1711 D BluetoothHearingAid: Binding service...
01-02 13:14:53.944 1586 1662 E NativeTombstoneManager: Tombstone's UID (1027) not an app, ignoring
01-02 13:14:53.945 1586 1711 D BluetoothLeAudio: Binding service...
01-02 13:14:53.946 1758 1758 D wpa_supplicant: wlan0: Own MAC address: 98:**:**:**:bd:45
01-02 13:14:53.946 1758 1758 D wpa_supplicant: wlan0: Own MAC address: 98:**:**:**:bd:45
01-02 13:14:53.947 1758 1758 D wpa_supplicant: wlan0: State: DISCONNECTED -> INACTIVE
01-02 13:14:53.947 1758 1758 D wpa_supplicant: mdpp-wpa: MDPP switch is off
01-02 13:14:53.947 1758 1758 D wpa_supplicant: Notifying state change event to hidl control: 2
01-02 13:14:53.950 1368 1400 I audio_hw_primary: update stream types 0
01-02 13:14:53.952 1383 1431 I AudioFlinger: systemReady
01-02 13:14:53.952 1586 1712 I AS.AudioDeviceInventory: removePreferredDevicesForStrategySync, strategy: 14
01-02 13:14:53.953 1586 1712 I AS.AudioDeviceInventory: removePreferredDevicesForStrategySync, strategy: 17
01-02 13:14:53.958 1762 1762 E ndroid.systemui: Not starting debugger since process cannot load the jdwp agent.
01-02 13:14:53.959 1586 1662 E NativeTombstoneManager: Tombstone's UID (1027) not an app, ignoring
01-02 13:14:53.961 1586 1662 E NativeTombstoneManager: Tombstone's UID (1027) not an app, ignoring
01-02 13:14:53.968 1586 1662 E NativeTombstoneManager: Tombstone's UID (1027) not an app, ignoring
01-02 13:14:53.970 1586 1662 E NativeTombstoneManager: Tombstone's UID (1027) not an app, ignoring
01-02 13:14:53.976 1586 1662 E NativeTombstoneManager: Tombstone's UID (1027) not an app, ignoring
01-02 13:14:53.978 1586 1650 D CompatibilityChangeReporter: Compat change id reported: 168419799; UID 10104; state: DISABLED
01-02 13:14:53.978 1586 1662 E NativeTombstoneManager: Tombstone's UID (1027) not an app, ignoring
01-02 13:14:53.986 1586 1662 E NativeTombstoneManager: Tombstone's UID (1027) not an app, ignoring
01-02 13:14:53.986 1168 1171 D MediaCodecList: Allowing all OMX codecs
01-02 13:14:53.987 1586 1662 E NativeTombstoneManager: Tombstone's UID (1027) not an app, ignoring
01-02 13:14:53.993 1762 1762 D CompatibilityChangeReporter: Compat change id reported: 171979766; UID 10104; state: ENABLED
01-02 13:14:53.996 1586 1662 E NativeTombstoneManager: Tombstone's UID (1027) not an app, ignoring
01-02 13:14:53.997 1168 1171 I OMXClient: IOmx service obtained
01-02 13:14:53.997 1586 1662 E NativeTombstoneManager: Tombstone's UID (1027) not an app, ignoring
01-02 13:14:53.998 1586 1586 D SystemServerTiming: Permission_syncPackages-0
01-02 13:14:53.998 1197 1197 I OMXMaster: makeComponentInstance(OMX.google.aac.decoder) in omx@1.0-service process
01-02 13:14:54.001 1758 1758 D wpa_supplicant: ctrl_iface bind(PF_UNIX) failed: Address already in use
01-02 13:14:54.001 1758 1758 D wpa_supplicant: ctrl_iface exists, but does not allow connections - assuming it was leftover from forced program termination
01-02 13:14:54.002 1758 1758 D wpa_supplicant: Successfully replaced leftover ctrl_iface socket '/data/vendor/wifi/wpa/sockets/wlan0'
01-02 13:14:54.002 1758 1758 D wpa_supplicant: Registering interface to hidl control: wlan0
01-02 13:14:54.003 1758 1758 D wpa_supplicant: wlan0: Added interface wlan0
01-02 13:14:54.003 1758 1758 D wpa_supplicant: wlan0: State: INACTIVE -> DISCONNECTED
01-02 13:14:54.003 1758 1758 D wpa_supplicant: mdpp-wpa: MDPP switch is off
01-02 13:14:54.003 1758 1758 D wpa_supplicant: Notifying state change event to hidl control: 0
01-02 13:14:54.003 1758 1758 D wpa_supplicant: OKC-Native: Init start
01-02 13:14:54.003 1758 1758 D wpa_supplicant: OKC-Native: Sta config init start
01-02 13:14:54.003 1758 1758 D wpa_supplicant: OKC-Native: Set sta mac=xx:xx:xx:12:bd:45
01-02 13:14:54.003 1758 1758 D wpa_supplicant: OKC-Native: Set sta mac=xx:xx:xx:12:bd:45
01-02 13:14:54.003 1758 1758 D wpa_supplicant: OKC-Native: Sta config init over
01-02 13:14:54.003 1758 1758 D wpa_supplicant: OKC-Native: Fill okc ie head
01-02 13:14:54.003 1758 1758 D wpa_supplicant: OKC-Native: Get dev ie
01-02 13:14:54.003 1758 1758 D wpa_supplicant: OKC-Native: Fill okc dev ie head
01-02 13:14:54.003 1758 1758 D wpa_supplicant: OKC-Native: Get cap ie
01-02 13:14:54.003 1758 1758 D wpa_supplicant: OKC-Native: Fill okc cap ie head
01-02 13:14:54.003 1758 1758 D wpa_supplicant: OKC-Native: Delete probe req okc ie
01-02 13:14:54.003 1758 1758 D wpa_supplicant: OKC-Native:hilink_enable=1 handshake_enable=0 sta mac=xx:xx:xx:12:bd:45 target mac=xx:xx:xx:00:00:00
01-02 13:14:54.003 1758 1758 D wpa_supplicant: OKC-Native: Init over
01-02 13:14:54.008 1586 1662 E NativeTombstoneManager: Tombstone's UID (1027) not an app, ignoring
01-02 13:14:54.008 373 373 I hwservicemanager: getTransport: Cannot find entry android.hardware.wifi.supplicant@1.2::ISupplicant/default in either framework or device VINTF manifest.
01-02 13:14:54.009 1586 1662 E NativeTombstoneManager: Tombstone's UID (1027) not an app, ignoring
01-02 13:14:54.011 1586 1692 D SupplicantStaIfaceHalHidlImp: Newer HAL is found, skip V1_0 remaining init flow.
01-02 13:14:54.011 373 373 I hwservicemanager: getTransport: Cannot find entry android.hardware.wifi.supplicant@1.3::ISupplicant/default in either framework or device VINTF manifest.
01-02 13:14:54.012 373 373 I hwservicemanager: getTransport: Cannot find entry android.hardware.wifi.supplicant@1.2::ISupplicant/default in either framework or device VINTF manifest.
01-02 13:14:54.012 1168 1171 I OMXClient: IOmx service obtained
01-02 13:14:54.012 1586 1692 E SupplicantStaIfaceHalHidlImp: Method getKeyMgmtCapabilities is not supported in existing HAL
01-02 13:14:54.012 1197 1197 I OMXMaster: makeComponentInstance(OMX.google.amrnb.decoder) in omx@1.0-service process
01-02 13:14:54.014 373 373 I hwservicemanager: getTransport: Cannot find entry android.hardware.wifi.supplicant@1.4::ISupplicant/default in either framework or device VINTF manifest.
01-02 13:14:54.016 1035 1035 D WifiHAL : In DebugCommand::handleResponse
01-02 13:14:54.016 1035 1035 D WifiHAL : len = 4, expected len = 4
01-02 13:14:54.017 1035 1035 D WifiHAL : In DebugCommand::handleResponse
01-02 13:14:54.017 1035 1035 D WifiHAL : len = 4, expected len = 4
01-02 13:14:54.017 1586 1662 E NativeTombstoneManager: Tombstone's UID (1027) not an app, ignoring
01-02 13:14:54.017 1586 1586 D SystemServerTiming: Permission_onInitialized-0
01-02 13:14:54.017 1586 1586 I PackageManager: Permission ownership changed. Updating all permissions.
01-02 13:14:54.018 373 373 I hwservicemanager: getTransport: Cannot find entry android.hardware.wifi.supplicant@1.4::ISupplicant/default in either framework or device VINTF manifest.
01-02 13:14:54.018 1586 1662 E NativeTombstoneManager: Tombstone's UID (1027) not an app, ignoring
01-02 13:14:54.018 373 373 I hwservicemanager: getTransport: Cannot find entry android.hardware.wifi.supplicant@1.3::ISupplicant/default in either framework or device VINTF manifest.
01-02 13:14:54.018 1586 1692 I SupplicantStaIfaceHalHidlImp: Method getWpaDriverFeatureSet is not supported in existing HAL
01-02 13:14:54.019 1586 1692 I WifiNative: Successfully switched to connectivity mode on iface=Iface:{Name=wlan0,Id=0,Type=STA_CONNECTIVITY}
