01-02 13:14:53.108 1586 1614 D StatsPullAtomService: Registering pullers with statsd
01-02 13:14:53.110 1586 1692 D WifiNl80211Manager: tearing down interfaces in wificond
01-02 13:14:53.111 1586 1700 D ConnectivityService: NetReassign [no changes]
01-02 13:14:53.112 1586 1614 I StatsPullAtomService: register thermal listener successfully
01-02 13:14:53.113 1586 1692 D WifiAdaptConnObserver: Adaptive connectivity status initialized to: true
01-02 13:14:53.113 1586 1586 D SystemServerTiming: MakePackageManagerServiceReady
01-02 13:14:53.114 1586 1692 D WifiController: EnabledState.enter()
01-02 13:14:53.114 1586 1692 D WifiClientModeManager[unknown]: entering IdleState
01-02 13:14:53.116 1035 1035 E WifiHAL : Enter init_wifi_vendor_hal_func_table
01-02 13:14:53.117 1035 1035 I vendor.huawei.hardware.wifi@1.1-service: Wifi HAL started
01-02 13:14:53.132 1586 1692 I WifiVendorHal: Vendor Hal started successfully
01-02 13:14:53.135 1035 1035 E vendor.huawei.hardware.wifi@1.1-service: Cannot open "/proc/device-tree/bcm_wifi/wifi_fw_name": No such file or directory
01-02 13:14:53.164 1586 1586 V UserDataPreparer: Found /data/user_de/0 with serial number 0
01-02 13:14:53.164 1586 1586 V UserDataPreparer: Found /data/user/0 with serial number 0
01-02 13:14:53.164 1586 1586 V UserDataPreparer: Found /data/system_de/0 with serial number 0
01-02 13:14:53.164 1586 1586 W UserDataPreparer: Invalid user directory /data/system_de/usagestats
01-02 13:14:53.164 1586 1586 V UserDataPreparer: Found /data/system_ce/0 with serial number 0
01-02 13:14:53.164 1586 1586 V UserDataPreparer: Found /data/misc_ce/0 with serial number 0
01-02 13:14:53.166 1586 1586 I PackageManager: Permission ownership changed. Updating all permissions.
01-02 13:14:53.170 1177 1177 D libEGL : loaded /vendor/lib/egl/libGLES_mali.so
01-02 13:14:53.175 1443 1527 D BootAnimation: Playing files = /system/media/bootanimation.zip/part1, Requested repeat = 0, playUntilComplete = false
01-02 13:14:53.234 1177 1177 I Zygote : Preloading shared libraries...
01-02 13:14:53.241 1177 1177 E zygote : Unable to find pattern file or unable to map it for am
01-02 13:14:53.229 381 381 W binder:381_2: type=1400 audit(0.0:733): avc: denied { getattr } for scontext=u:r:vold:s0 tcontext=u:r:system_server:s0 tclass=process permissive=0
01-02 13:14:53.243 1586 1636 E DefaultPermGrantPolicy: Package not found: com.google.android.apps.assistant
01-02 13:14:53.243 1586 1636 W DefaultPermGrantPolicy: No such package:com.google.android.apps.assistant
01-02 13:14:53.244 1586 1636 E DefaultPermGrantPolicy: Package not found: com.google.android.apps.actionsservice
01-02 13:14:53.244 1586 1636 W DefaultPermGrantPolicy: No such package:com.google.android.apps.actionsservice
01-02 13:14:53.229 381 381 W binder:381_2: type=1400 audit(0.0:734): avc: denied { getattr } for scontext=u:r:vold:s0 tcontext=u:r:system_server:s0 tclass=process permissive=0
01-02 13:14:53.245 1177 1177 I Zygote : Called ZygoteHooks.endPreload()
01-02 13:14:53.245 1177 1177 I Zygote : Installed AndroidKeyStoreProvider in 1ms.
01-02 13:14:53.246 373 373 I hwservicemanager: getTransport: Cannot find entry android.hardware.boot@1.0::IBootControl/default in either framework or device VINTF manifest.
01-02 13:14:53.247 1586 1586 D SystemServerTiming: MakeDisplayManagerServiceReady
01-02 13:14:53.249 1177 1177 I Zygote : Warmed up JCA providers in 3ms.
01-02 13:14:53.249 1177 1177 D Zygote : end preload
01-02 13:14:53.249 1586 1608 E DisplayModeDirector: Asked about unknown display, returning empty display mode specs!(id=0)
01-02 13:14:53.249 1586 1608 E DisplayModeDirector: Asked about unknown display, returning empty display mode specs!(id=0)
01-02 13:14:53.253 1586 1586 I BrightnessSynchronizer: Initial brightness readings: 67(int), 0.24104968(float)
01-02 13:14:53.254 1586 1586 D SystemServerTiming: StartDeviceSpecificServices
01-02 13:14:53.254 1586 1586 D SystemServerTiming: GameManagerService
01-02 13:14:53.254 1586 1586 I SystemServiceManager: Starting com.android.server.app.GameManagerService$Lifecycle
01-02 13:14:53.258 1386 1386 I DisplayDevice: Display 0 policy changed
01-02 13:14:53.258 1386 1386 I DisplayDevice: Previous: {{defaultModeId=2, allowGroupSwitching=false, primaryRange=[0.00 Hz, 340282346638528859811704183484516925440.00 Hz], appRequestRange=[0.00 Hz, 340282346638528859811704183484516925440.00 Hz]}}
01-02 13:14:53.258 1386 1386 I DisplayDevice: Current: {{defaultModeId=0, allowGroupSwitching=false, primaryRange=[0.00 Hz, 60.00 Hz], appRequestRange=[0.00 Hz, inf Hz]}}
01-02 13:14:53.258 1386 1386 I DisplayDevice: 0 mode changes were performed under the previous policy
01-02 13:14:53.259 1586 1586 D SystemServerTiming: ArtManagerLocal
01-02 13:14:53.259 1586 1586 D SystemServerTiming: StartBootPhaseDeviceSpecificServicesReady
01-02 13:14:53.259 1586 1586 I SystemServiceManager: Starting phase 520
01-02 13:14:53.259 1586 1586 D SystemServerTiming: OnBootPhase_520
01-02 13:14:53.259 1586 1586 D SystemServerTiming: OnBootPhase_520_com.android.server.security.FileIntegrityService
01-02 13:14:53.259 1586 1586 D SystemServerTiming: OnBootPhase_520_com.android.server.pm.Installer
01-02 13:14:53.260 1586 1586 D SystemServerTiming: OnBootPhase_520_com.android.server.os.DeviceIdentifiersPolicyService
01-02 13:14:53.260 1586 1586 D SystemServerTiming: OnBootPhase_520_com.android.server.uri.UriGrantsManagerService$Lifecycle
01-02 13:14:53.260 1586 1586 D SystemServerTiming: OnBootPhase_520_com.android.server.powerstats.PowerStatsService
01-02 13:14:53.260 1586 1586 D SystemServerTiming: OnBootPhase_520_com.android.server.wm.ActivityTaskManagerService$Lifecycle
01-02 13:14:53.260 1586 1586 D SystemServerTiming: OnBootPhase_520_com.android.server.am.ActivityManagerService$Lifecycle
01-02 13:14:53.260 1586 1586 D SystemServerTiming: OnBootPhase_520_com.android.server.pm.DataLoaderManagerService
01-02 13:14:53.260 1586 1586 D SystemServerTiming: OnBootPhase_520_com.android.server.power.PowerManagerService
01-02 13:14:53.260 1586 1586 D SystemServerTiming: OnBootPhase_520_com.android.server.power.ThermalManagerService
01-02 13:14:53.260 1586 1586 D SystemServerTiming: OnBootPhase_520_com.android.server.power.hint.HintManagerService
01-02 13:14:53.260 1586 1586 D SystemServerTiming: OnBootPhase_520_com.android.server.recoverysystem.RecoverySystemService$Lifecycle
01-02 13:14:53.260 1586 1586 D SystemServerTiming: OnBootPhase_520_com.android.server.lights.LightsService
01-02 13:14:53.260 1586 1586 D SystemServerTiming: OnBootPhase_520_com.android.server.display.DisplayManagerService
01-02 13:14:53.260 1586 1586 D SystemServerTiming: OnBootPhase_520_com.android.server.pm.verify.domain.DomainVerificationService
01-02 13:14:53.260 1586 1586 D SystemServerTiming: OnBootPhase_520_com.android.server.pm.PackageInstallerService$Lifecycle
01-02 13:14:53.260 1586 1586 D SystemServerTiming: OnBootPhase_520_com.android.server.pm.UserManagerService$LifeCycle
01-02 13:14:53.260 1586 1586 D SystemServerTiming: OnBootPhase_520_com.android.server.om.OverlayManagerService
01-02 13:14:53.260 1586 1586 D SystemServerTiming: OnBootPhase_520_com.android.server.resources.ResourcesManagerService
01-02 13:14:53.260 1586 1586 D SystemServerTiming: OnBootPhase_520_com.android.server.sensorprivacy.SensorPrivacyService
01-02 13:14:53.260 1586 1586 D SystemServerTiming: OnBootPhase_520_com.android.server.sensors.SensorService
01-02 13:14:53.260 1586 1586 D SystemServerTiming: OnBootPhase_520_com.android.server.SystemConfigService
01-02 13:14:53.260 1586 1586 D SystemServerTiming: OnBootPhase_520_com.android.server.BatteryService
01-02 13:14:53.260 1586 1586 D SystemServerTiming: OnBootPhase_520_com.android.server.usage.UsageStatsService
01-02 13:14:53.260 1586 1586 D SystemServerTiming: OnBootPhase_520_com.android.server.webkit.WebViewUpdateService
01-02 13:14:53.260 1586 1586 D SystemServerTiming: OnBootPhase_520_com.android.server.CachedDeviceStateService
01-02 13:14:53.260 1586 1586 D SystemServerTiming: OnBootPhase_520_com.android.server.BinderCallsStatsService$LifeCycle
01-02 13:14:53.260 1586 1586 D SystemServerTiming: OnBootPhase_520_com.android.server.LooperStatsService$Lifecycle
01-02 13:14:53.260 1586 1586 D SystemServerTiming: OnBootPhase_520_com.android.server.rollback.RollbackManagerService
01-02 13:14:53.260 1586 1586 D SystemServerTiming: OnBootPhase_520_com.android.server.os.NativeTombstoneManagerService
01-02 13:14:53.260 1586 1586 D SystemServerTiming: OnBootPhase_520_com.android.server.os.BugreportManagerService
01-02 13:14:53.260 1586 1586 D SystemServerTiming: OnBootPhase_520_com.android.server.gpu.GpuService
01-02 13:14:53.260 1586 1586 D SystemServerTiming: OnBootPhase_520_com.android.server.security.KeyChainSystemService
01-02 13:14:53.260 1586 1586 D SystemServerTiming: OnBootPhase_520_com.android.server.BinaryTransparencyService
01-02 13:14:53.260 1586 1586 D SystemServerTiming: OnBootPhase_520_com.android.server.telecom.TelecomLoaderService
01-02 13:14:53.260 1586 1586 D SystemServerTiming: OnBootPhase_520_com.android.server.accounts.AccountManagerService$Lifecycle
01-02 13:14:53.260 1586 1586 D SystemServerTiming: OnBootPhase_520_com.android.server.content.ContentService$Lifecycle
01-02 13:14:53.260 1586 1586 D SystemServerTiming: OnBootPhase_520_com.android.server.DropBoxManagerService
01-02 13:14:53.260 1586 1586 D SystemServerTiming: OnBootPhase_520_com.android.role.RoleService
01-02 13:14:53.260 1586 1586 D SystemServerTiming: OnBootPhase_520_com.android.server.vibrator.VibratorManagerService$Lifecycle
01-02 13:14:53.260 1586 1586 D SystemServerTiming: OnBootPhase_520_com.android.server.tare.InternalResourceService
01-02 13:14:53.260 1586 1586 D SystemServerTiming: OnBootPhase_520_com.android.server.alarm.AlarmManagerService
01-02 13:14:53.260 1586 1586 D SystemServerTiming: OnBootPhase_520_com.android.server.devicestate.DeviceStateManagerService
01-02 13:14:53.260 1586 1586 D SystemServerTiming: OnBootPhase_520_com.android.server.camera.CameraServiceProxy
01-02 13:14:53.260 1586 1586 D SystemServerTiming: OnBootPhase_520_com.android.server.bluetooth.BluetoothService
01-02 13:14:53.260 1586 1586 D SystemServerTiming: OnBootPhase_520_com.android.server.connectivity.IpConnectivityMetrics
01-02 13:14:53.260 1586 1586 D SystemServerTiming: OnBootPhase_520_com.android.server.net.watchlist.NetworkWatchlistService$Lifecycle
01-02 13:14:53.260 1586 1586 D SystemServerTiming: OnBootPhase_520_com.android.server.PinnerService
01-02 13:14:53.260 1586 1586 D SystemServerTiming: OnBootPhase_520_com.android.server.integrity.AppIntegrityManagerService
01-02 13:14:53.260 1586 1586 D SystemServerTiming: OnBootPhase_520_com.android.server.logcat.LogcatManagerService
01-02 13:14:53.260 1586 1586 D SystemServerTiming: OnBootPhase_520_com.android.server.inputmethod.InputMethodManagerService$Lifecycle
01-02 13:14:53.260 1586 1586 D SystemServerTiming: OnBootPhase_520_com.android.server.accessibility.AccessibilityManagerService$Lifecycle
01-02 13:14:53.260 1586 1586 D SystemServerTiming: OnBootPhase_520_com.android.server.StorageManagerService$Lifecycle
01-02 13:14:53.260 1586 1586 D SystemServerTiming: OnBootPhase_520_com.android.server.usage.StorageStatsService$Lifecycle
01-02 13:14:53.260 1586 1586 D SystemServerTiming: OnBootPhase_520_com.android.server.UiModeManagerService
01-02 13:14:53.260 1586 1586 D SystemServerTiming: OnBootPhase_520_com.android.server.locales.LocaleManagerService
01-02 13:14:53.260 1586 1586 D SystemServerTiming: OnBootPhase_520_com.android.server.locksettings.LockSettingsService$Lifecycle
01-02 13:14:53.261 1586 1586 D SystemServerTiming: OnBootPhase_520_com.android.server.testharness.TestHarnessModeService
01-02 13:14:53.261 1586 1586 D SystemServerTiming: OnBootPhase_520_com.android.server.DeviceIdleController
01-02 13:14:53.261 1586 1586 D SystemServerTiming: OnBootPhase_520_com.android.server.devicepolicy.DevicePolicyManagerService$Lifecycle
01-02 13:14:53.261 1586 1586 D SystemServerTiming: OnBootPhase_520_com.android.server.texttospeech.TextToSpeechManagerService
01-02 13:14:53.261 1586 1586 D SystemServerTiming: OnBootPhase_520_com.android.server.ambientcontext.AmbientContextManagerService
01-02 13:14:53.261 1586 1586 D SystemServerTiming: OnBootPhase_520_com.android.server.speech.SpeechRecognitionManagerService
01-02 13:14:53.261 1586 1586 D SystemServerTiming: OnBootPhase_520_com.android.server.searchui.SearchUiManagerService
01-02 13:14:53.261 1586 1586 D SystemServerTiming: OnBootPhase_520_com.android.server.smartspace.SmartspaceManagerService
01-02 13:14:53.261 1586 1586 D SystemServerTiming: OnBootPhase_520_com.android.server.graphics.fonts.FontManagerService$Lifecycle
01-02 13:14:53.261 1586 1586 D SystemServerTiming: OnBootPhase_520_com.android.server.textservices.TextServicesManagerService$Lifecycle
01-02 13:14:53.261 1586 1586 D SystemServerTiming: OnBootPhase_520_com.android.server.textclassifier.TextClassificationManagerService$Lifecycle
01-02 13:14:53.261 1586 1586 D SystemServerTiming: OnBootPhase_520_com.android.server.NetworkScoreService$Lifecycle
01-02 13:14:53.261 1586 1586 D SystemServerTiming: OnBootPhase_520_com.android.server.NetworkStatsServiceInitializer
01-02 13:14:53.261 1586 1586 D SystemServerTiming: OnBootPhase_520_com.android.server.wifi.WifiService
01-02 13:14:53.261 1586 1586 D SystemServerTiming: OnBootPhase_520_com.android.server.wifi.scanner.WifiScanningService
01-02 13:14:53.261 1586 1586 D SystemServerTiming: OnBootPhase_520_com.android.server.wifi.p2p.WifiP2pService
01-02 13:14:53.261 1586 1586 D SystemServerTiming: OnBootPhase_520_com.android.server.ConnectivityServiceInitializer
01-02 13:14:53.261 1586 1586 D SystemServerTiming: OnBootPhase_520_com.android.server.notification.NotificationManagerService
01-02 13:14:53.261 1586 1586 D SystemServerTiming: OnBootPhase_520_com.android.server.storage.DeviceStorageMonitorService
01-02 13:14:53.261 1586 1586 D SystemServerTiming: OnBootPhase_520_com.android.server.location.LocationManagerService$Lifecycle
01-02 13:14:53.261 1586 1586 D SystemServerTiming: OnBootPhase_520_com.android.server.timedetector.TimeDetectorService$Lifecycle
01-02 13:14:53.261 1586 1586 D SystemServerTiming: OnBootPhase_520_com.android.server.timezonedetector.TimeZoneDetectorService$Lifecycle
01-02 13:14:53.261 1586 1586 D SystemServerTiming: OnBootPhase_520_com.android.server.timezonedetector.location.LocationTimeZoneManagerService$Lifecycle
01-02 13:14:53.261 1586 1586 D SystemServerTiming: OnBootPhase_520_com.android.server.search.SearchManagerService$Lifecycle
01-02 13:14:53.261 1586 1586 D SystemServerTiming: OnBootPhase_520_com.android.server.wallpaper.WallpaperManagerService$Lifecycle
01-02 13:14:53.261 1586 1586 D SystemServerTiming: OnBootPhase_520_com.android.server.wallpapereffectsgeneration.WallpaperEffectsGenerationManagerService
01-02 13:14:53.261 1586 1586 D SystemServerTiming: OnBootPhase_520_com.android.server.audio.AudioService$Lifecycle
01-02 13:14:53.261 1586 1586 D SystemServerTiming: OnBootPhase_520_com.android.server.soundtrigger_middleware.SoundTriggerMiddlewareService$Lifecycle
01-02 13:14:53.261 1586 1586 D SystemServerTiming: OnBootPhase_520_com.android.server.DockObserver
01-02 13:14:53.261 1586 1586 D SystemServerTiming: OnBootPhase_520_com.android.server.midi.MidiService$Lifecycle
01-02 13:14:53.261 1586 1586 D SystemServerTiming: OnBootPhase_520_com.android.server.adb.AdbService$Lifecycle
01-02 13:14:53.261 1586 1586 D SystemServerTiming: OnBootPhase_520_com.android.server.usb.UsbService$Lifecycle
01-02 13:14:53.261 1586 1586 D SystemServerTiming: OnBootPhase_520_com.android.server.twilight.TwilightService
01-02 13:14:53.261 1586 1586 D SystemServerTiming: OnBootPhase_520_com.android.server.display.color.ColorDisplayService
01-02 13:14:53.262 1586 1586 D SystemServerTiming: OnBootPhase_520_com.android.server.job.JobSchedulerService
01-02 13:14:53.262 1586 1586 D SystemServerTiming: OnBootPhase_520_com.android.server.soundtrigger.SoundTriggerService
01-02 13:14:53.262 1586 1586 D SoundTriggerService: onBootPhase: 520 : false
01-02 13:14:53.262 1586 1586 D SystemServerTiming: OnBootPhase_520_com.android.server.trust.TrustManagerService
01-02 13:14:53.262 1586 1586 D SystemServerTiming: OnBootPhase_520_com.android.server.backup.BackupManagerService$Lifecycle
01-02 13:14:53.262 1586 1586 D SystemServerTiming: OnBootPhase_520_com.android.server.appwidget.AppWidgetService
01-02 13:14:53.262 1586 1586 D SystemServerTiming: OnBootPhase_520_com.android.server.voiceinteraction.VoiceInteractionManagerService
01-02 13:14:53.262 1586 1586 D SystemServerTiming: OnBootPhase_520_com.android.server.apphibernation.AppHibernationService
01-02 13:14:53.262 1586 1586 D SystemServerTiming: OnBootPhase_520_com.android.server.GestureLauncherService
01-02 13:14:53.262 1586 1586 D SystemServerTiming: OnBootPhase_520_com.android.server.SensorNotificationService
01-02 13:14:53.262 1586 1586 D SystemServerTiming: OnBootPhase_520_com.android.server.emergency.EmergencyAffordanceService
01-02 13:14:53.262 1586 1586 D SystemServerTiming: OnBootPhase_520_com.android.server.blob.BlobStoreManagerService
01-02 13:14:53.262 1586 1586 D SystemServerTiming: OnBootPhase_520_com.android.server.dreams.DreamManagerService
01-02 13:14:53.262 1586 1586 D SystemServerTiming: OnBootPhase_520_com.android.server.print.PrintManagerService
01-02 13:14:53.262 1586 1586 D SystemServerTiming: OnBootPhase_520_com.android.server.security.AttestationVerificationManagerService
01-02 13:14:53.262 1586 1586 D SystemServerTiming: OnBootPhase_520_com.android.server.companion.CompanionDeviceManagerService
01-02 13:14:53.262 1586 1586 D SystemServerTiming: OnBootPhase_520_com.android.server.companion.virtual.VirtualDeviceManagerService
01-02 13:14:53.262 1586 1586 D SystemServerTiming: OnBootPhase_520_com.android.server.restrictions.RestrictionsManagerService
01-02 13:14:53.262 1586 1586 D SystemServerTiming: OnBootPhase_520_com.android.server.media.MediaSessionService
01-02 13:14:53.262 1586 1586 D SystemServerTiming: OnBootPhase_520_com.android.server.media.MediaResourceMonitorService
01-02 13:14:53.262 1586 1586 D SystemServerTiming: OnBootPhase_520_com.android.server.biometrics.sensors.fingerprint.FingerprintService
01-02 13:14:53.262 1586 1586 D SystemServerTiming: OnBootPhase_520_com.android.server.biometrics.BiometricService
01-02 13:14:53.262 1586 1586 D SystemServerTiming: OnBootPhase_520_com.android.server.biometrics.AuthService
01-02 13:14:53.262 1586 1586 D SystemServerTiming: OnBootPhase_520_com.android.server.pm.ShortcutService$Lifecycle
01-02 13:14:53.262 1586 1586 D SystemServerTiming: OnBootPhase_520_com.android.server.pm.LauncherAppsService
01-02 13:14:53.262 1586 1586 D SystemServerTiming: OnBootPhase_520_com.android.server.pm.CrossProfileAppsService
01-02 13:14:53.262 1586 1586 D SystemServerTiming: OnBootPhase_520_com.android.server.people.PeopleService
01-02 13:14:53.262 1586 1586 D SystemServerTiming: OnBootPhase_520_com.android.server.media.metrics.MediaMetricsManagerService
01-02 13:14:53.262 1586 1586 D SystemServerTiming: OnBootPhase_520_com.android.server.media.projection.MediaProjectionManagerService
01-02 13:14:53.262 1586 1586 D SystemServerTiming: OnBootPhase_520_com.android.server.slice.SliceManagerService$Lifecycle
01-02 13:14:53.262 1586 1586 D SystemServerTiming: OnBootPhase_520_com.android.server.stats.StatsCompanion$Lifecycle
01-02 13:14:53.262 1586 1586 D SystemServerTiming: OnBootPhase_520_com.android.server.scheduling.RebootReadinessManagerService$Lifecycle
01-02 13:14:53.262 1586 1586 D SystemServerTiming: OnBootPhase_520_com.android.server.stats.pull.StatsPullAtomService
01-02 13:14:53.262 1586 1586 D SystemServerTiming: OnBootPhase_520_com.android.server.stats.bootstrap.StatsBootstrapAtomService$Lifecycle
01-02 13:14:53.262 1586 1586 D SystemServerTiming: OnBootPhase_520_com.android.server.incident.IncidentCompanionService
01-02 13:14:53.262 1586 1586 D SystemServerTiming: OnBootPhase_520_com.android.server.sdksandbox.SdkSandboxManagerService$Lifecycle
01-02 13:14:53.262 1586 1586 D SystemServerTiming: OnBootPhase_520_com.android.server.adservices.AdServicesManagerService$Lifecycle
01-02 13:14:53.262 1586 1586 D SystemServerTiming: OnBootPhase_520_com.android.server.MmsServiceBroker
01-02 13:14:53.262 1586 1586 D SystemServerTiming: OnBootPhase_520_com.android.server.autofill.AutofillManagerService
01-02 13:14:53.262 1586 1586 D SystemServerTiming: OnBootPhase_520_com.android.server.clipboard.ClipboardService
01-02 13:14:53.262 1586 1586 D SystemServerTiming: OnBootPhase_520_com.android.server.appbinding.AppBindingService$Lifecycle
01-02 13:14:53.262 1586 1586 D SystemServerTiming: OnBootPhase_520_com.android.server.tracing.TracingServiceProxy
01-02 13:14:53.262 1586 1586 D SystemServerTiming: OnBootPhase_520_com.android.server.policy.PermissionPolicyService
01-02 13:14:53.264 1586 1586 D SystemServerTiming: OnBootPhase_520_com.android.server.pm.StagingManager$Lifecycle
01-02 13:14:53.264 1586 1586 D SystemServerTiming: OnBootPhase_520_com.android.server.app.GameManagerService$Lifecycle
01-02 13:14:53.264 1586 1586 D SystemServerTiming: StartSafetyCenterService
01-02 13:14:53.264 1586 1586 I SystemServiceManager: Starting com.android.safetycenter.SafetyCenterService
01-02 13:14:53.268 1586 1586 I SafetyCenterResContext: Found Safety Center resources APK at: com.android.safetycenter.resources
01-02 13:14:53.277 1586 1586 I SafetyCenterConfigReade: SafetyCenterConfig read successfully
01-02 13:14:53.277 1586 1586 D SystemServerTiming: AppSearchModule
01-02 13:14:53.281 1586 1586 I SystemServiceManager: Starting com.android.server.appsearch.AppSearchModule$Lifecycle
01-02 13:14:53.293 1586 1586 D SystemServerTiming: StartMediaCommunicationService
01-02 13:14:53.293 1586 1586 I SystemServiceManager: Starting com.android.server.media.MediaCommunicationService
01-02 13:14:53.296 1586 1586 D SystemServerTiming: AppCompatOverridesService
01-02 13:14:53.296 1586 1586 I SystemServiceManager: Starting com.android.server.compat.overrides.AppCompatOverridesService$Lifecycle
01-02 13:14:53.298 1586 1586 D SystemServerTiming: PhaseActivityManagerReady
01-02 13:14:53.298 1586 1586 D SystemServerTiming: controllersReady
01-02 13:14:53.301 1586 1652 D SystemServerTimingAsync: InitThreadPoolExec:Update app-ops uidState in case package com.getjar.app changed
01-02 13:14:53.302 1586 1664 D SystemServerTimingAsync: InitThreadPoolExec:Update app-ops uidState in case package cm.aptoide.pt changed
01-02 13:14:53.302 1586 1675 D SystemServerTimingAsync: InitThreadPoolExec:Update app-ops uidState in case package com.github.thepiemonster.hidemocklocation changed
01-02 13:14:53.302 1586 1685 D SystemServerTimingAsync: InitThreadPoolExec:Update app-ops uidState in case package eu.faircode.email changed
01-02 13:14:53.302 1586 1647 D SystemServerTimingAsync: InitThreadPoolExec:Update app-ops uidState in case package com.gmail.anubhavdas54.whatsdeleted changed
01-02 13:14:53.302 1586 1663 D SystemServerTimingAsync: InitThreadPoolExec:Update app-ops uidState in case package com.simplemobiletools.calculator changed
01-02 13:14:53.302 1586 1719 D SystemServerTimingAsync: InitThreadPoolExec:Update app-ops uidState in case package m.slndzz.apmfsh.r changed
01-02 13:14:53.302 1586 1612 D SystemServerTimingAsync: InitThreadPoolExec:Update app-ops uidState in case package net.sourceforge.opencamera changed
01-02 13:14:53.303 1586 1675 D SystemServerTimingAsync: InitThreadPoolExec:Update app-ops uidState in case package com.teslacoilsw.launcher changed
01-02 13:14:53.303 1586 1652 D SystemServerTimingAsync: InitThreadPoolExec:Update app-ops uidState in case package com.android1500.gpssetter changed
01-02 13:14:53.303 1586 1647 D SystemServerTimingAsync: InitThreadPoolExec:Update app-ops uidState in case package com.metris.xposed.castenabler changed
01-02 13:14:53.303 1586 1675 D SystemServerTimingAsync: InitThreadPoolExec:Update app-ops uidState in case package com.github.catfriend1.syncthingandroid changed
01-02 13:14:53.303 1586 1647 D SystemServerTimingAsync: InitThreadPoolExec:Update app-ops uidState in case package com.termux changed
01-02 13:14:53.303 1586 1652 D SystemServerTimingAsync: InitThreadPoolExec:Update app-ops uidState in case package com.darkeyes.tricks changed
01-02 13:14:53.303 1586 1647 D SystemServerTimingAsync: InitThreadPoolExec:Update app-ops uidState in case package com.fox2code.mmm.fdroid changed
01-02 13:14:53.303 1586 1664 D SystemServerTimingAsync: InitThreadPoolExec:Update app-ops uidState in case package org.bromite.bromite changed
01-02 13:14:53.303 1586 1647 D SystemServerTimingAsync: InitThreadPoolExec:Update app-ops uidState in case package com.whatsapp changed
01-02 13:14:53.303 1586 1719 D SystemServerTimingAsync: InitThreadPoolExec:Update app-ops uidState in case package org.mozilla.firefox changed
01-02 13:14:53.303 1586 1647 D SystemServerTimingAsync: InitThreadPoolExec:Update app-ops uidState in case package com.here.app.maps changed
01-02 13:14:53.303 1586 1663 D SystemServerTimingAsync: InitThreadPoolExec:Update app-ops uidState in case package org.adaway changed
01-02 13:14:53.303 1586 1647 D SystemServerTimingAsync: InitThreadPoolExec:Update app-ops uidState in case package org.thoughtcrime.securesms changed
01-02 13:14:53.303 1586 1652 D SystemServerTimingAsync: InitThreadPoolExec:Update app-ops uidState in case package org.torproject.android changed
01-02 13:14:53.303 1586 1719 D SystemServerTimingAsync: InitThreadPoolExec:Update app-ops uidState in case package com.facebook.mlite changed
01-02 13:14:53.303 1586 1612 D SystemServerTimingAsync: InitThreadPoolExec:Update app-ops uidState in case package com.vanced.manager changed
01-02 13:14:53.303 1586 1664 D SystemServerTimingAsync: InitThreadPoolExec:Update app-ops uidState in case package de.consorsbank changed
01-02 13:14:53.303 1586 1612 D SystemServerTimingAsync: InitThreadPoolExec:Update app-ops uidState in case package eu.faircode.xlua changed
01-02 13:14:53.303 1586 1612 D SystemServerTimingAsync: InitThreadPoolExec:Update app-ops uidState in case package com.google.android.apps.pdfviewer changed
01-02 13:14:53.303 1586 1675 D SystemServerTimingAsync: InitThreadPoolExec:Update app-ops uidState in case package com.authy.authy changed
01-02 13:14:53.304 1586 1652 D SystemServerTimingAsync: InitThreadPoolExec:Update app-ops uidState in case package de.swm.mvgfahrinfo.muenchen changed
01-02 13:14:53.304 1586 1675 D SystemServerTimingAsync: InitThreadPoolExec:Update app-ops uidState in case package com.android.vendinf changed
01-02 13:14:53.304 1586 1663 D SystemServerTimingAsync: InitThreadPoolExec:Update app-ops uidState in case package com.sonelli.juicessh changed
01-02 13:14:53.304 1586 1664 D SystemServerTimingAsync: InitThreadPoolExec:Update app-ops uidState in case package com.discord changed
01-02 13:14:53.304 1586 1685 D SystemServerTimingAsync: InitThreadPoolExec:Update app-ops uidState in case package com.alex193a.watweaker changed
01-02 13:14:53.304 1586 1719 D SystemServerTimingAsync: InitThreadPoolExec:Update app-ops uidState in case package dev.ukanth.ufirewall.donate changed
01-02 13:14:53.304 1586 1685 D SystemServerTimingAsync: InitThreadPoolExec:Update app-ops uidState in case package com.ghostsq.commander changed
01-02 13:14:53.304 1586 1685 D SystemServerTimingAsync: InitThreadPoolExec:Update app-ops uidState in case package com.ghostsq.commander.smb changed
01-02 13:14:53.304 1586 1685 D SystemServerTimingAsync: InitThreadPoolExec:Update app-ops uidState in case package com.advanzia.android changed
01-02 13:14:53.304 1586 1685 D SystemServerTimingAsync: InitThreadPoolExec:Update app-ops uidState in case package com.weioa.GoPlusDrone changed
01-02 13:14:53.304 1586 1685 D SystemServerTimingAsync: InitThreadPoolExec:Update app-ops uidState in case package com.varuns2002.disable_flag_secure changed
01-02 13:14:53.304 1586 1685 D SystemServerTimingAsync: InitThreadPoolExec:Update app-ops uidState in case package com.google.ar.core changed
01-02 13:14:53.304 1586 1685 D SystemServerTimingAsync: InitThreadPoolExec:Update app-ops uidState in case package com.android.cellbroadcastreceiver.module changed
01-02 13:14:53.304 1586 1685 D SystemServerTimingAsync: InitThreadPoolExec:Update app-ops uidState in case package android.ext.services changed
01-02 13:14:53.304 1586 1685 D SystemServerTimingAsync: InitThreadPoolExec:Update app-ops uidState in case package com.android.providers.media.module changed
01-02 13:14:53.304 1586 1685 D SystemServerTimingAsync: InitThreadPoolExec:Update app-ops uidState in case package com.android.permissioncontroller changed
01-02 13:14:53.304 1586 1685 D SystemServerTimingAsync: InitThreadPoolExec:Update app-ops uidState in case package com.android.systemui changed
01-02 13:14:53.304 1586 1612 D SystemServerTimingAsync: InitThreadPoolExec:Update app-ops uidState in case package org.thunderdog.challegram changed
01-02 13:14:53.304 1586 1675 D SystemServerTimingAsync: InitThreadPoolExec:Update app-ops uidState in case package com.mdv.companion changed
01-02 13:14:53.304 1586 1612 D SystemServerTimingAsync: InitThreadPoolExec:Update app-ops uidState in case package com.google.android.setupwizard changed
01-02 13:14:53.304 1586 1675 D SystemServerTimingAsync: InitThreadPoolExec:Update app-ops uidState in case package com.android.launcher3 changed
01-02 13:14:53.304 1586 1719 D SystemServerTimingAsync: InitThreadPoolExec:Update app-ops uidState in case package com.android.gallery3d changed
01-02 13:14:53.304 1586 1675 D SystemServerTimingAsync: InitThreadPoolExec:Update app-ops uidState in case package com.google.android.syncadapters.calendar changed
01-02 13:14:53.304 1586 1719 D SystemServerTimingAsync: InitThreadPoolExec:Update app-ops uidState in case package com.android.messaging changed
01-02 13:14:53.304 1586 1675 D SystemServerTimingAsync: InitThreadPoolExec:Update app-ops uidState in case package com.android.calendar changed
01-02 13:14:53.304 1586 1719 D SystemServerTimingAsync: InitThreadPoolExec:Update app-ops uidState in case package com.google.android.tts changed
01-02 13:14:53.304 1586 1675 D SystemServerTimingAsync: InitThreadPoolExec:Update app-ops uidState in case package com.android.deskclock changed
01-02 13:14:53.304 1586 1675 D SystemServerTimingAsync: InitThreadPoolExec:Update app-ops uidState in case package org.chromium.webview_shell changed
01-02 13:14:53.304 1586 1719 D SystemServerTimingAsync: InitThreadPoolExec:Update app-ops uidState in case package com.android.webview changed
01-02 13:14:53.304 1586 1675 D SystemServerTimingAsync: InitThreadPoolExec:Update app-ops uidState in case package com.android.inputmethod.latin changed
01-02 13:14:53.304 1586 1685 D SystemServerTimingAsync: InitThreadPoolExec:Update app-ops uidState in case package com.android.emergency changed
01-02 13:14:53.304 1586 1675 D SystemServerTimingAsync: InitThreadPoolExec:Update app-ops uidState in case package com.android.quicksearchbox changed
01-02 13:14:53.304 1586 1685 D SystemServerTimingAsync: InitThreadPoolExec:Update app-ops uidState in case package com.google.android.googlequicksearchbox changed
01-02 13:14:53.304 1586 1675 D SystemServerTimingAsync: InitThreadPoolExec:Update app-ops uidState in case package com.google.android.gms changed
01-02 13:14:53.305 1586 1685 D SystemServerTimingAsync: InitThreadPoolExec:Update app-ops uidState in case package com.google.android.gsf changed
01-02 13:14:53.305 1586 1685 D SystemServerTimingAsync: InitThreadPoolExec:Update app-ops uidState in case package com.android.vending changed
01-02 13:14:53.305 1586 1685 D SystemServerTimingAsync: InitThreadPoolExec:Update app-ops uidState in case package com.android.imsserviceentitlement changed
01-02 13:14:53.305 1586 1685 D SystemServerTimingAsync: InitThreadPoolExec:Update app-ops uidState in case package com.google.android.projection.gearhead changed
01-02 13:14:53.305 1586 1685 D SystemServerTimingAsync: InitThreadPoolExec:Update app-ops uidState in case package com.google.android.apps.restore changed
01-02 13:14:53.305 1586 1685 D SystemServerTimingAsync: InitThreadPoolExec:Update app-ops uidState in case package com.android.dialer changed
01-02 13:14:53.305 1586 1685 D SystemServerTimingAsync: InitThreadPoolExec:Update app-ops uidState in case package com.google.android.apps.cameralite changed
01-02 13:14:53.305 1586 1685 D SystemServerTimingAsync: InitThreadPoolExec:Update app-ops uidState in case package com.android.companiondevicemanager changed
01-02 13:14:53.305 1586 1685 D SystemServerTimingAsync: InitThreadPoolExec:Update app-ops uidState in case package com.android.printspooler changed
01-02 13:14:53.305 1586 1685 D SystemServerTimingAsync: InitThreadPoolExec:Update app-ops uidState in case package com.android.externalstorage changed
01-02 13:14:53.305 1586 1685 D SystemServerTimingAsync: InitThreadPoolExec:Update app-ops uidState in case package com.android.cellbroadcastreceiver changed
01-02 13:14:53.305 1586 1685 D SystemServerTimingAsync: InitThreadPoolExec:Update app-ops uidState in case package com.android.documentsui changed
01-02 13:14:53.305 1586 1685 D SystemServerTimingAsync: InitThreadPoolExec:Update app-ops uidState in case package com.android.providers.calendar changed
01-02 13:14:53.305 1586 1685 D SystemServerTimingAsync: InitThreadPoolExec:Update app-ops uidState in case package com.android.providers.media changed
01-02 13:14:53.305 1586 1685 D SystemServerTimingAsync: InitThreadPoolExec:Update app-ops uidState in case package com.android.providers.downloads changed
01-02 13:14:53.305 1586 1685 D SystemServerTimingAsync: InitThreadPoolExec:Update app-ops uidState in case package com.android.providers.downloads.ui changed
01-02 13:14:53.305 1586 1663 D SystemServerTimingAsync: InitThreadPoolExec:Update app-ops uidState in case package de.nebenan.app changed
01-02 13:14:53.305 1586 1685 D SystemServerTimingAsync: InitThreadPoolExec:Update app-ops uidState in case package com.android.mtp changed
01-02 13:14:53.305 1586 1719 D SystemServerTimingAsync: InitThreadPoolExec:Update app-ops uidState in case package com.google.android.gm.exchange changed
01-02 13:14:53.305 1586 1612 D SystemServerTimingAsync: InitThreadPoolExec:Update app-ops uidState in case package com.google.android.marvin.talkback changed
01-02 13:14:53.305 1586 1685 D SystemServerTimingAsync: InitThreadPoolExec:Update app-ops uidState in case package com.android.soundpicker changed
01-02 13:14:53.305 1586 1663 D SystemServerTimingAsync: InitThreadPoolExec:Update app-ops uidState in case package com.android.packageinstaller changed
01-02 13:14:53.305 1586 1647 D SystemServerTimingAsync: InitThreadPoolExec:Update app-ops uidState in case package org.fdroid.fdroid changed
01-02 13:14:53.305 1586 1663 D SystemServerTimingAsync: InitThreadPoolExec:Update app-ops uidState in case package com.android.providers.userdictionary changed
01-02 13:14:53.305 1586 1612 D SystemServerTimingAsync: InitThreadPoolExec:Update app-ops uidState in case package com.android.providers.contacts changed
01-02 13:14:53.305 1586 1663 D SystemServerTimingAsync: InitThreadPoolExec:Update app-ops uidState in case package com.android.shell changed
01-02 13:14:53.305 1586 1719 D SystemServerTimingAsync: InitThreadPoolExec:Update app-ops uidState in case package com.android.providers.blockednumber changed
01-02 13:14:53.305 1586 1612 D SystemServerTimingAsync: InitThreadPoolExec:Update app-ops uidState in case package com.android.cellbroadcastservice changed
01-02 13:14:53.305 1586 1663 D SystemServerTimingAsync: InitThreadPoolExec:Update app-ops uidState in case package com.android.networkstack.tethering changed
01-02 13:14:53.305 1586 1719 D SystemServerTimingAsync: InitThreadPoolExec:Update app-ops uidState in case package com.android.nfc changed
01-02 13:14:53.305 1586 1612 D SystemServerTimingAsync: InitThreadPoolExec:Update app-ops uidState in case package com.android.bluetooth changed
01-02 13:14:53.305 1586 1719 D SystemServerTimingAsync: InitThreadPoolExec:Update app-ops uidState in case package com.android.phone changed
01-02 13:14:53.305 1586 1652 D SystemServerTimingAsync: InitThreadPoolExec:Update app-ops uidState in case package com.kobil.consors changed
01-02 13:14:53.305 1586 1719 D SystemServerTimingAsync: InitThreadPoolExec:Update app-ops uidState in case package com.android.inputdevices changed
01-02 13:14:53.306 1586 1652 D SystemServerTimingAsync: InitThreadPoolExec:Update app-ops uidState in case package com.android.server.telecom changed
01-02 13:14:53.306 1586 1663 D SystemServerTimingAsync: InitThreadPoolExec:Update app-ops uidState in case package com.android.ons changed
01-02 13:14:53.306 1586 1652 D SystemServerTimingAsync: InitThreadPoolExec:Update app-ops uidState in case package com.android.localtransport changed
01-02 13:14:53.306 1586 1664 D SystemServerTimingAsync: InitThreadPoolExec:Update app-ops uidState in case package com.bitdefender.antivirus changed
01-02 13:14:53.306 1586 1647 D SystemServerTimingAsync: InitThreadPoolExec:Update app-ops uidState in case package com.android.networkstack changed
01-02 13:14:53.306 1586 1663 D SystemServerTimingAsync: InitThreadPoolExec:Update app-ops uidState in case package com.android.settings changed
01-02 13:14:53.306 1586 1719 D SystemServerTimingAsync: InitThreadPoolExec:Update app-ops uidState in case package com.android.keychain changed
01-02 13:14:53.306 1586 1612 D SystemServerTimingAsync: InitThreadPoolExec:Update app-ops uidState in case package android changed
01-02 13:14:53.317 1586 1586 E ActivityManager: Unable to find com.android.theme.icon.leaf/u0
01-02 13:14:53.317 1586 1586 E ActivityManager: Unable to find com.android.overlay.reducekeyboard/u0
01-02 13:14:53.317 1586 1586 E ActivityManager: Unable to find com.huawei.camera/u0
01-02 13:14:53.317 1586 1586 E ActivityManager: Unable to find com.mixplorer.addon.codecs/u0
01-02 13:14:53.317 1586 1586 E ActivityManager: Unable to find com.android.theme.icon.mallow/u0
01-02 13:14:53.318 1586 1586 E ActivityManager: Unable to find com.android.theme.font.storopia/u0
01-02 13:14:53.318 1586 1586 E ActivityManager: Unable to find com.android.theme.icon_pack.outline.settings/u0
01-02 13:14:53.318 1586 1586 E ActivityManager: Unable to find com.android.theme.icon.pebble/u0
01-02 13:14:53.318 1586 1586 E ActivityManager: Unable to find com.android.systemui.qstile.o34d.overlay/u0
01-02 13:14:53.318 1586 1586 E ActivityManager: Unable to find com.android.theme.font.simpleday/u0
01-02 13:14:53.318 1586 1586 E ActivityManager: Unable to find com.android.theme.icon.square/u0
01-02 13:14:53.318 1586 1586 E ActivityManager: Unable to find com.google.android.trichromelibrary_535912833/u0
01-02 13:14:53.318 1586 1586 E ActivityManager: Unable to find com.android.systemui.qstile.cosmos.overlay/u0
01-02 13:14:53.318 1586 1586 E ActivityManager: Unable to find com.android.theme.icon.vessel/u0
01-02 13:14:53.318 1586 1586 E ActivityManager: Unable to find com.android.theme.icon_pack.victor.settings/u0
01-02 13:14:53.318 1586 1586 E ActivityManager: Unable to find org.androidacy.WebviewOverlay/u0
01-02 13:14:53.318 1586 1586 E ActivityManager: Unable to find com.android.dark.materialocean/u0
01-02 13:14:53.318 1586 1586 E ActivityManager: Unable to find com.android.theme.icon_pack.acherus.systemui/u0
01-02 13:14:53.318 1586 1586 E ActivityManager: Unable to find com.android.theme.icon_pack.rounded.systemui/u0
01-02 13:14:53.318 1586 1586 E ActivityManager: Unable to find com.android.theme.icon.taperedrect/u0
01-02 13:14:53.318 1586 1586 E ActivityManager: Unable to find com.android.theme.icon_pack.oos.android/u0
01-02 13:14:53.318 1586 1586 E ActivityManager: Unable to find com.tenx.systemui.signalbar_a/u0
01-02 13:14:53.318 1586 1586 E ActivityManager: Unable to find com.tenx.systemui.signalbar_b/u0
01-02 13:14:53.318 1586 1586 E ActivityManager: Unable to find com.tenx.systemui.signalbar_c/u0
01-02 13:14:53.319 1586 1586 E ActivityManager: Unable to find com.tenx.systemui.signalbar_d/u0
01-02 13:14:53.319 1586 1586 E ActivityManager: Unable to find com.tenx.systemui.signalbar_e/u0
01-02 13:14:53.319 1586 1586 E ActivityManager: Unable to find com.tenx.systemui.signalbar_f/u0
01-02 13:14:53.319 1586 1586 E ActivityManager: Unable to find com.tenx.systemui.signalbar_g/u0
01-02 13:14:53.319 1586 1586 E ActivityManager: Unable to find com.tenx.systemui.signalbar_h/u0
01-02 13:14:53.319 1586 1586 E ActivityManager: Unable to find com.android.theme.font.lgsmartgothicsource/u0
01-02 13:14:53.319 1586 1586 E ActivityManager: Unable to find app.airmusic.amrscservice/u0
01-02 13:14:53.319 1586 1586 E ActivityManager: Unable to find com.mixplorer.addon.signer/u0
01-02 13:14:53.319 1586 1586 E ActivityManager: Unable to find com.android.theme.font.nokiapure/u0
01-02 13:14:53.319 1586 1586 E ActivityManager: Unable to find com.mixplorer.addon.tagger/u0
01-02 13:14:53.319 1586 1586 E ActivityManager: Unable to find com.android.theme.icon_pack.oos.settings/u0
01-02 13:14:53.319 1586 1586 E ActivityManager: Unable to find org.protonaosp.theme.font.recursive_casual/u0
01-02 13:14:53.319 1586 1586 E ActivityManager: Unable to find com.android.theme.font.bariolsource/u0
01-02 13:14:53.319 1586 1586 E ActivityManager: Unable to find com.android.theme.font.comfortaa/u0
01-02 13:14:53.319 1586 1586 E ActivityManager: Unable to find com.android.theme.font.coolstorysource/u0
01-02 13:14:53.319 1586 1586 E ActivityManager: Unable to find com.android.theme.font.rbserif/u0
01-02 13:14:53.319 1586 1586 E ActivityManager: Unable to find com.pixelfederation.ts2/u0
01-02 13:14:53.319 1586 1586 E ActivityManager: Unable to find com.android.theme.icon_pack.outline.systemui/u0
01-02 13:14:53.319 1586 1586 E ActivityManager: Unable to find com.android.theme.font.comicsans/u0
01-02 13:14:53.319 1586 1586 E ActivityManager: Unable to find com.android.theme.icon_pack.rounded.android/u0
01-02 13:14:53.319 1586 1586 E ActivityManager: Unable to find sh.siava.AOSPMods_QSTheme_BST/u0
01-02 13:14:53.319 1586 1586 E ActivityManager: Unable to find com.android.systemui.qstile.dottedcircle.overlay/u0
01-02 13:14:53.319 1586 1586 E ActivityManager: Unable to find org.protonaosp.theme.font.recursive_linear/u0
01-02 13:14:53.320 1586 1586 E ActivityManager: Unable to find com.mixplorer.addon.archive/u0
01-02 13:14:53.320 1586 1586 E ActivityManager: Unable to find com.android.theme.icon_pack.victor.systemui/u0
01-02 13:14:53.320 1586 1586 E ActivityManager: Unable to find com.android.theme.icon_pack.circular.themepicker/u0
01-02 13:14:53.320 1586 1586 E ActivityManager: Unable to find org.protonaosp.theme.font.linottesource/u0
01-02 13:14:53.320 1586 1586 E ActivityManager: Unable to find com.mixplorer.addon.autotag/u0
01-02 13:14:53.320 1586 1586 E ActivityManager: Unable to find com.android.systemui.qstile.inkdrop.overlay/u0
01-02 13:14:53.320 1586 1586 E ActivityManager: Unable to find sh.siava.AOSPMods_QSTheme/u0
01-02 13:14:53.320 1586 1586 E ActivityManager: Unable to find com.android.theme.icon_pack.oos.systemui/u0
01-02 13:14:53.320 1586 1586 E ActivityManager: Unable to find com.android.theme.font.sonysketchsource/u0
01-02 13:14:53.320 1586 1586 E ActivityManager: Unable to find com.android.systemui.qstile.wavey.overlay/u0
01-02 13:14:53.320 1586 1586 E ActivityManager: Unable to find com.android.theme.icon_pack.rounded.launcher/u0
01-02 13:14:53.320 1586 1586 E ActivityManager: Unable to find com.android.theme.font.amarantesource/u0
01-02 13:14:53.320 1586 1586 E ActivityManager: Unable to find com.android.overlay.siava.aospmods/u0
01-02 13:14:53.320 1586 1586 E ActivityManager: Unable to find com.android.theme.icon_pack.kai.settings/u0
01-02 13:14:53.320 1586 1586 E ActivityManager: Unable to find com.android.theme.icon_pack.acherus.android/u0
01-02 13:14:53.321 1586 1586 E ActivityManager: Unable to find com.android.theme.font.cocon/u0
01-02 13:14:53.321 1586 1586 E ActivityManager: Unable to find com.android.theme.font.fucek/u0
01-02 13:14:53.321 1586 1586 E ActivityManager: Unable to find com.android.theme.font.oduda/u0
01-02 13:14:53.321 1586 1586 E ActivityManager: Unable to find com.android.systemui.qstile.ninja.overlay/u0
01-02 13:14:53.321 1586 1586 E ActivityManager: Unable to find com.android.dark.chocox/u0
01-02 13:14:53.321 1586 1586 E ActivityManager: Unable to find com.android.theme.font.lemonmilk/u0
01-02 13:14:53.321 1586 1586 E ActivityManager: Unable to find com.android.theme.icon.roundedhexagon/u0
01-02 13:14:53.321 1586 1586 E ActivityManager: Unable to find com.android.theme.font.aclonicasource/u0
01-02 13:14:53.321 1586 1586 E ActivityManager: Unable to find com.android.theme.icon_pack.liv.android/u0
01-02 13:14:53.321 1586 1586 E ActivityManager: Unable to find com.android.theme.font.oneplusslate/u0
01-02 13:14:53.321 1586 1586 E ActivityManager: Unable to find com.android.theme.icon_pack.sam.settings/u0
01-02 13:14:53.321 1586 1586 E ActivityManager: Unable to find com.android.dark.bakedgreen/u0
01-02 13:14:53.321 1586 1586 E ActivityManager: Unable to find com.android.theme.font.rosemarysource/u0
01-02 13:14:53.321 1586 1586 E ActivityManager: Unable to find com.android.theme.icon_pack.kai.themepicker/u0
01-02 13:14:53.321 1586 1586 E ActivityManager: Unable to find com.android.systemui.qstile.no34d.overlay/u0
01-02 13:14:53.321 1586 1586 E ActivityManager: Unable to find com.android.theme.font.fifa2018/u0
01-02 13:14:53.321 1586 1586 E ActivityManager: Unable to find com.android.theme.icon.heart/u0
01-02 13:14:53.321 1586 1586 E ActivityManager: Unable to find com.android.overlay.removenavbar/u0
01-02 13:14:53.321 1586 1586 E ActivityManager: Unable to find com.rcgames.traindrivingfree/u0
01-02 13:14:53.321 1586 1586 E ActivityManager: Unable to find com.android.theme.icon_pack.victor.launcher/u0
01-02 13:14:53.322 1586 1586 E ActivityManager: Unable to find com.android.theme.icon_pack.filled.settings/u0
01-02 13:14:53.322 1586 1586 E ActivityManager: Unable to find org.protonaosp.theme.font.noto_sans/u0
01-02 13:14:53.322 1586 1586 E ActivityManager: Unable to find com.android.theme.icon_pack.kai.systemui/u0
01-02 13:14:53.322 1586 1586 E ActivityManager: Unable to find com.android.dark.darkaubergine/u0
01-02 13:14:53.322 1586 1586 E ActivityManager: Unable to find com.android.theme.font.reemkufi/u0
01-02 13:14:53.322 1586 1586 E ActivityManager: Unable to find com.android.systemui.qstile.attemptmountain.overlay/u0
01-02 13:14:53.322 1586 1586 E ActivityManager: Unable to find com.android.theme.icon_pack.oos.launcher/u0
01-02 13:14:53.322 1586 1586 E ActivityManager: Unable to find com.android.theme.icon.stretched/u0
01-02 13:14:53.322 1586 1586 E ActivityManager: Unable to find com.android.theme.icon_pack.oos.themepicker/u0
01-02 13:14:53.322 1586 1586 E ActivityManager: Unable to find com.android.systemui.combinesignal/u0
01-02 13:14:53.322 1586 1586 E ActivityManager: Unable to find com.android.theme.icon_pack.circular.settings/u0
01-02 13:14:53.322 1586 1586 E ActivityManager: Unable to find com.android.systemui.qstile.squircle.overlay/u0
01-02 13:14:53.322 1586 1586 E ActivityManager: Unable to find com.android.theme.icon_pack.outline.android/u0
01-02 13:14:53.322 1586 1586 E ActivityManager: Unable to find org.protonaosp.theme.font.source_sans/u0
01-02 13:14:53.322 1586 1586 E ActivityManager: Unable to find com.android.theme.icon_pack.sam.systemui/u0
01-02 13:14:53.322 1586 1586 E ActivityManager: Unable to find com.android.systemui.qstile.circout.overlay/u0
01-02 13:14:53.322 1586 1586 E ActivityManager: Unable to find org.protonaosp.theme.font.harmonysans/u0
01-02 13:14:53.322 1586 1586 E ActivityManager: Unable to find com.android.theme.icon.teardrop/u0
01-02 13:14:53.322 1586 1586 E ActivityManager: Unable to find com.android.theme.font.exotwo/u0
01-02 13:14:53.322 1586 1586 E ActivityManager: Unable to find com.android.dark.darkgrey/u0
01-02 13:14:53.323 1586 1586 E ActivityManager: Unable to find com.android.theme.icon_pack.rounded.themepicker/u0
01-02 13:14:53.323 1586 1586 E ActivityManager: Unable to find com.android.systemui.qstile.pokesign.overlay/u0
01-02 13:14:53.323 1586 1586 E ActivityManager: Unable to find com.android.theme.font.jbmono/u0
01-02 13:14:53.323 1586 1586 E ActivityManager: Unable to find org.protonaosp.theme.font.source_serif/u0
01-02 13:14:53.323 1586 1586 E ActivityManager: Unable to find com.android.theme.icon_pack.filled.systemui/u0
01-02 13:14:53.323 1586 1586 E ActivityManager: Unable to find org.protonaosp.theme.font.euclid/u0
01-02 13:14:53.323 1586 1586 E ActivityManager: Unable to find com.android.theme.font.samsungone/u0
01-02 13:14:53.323 1586 1586 E ActivityManager: Unable to find com.android.theme.font.nunito/u0
01-02 13:14:53.323 1586 1586 E ActivityManager: Unable to find com.android.systemui.qstile.neonlike.overlay/u0
01-02 13:14:53.323 1586 1586 E ActivityManager: Unable to find com.android.theme.font.opsans/u0
01-02 13:14:53.323 1586 1586 E ActivityManager: Unable to find com.android.systemui.qstile.squaremedo.overlay/u0
01-02 13:14:53.323 1586 1586 E ActivityManager: Unable to find com.android.theme.icon_pack.sam.android/u0
01-02 13:14:53.323 1586 1586 E ActivityManager: Unable to find com.android.theme.icon_pack.filled.android/u0
01-02 13:14:53.323 1586 1586 E ActivityManager: Unable to find com.android.theme.font.quando/u0
01-02 13:14:53.323 1586 1586 E ActivityManager: Unable to find com.android.theme.icon_pack.circular.systemui/u0
01-02 13:14:53.323 1586 1586 E ActivityManager: Unable to find com.tenx.systemui.wifibar_a/u0
01-02 13:14:53.323 1586 1586 E ActivityManager: Unable to find com.tenx.systemui.wifibar_b/u0
01-02 13:14:53.323 1586 1586 E ActivityManager: Unable to find com.tenx.systemui.wifibar_c/u0
