01-02 13:14:54.019 1586 1692 D WifiClientModeManager[wlan0]: entering ConnectModeState, starting ClientModeImpl
01-02 13:14:54.022 1443 1527 D BootAnimation: Playing files = /system/media/bootanimation.zip/part1, Requested repeat = 0, playUntilComplete = false
01-02 13:14:54.024 1168 1171 I OMXClient: IOmx service obtained
01-02 13:14:54.024 1197 1197 I OMXMaster: makeComponentInstance(OMX.google.amrwb.decoder) in omx@1.0-service process
01-02 13:14:54.028 1168 1171 I OMXClient: IOmx service obtained
01-02 13:14:54.029 1197 1247 I OMXMaster: makeComponentInstance(OMX.google.flac.decoder) in omx@1.0-service process
01-02 13:14:54.030 1586 1692 D WifiScoreReport: setShouldReduceNetworkScore=false mNetworkAgent is null? true
01-02 13:14:54.030 1586 1692 V WifiClientModeManager[wlan0]: ClientModeManager started in role: Role: ROLE_CLIENT_PRIMARY, RequestorWs: WorkSource{1000 com.android.settings}, ModeListener: com.android.server.wifi.ActiveModeWarden$ClientListener@f3ff5e8
01-02 13:14:54.032 1586 1662 E NativeTombstoneManager: Tombstone's UID (1027) not an app, ignoring
01-02 13:14:54.032 1586 1692 D WifiScanRequestProxy: Sending scan available broadcast: true
01-02 13:14:54.033 1586 1692 I WifiScanRequestProxy: Scanning is enabled
01-02 13:14:54.033 1586 1692 I WifiScanRequestProxy: Scanning for hidden networks is enabled
01-02 13:14:54.033 1586 1662 E NativeTombstoneManager: Tombstone's UID (1027) not an app, ignoring
01-02 13:14:54.033 1586 1696 I WifiScanningService: Received a request to enable scanning, UID = 1000
01-02 13:14:54.040 1586 1696 E WifiVendorHal: getBgScanCapabilities(l.836) failed {.code = ERROR_NOT_AVAILABLE, .description = }
01-02 13:14:54.040 1586 1692 D WifiCountryCode: evaluateAllCmmStateAndApplyIfAllReady: {ConcreteClientModeManager{id=49798 iface=wlan0 role=ROLE_CLIENT_PRIMARY}=true}
01-02 13:14:54.041 1586 1692 D WifiCountryCode: Reading country code from telephony
01-02 13:14:54.043 1586 1692 D WifiCountryCode: Set telephony country code to:
01-02 13:14:54.043 1168 1171 I OMXClient: IOmx service obtained
01-02 13:14:54.043 1586 1696 I WifiScanningService: Created a new impl for wlan0
01-02 13:14:54.043 1197 1247 I OMXMaster: makeComponentInstance(OMX.google.g711.alaw.decoder) in omx@1.0-service process
01-02 13:14:54.043 1586 1692 D WifiCountryCode: updateCountryCode to null
01-02 13:14:54.044 1586 1662 E NativeTombstoneManager: Tombstone's UID (1027) not an app, ignoring
01-02 13:14:54.044 1586 1692 D WakeupController: onWifiEnabled()
01-02 13:14:54.045 1586 1692 W WifiClientModeImpl: No cached packet filter to apply
01-02 13:14:54.045 1586 1692 D WifiClientModeImpl[wlan0]: entering ConnectableState: ifaceName = wlan0
01-02 13:14:54.046 1758 1758 D wpa_supplicant: wpa_driver_nl80211_driver_cmd:SETSUSPENDMODE len=16, ret_len=16 ret=0
01-02 13:14:54.046 1586 1696 I WifiScanningService: wifi driver loaded with scan capabilities: max buckets=16
01-02 13:14:54.047 1586 1662 E NativeTombstoneManager: Tombstone's UID (1027) not an app, ignoring
01-02 13:14:54.048 1586 1692 D WifiClientModeImpl[wlan0]: Start makeIpClient ifaceName = wlan0
01-02 13:14:54.052 1168 1171 I OMXClient: IOmx service obtained
01-02 13:14:54.052 1197 1247 I OMXMaster: makeComponentInstance(OMX.google.g711.mlaw.decoder) in omx@1.0-service process
01-02 13:14:54.054 1586 1662 E NativeTombstoneManager: Tombstone's UID (1027) not an app, ignoring
01-02 13:14:54.055 1586 1662 E NativeTombstoneManager: Tombstone's UID (1027) not an app, ignoring
01-02 13:14:54.058 1168 1171 I OMXClient: IOmx service obtained
01-02 13:14:54.058 1197 1247 I OMXMaster: makeComponentInstance(OMX.google.gsm.decoder) in omx@1.0-service process
01-02 13:14:54.063 1586 1662 E NativeTombstoneManager: Tombstone's UID (1027) not an app, ignoring
01-02 13:14:54.064 1168 1171 I OMXClient: IOmx service obtained
01-02 13:14:54.064 1197 1247 I OMXMaster: makeComponentInstance(OMX.google.mp3.decoder) in omx@1.0-service process
01-02 13:14:54.065 1586 1662 E NativeTombstoneManager: Tombstone's UID (1027) not an app, ignoring
01-02 13:14:54.065 1762 1762 V GraphicsEnvironment: ANGLE Developer option for 'com.android.systemui' set to: 'default'
01-02 13:14:54.066 1762 1762 V GraphicsEnvironment: ANGLE GameManagerService for com.android.systemui: false
01-02 13:14:54.066 1762 1762 V GraphicsEnvironment: Neither updatable production driver nor prerelease driver is supported.
01-02 13:14:54.071 1168 1171 I OMXClient: IOmx service obtained
01-02 13:14:54.071 1197 1247 I OMXMaster: makeComponentInstance(OMX.google.opus.decoder) in omx@1.0-service process
01-02 13:14:54.072 1586 1662 E NativeTombstoneManager: Tombstone's UID (1027) not an app, ignoring
01-02 13:14:54.072 1762 1762 D NetworkSecurityConfig: No Network Security Config specified, using platform default
01-02 13:14:54.073 1586 1662 E NativeTombstoneManager: Tombstone's UID (1027) not an app, ignoring
01-02 13:14:54.073 1762 1762 D NetworkSecurityConfig: No Network Security Config specified, using platform default
01-02 13:14:54.079 1762 1762 V SystemUIService: SystemUIApplication constructed.
01-02 13:14:54.081 1168 1171 I OMXClient: IOmx service obtained
01-02 13:14:54.081 1197 1247 I OMXMaster: makeComponentInstance(OMX.google.raw.decoder) in omx@1.0-service process
01-02 13:14:54.084 1586 1662 E NativeTombstoneManager: Tombstone's UID (1027) not an app, ignoring
01-02 13:14:54.085 1586 1662 E NativeTombstoneManager: Tombstone's UID (1027) not an app, ignoring
01-02 13:14:54.086 1168 1171 I OMXClient: IOmx service obtained
01-02 13:14:54.087 1197 1197 I OMXMaster: makeComponentInstance(OMX.google.vorbis.decoder) in omx@1.0-service process
01-02 13:14:54.095 1586 1600 W StorageManagerService: No primary storage defined yet; hacking together a stub
01-02 13:14:54.096 1168 1171 I OMXClient: IOmx service obtained
01-02 13:14:54.097 1197 1197 I OMXMaster: makeComponentInstance(OMX.google.aac.encoder) in omx@1.0-service process
01-02 13:14:54.097 1586 1662 E NativeTombstoneManager: Tombstone's UID (1027) not an app, ignoring
01-02 13:14:54.098 1586 1662 E NativeTombstoneManager: Tombstone's UID (1027) not an app, ignoring
01-02 13:14:54.107 1168 1171 I OMXClient: IOmx service obtained
01-02 13:14:54.108 1197 1197 I OMXMaster: makeComponentInstance(OMX.google.amrnb.encoder) in omx@1.0-service process
01-02 13:14:54.111 1586 1662 E NativeTombstoneManager: Tombstone's UID (1027) not an app, ignoring
01-02 13:14:54.113 1586 1662 E NativeTombstoneManager: Tombstone's UID (1027) not an app, ignoring
01-02 13:14:54.116 1168 1171 I OMXClient: IOmx service obtained
01-02 13:14:54.116 1197 1197 I OMXMaster: makeComponentInstance(OMX.google.amrwb.encoder) in omx@1.0-service process
01-02 13:14:54.124 1586 1662 E NativeTombstoneManager: Tombstone's UID (1027) not an app, ignoring
01-02 13:14:54.125 1586 1662 E NativeTombstoneManager: Tombstone's UID (1027) not an app, ignoring
01-02 13:14:54.126 1168 1171 I OMXClient: IOmx service obtained
01-02 13:14:54.127 1197 1197 I OMXMaster: makeComponentInstance(OMX.google.flac.encoder) in omx@1.0-service process
01-02 13:14:54.133 1168 1171 I OMXClient: IOmx service obtained
01-02 13:14:54.134 1197 1197 I OMXMaster: makeComponentInstance(OMX.IMG.MSVDX.Decoder.AVC) in omx@1.0-service process
01-02 13:14:54.136 1586 1662 E NativeTombstoneManager: Tombstone's UID (1027) not an app, ignoring
01-02 13:14:54.138 1586 1662 E NativeTombstoneManager: Tombstone's UID (1027) not an app, ignoring
01-02 13:14:54.143 1197 1197 I imgvideo-omx: Created VdecTask f20014f0
01-02 13:14:54.143 1197 1197 I imgvideo-omx: IMG_OMD_ComponentInit Done.
01-02 13:14:54.143 1197 1197 D IMG-OMX : Loaded OMX.IMG.MSVDX.Decoder.AVC (0xf1d815f0) from libomx_vxd.so
01-02 13:14:54.147 1168 1171 W ACodec : [OMX.IMG.MSVDX.Decoder.AVC] stopping checking profiles after 32: 8/1
01-02 13:14:54.148 1197 1247 W imgvideo-omx: Extension index OMX.google.android.index.storeMetaDataInBuffers not found
01-02 13:14:54.148 1197 1247 E imgvideo-omx: IMG_OMD_GetExtensionIndex FAILED: Index Not Found.
01-02 13:14:54.148 1197 1247 W imgvideo-omx: Extension index OMX.google.android.index.storeANWBufferInMetadata not found
01-02 13:14:54.148 1197 1247 E imgvideo-omx: IMG_OMD_GetExtensionIndex FAILED: Index Not Found.
01-02 13:14:54.148 1197 1247 W imgvideo-omx: Extension index OMX.google.android.index.configureVideoTunnelMode not found
01-02 13:14:54.148 1197 1247 E imgvideo-omx: IMG_OMD_GetExtensionIndex FAILED: Index Not Found.
01-02 13:14:54.148 1197 1247 W imgvideo-omx: Extension index OMX.google.android.index.allocateNativeHandle not found
01-02 13:14:54.148 1197 1247 E imgvideo-omx: IMG_OMD_GetExtensionIndex FAILED: Index Not Found.
01-02 13:14:54.149 1197 1247 E imgvideo-omx: IMG_OMD_GetParameter FAILED: Unknown ColorFormat
01-02 13:14:54.149 1197 1247 E OMXNodeInstance: getParameter(0xf1d815f0:IMG.MSVDX.Decoder.AVC, ??(0x7f000008)) ERROR: UnsupportedSetting(0x80001019)
01-02 13:14:54.149 1168 1171 W OMXUtils: do not know color format 0x2f = 47
01-02 13:14:54.149 1586 1662 E NativeTombstoneManager: Tombstone's UID (1027) not an app, ignoring
01-02 13:14:54.149 1197 1247 E imgvideo-omx: IMG_OMD_GetParameter FAILED: Unknown ColorFormat
01-02 13:14:54.149 1197 1247 E OMXNodeInstance: getParameter(0xf1d815f0:IMG.MSVDX.Decoder.AVC, ??(0x7f000008)) ERROR: UnsupportedSetting(0x80001019)
01-02 13:14:54.149 1168 1171 W OMXUtils: do not know color format 0x19 = 25
01-02 13:14:54.150 1197 1247 E imgvideo-omx: IMG_OMD_GetParameter FAILED: Unknown ColorFormat
01-02 13:14:54.150 1197 1247 E OMXNodeInstance: getParameter(0xf1d815f0:IMG.MSVDX.Decoder.AVC, ??(0x7f000008)) ERROR: UnsupportedSetting(0x80001019)
01-02 13:14:54.150 1168 1171 W OMXUtils: do not know color format 0x1b = 27
01-02 13:14:54.150 1197 1247 E imgvideo-omx: IMG_OMD_GetParameter FAILED: Unknown ColorFormat
01-02 13:14:54.150 1197 1247 E OMXNodeInstance: getParameter(0xf1d815f0:IMG.MSVDX.Decoder.AVC, ??(0x7f000008)) ERROR: UnsupportedSetting(0x80001019)
01-02 13:14:54.150 1168 1171 W OMXUtils: do not know color format 0x23 = 35
01-02 13:14:54.150 1586 1662 E NativeTombstoneManager: Tombstone's UID (1027) not an app, ignoring
01-02 13:14:54.150 1197 1247 E imgvideo-omx: IMG_OMD_GetParameter FAILED: Unknown ColorFormat
01-02 13:14:54.151 1197 1247 E OMXNodeInstance: getParameter(0xf1d815f0:IMG.MSVDX.Decoder.AVC, ??(0x7f000008)) ERROR: UnsupportedSetting(0x80001019)
01-02 13:14:54.151 1168 1171 W OMXUtils: do not know color format 0x28 = 40
01-02 13:14:54.151 1197 1247 E imgvideo-omx: IMG_OMD_GetParameter FAILED: Unknown ColorFormat
01-02 13:14:54.151 1197 1247 E OMXNodeInstance: getParameter(0xf1d815f0:IMG.MSVDX.Decoder.AVC, ??(0x7f000008)) ERROR: UnsupportedSetting(0x80001019)
01-02 13:14:54.151 1168 1171 W OMXUtils: do not know color format 0x34 = 52
01-02 13:14:54.151 1197 1247 E imgvideo-omx: IMG_OMD_GetParameter FAILED: Unknown ColorFormat
01-02 13:14:54.151 1197 1247 E OMXNodeInstance: getParameter(0xf1d815f0:IMG.MSVDX.Decoder.AVC, ??(0x7f000008)) ERROR: UnsupportedSetting(0x80001019)
01-02 13:14:54.151 1168 1171 W OMXUtils: do not know color format 0x7f000001 = 2130706433
01-02 13:14:54.151 1197 1247 E imgvideo-omx: IMG_OMD_GetParameter FAILED: Unknown ColorFormat
01-02 13:14:54.151 1197 1247 E OMXNodeInstance: getParameter(0xf1d815f0:IMG.MSVDX.Decoder.AVC, ??(0x7f000008)) ERROR: UnsupportedSetting(0x80001019)
01-02 13:14:54.151 1168 1171 W OMXUtils: do not know color format 0x7f000002 = 2130706434
01-02 13:14:54.152 1197 1247 E imgvideo-omx: IMG_OMD_GetParameter FAILED: Unknown ColorFormat
01-02 13:14:54.152 1197 1247 E OMXNodeInstance: getParameter(0xf1d815f0:IMG.MSVDX.Decoder.AVC, ??(0x7f000008)) ERROR: UnsupportedSetting(0x80001019)
01-02 13:14:54.152 1197 1247 W imgvideo-omx: Extension index OMX.google.android.index.configureVideoTunnelMode not found
01-02 13:14:54.152 1197 1247 E imgvideo-omx: IMG_OMD_GetExtensionIndex FAILED: Index Not Found.
01-02 13:14:54.152 1197 1247 E OMXNodeInstance: getExtensionIndex(0xf1d815f0:IMG.MSVDX.Decoder.AVC, OMX.google.android.index.configureVideoTunnelMode) ERROR: BadParameter(0x80001005)
01-02 13:14:54.152 1168 1171 D MediaCodecInfo: detail feature-tunneled-playback wasn't present to remove
01-02 13:14:54.152 1197 1247 W imgvideo-omx: Extension index OMX.google.android.index.allocateNativeHandle not found
01-02 13:14:54.152 1197 1247 E imgvideo-omx: IMG_OMD_GetExtensionIndex FAILED: Index Not Found.
01-02 13:14:54.152 1197 1247 W imgvideo-omx: Extension index OMX.google.android.index.storeANWBufferInMetadata not found
01-02 13:14:54.152 1197 1247 E imgvideo-omx: IMG_OMD_GetExtensionIndex FAILED: Index Not Found.
01-02 13:14:54.152 1197 1247 W imgvideo-omx: Extension index OMX.google.android.index.storeMetaDataInBuffers not found
01-02 13:14:54.152 1197 1247 E imgvideo-omx: IMG_OMD_GetExtensionIndex FAILED: Index Not Found.
01-02 13:14:54.152 1197 1247 W OMXNodeInstance: [0xf1d815f0:IMG.MSVDX.Decoder.AVC] component does not support metadata mode; using fallback
01-02 13:14:54.153 1197 1247 E OMXNodeInstance: setParameter(0xf1d815f0:IMG.MSVDX.Decoder.AVC, OMX.google.android.index.prepareForAdaptivePlayback(0x7f000007): Output:1 en=1 max=1280x720) ERROR: UnsupportedIndex(0x8000101a)
01-02 13:14:54.153 1168 1171 D MediaCodecInfo: successfully removed detail feature-adaptive-playback
01-02 13:14:54.153 1197 1247 I imgvideo-omx: Destroying VdecTask f20014f0
01-02 13:14:54.153 1197 1820 I imgvideo-omx: Exiting VDECTask
01-02 13:14:54.153 1197 1247 I imgvideo-omx: IMG_OMD_ComponentDeInit Done.
01-02 13:14:54.153 1586 1586 W SystemServiceManager: Service com.android.server.policy.PermissionPolicyService took 219 ms in onBootPhase
01-02 13:14:54.153 1586 1586 D SystemServerTiming: OnBootPhase_550_com.android.server.pm.StagingManager$Lifecycle
01-02 13:14:54.153 1197 1247 D IMG-OMX : Removed component successfully!
01-02 13:14:54.153 1586 1586 D SystemServerTiming: OnBootPhase_550_com.android.server.app.GameManagerService$Lifecycle
01-02 13:14:54.153 1586 1586 D SystemServerTiming: OnBootPhase_550_com.android.safetycenter.SafetyCenterService
01-02 13:14:54.153 1586 1586 D SystemServerTiming: OnBootPhase_550_com.android.server.appsearch.AppSearchModule$Lifecycle
01-02 13:14:54.153 1586 1586 D SystemServerTiming: OnBootPhase_550_com.android.server.media.MediaCommunicationService
01-02 13:14:54.154 1586 1586 D SystemServerTiming: OnBootPhase_550_com.android.server.compat.overrides.AppCompatOverridesService$Lifecycle
01-02 13:14:54.154 1586 1586 D SystemServerTiming: StartObservingNativeCrashes
01-02 13:14:54.154 1586 1586 D SystemServerTiming: RegisterAppOpsPolicy
01-02 13:14:54.156 1168 1171 I OMXClient: IOmx service obtained
01-02 13:14:54.156 1197 1197 I OMXMaster: makeComponentInstance(OMX.google.h264.decoder) in omx@1.0-service process
01-02 13:14:54.157 1586 1586 D SystemServerTiming: MakeNetworkManagementServiceReady
01-02 13:14:54.157 1586 1675 D SystemServerTimingAsync: InitThreadPoolExec:WebViewFactoryPreparation
01-02 13:14:54.157 1586 1586 W NetworkManagement: setDataSaverMode(): already false
01-02 13:14:54.157 1586 1675 I SystemServer: WebViewFactoryPreparation
01-02 13:14:54.157 1586 1675 D SystemServerTimingAsync: WebViewFactoryPreparation
01-02 13:14:54.163 1586 1586 D SystemServerTiming: MakeConnectivityServiceReady
01-02 13:14:54.163 1586 1675 E AppOps : Bad call made by uid 1000. Package "android" does not belong to uid 1037.
01-02 13:14:54.164 1586 1675 E AppOps : checkOperation
01-02 13:14:54.164 1586 1675 E AppOps : java.lang.SecurityException: Specified package "android" under uid 1037 but it is not
01-02 13:14:54.164 1586 1675 E AppOps : at com.android.server.appop.AppOpsService.verifyAndGetBypass(AppOpsService.java:4696)
01-02 13:14:54.164 1586 1675 E AppOps : at com.android.server.appop.AppOpsService.verifyAndGetBypass(AppOpsService.java:4564)
01-02 13:14:54.164 1586 1675 E AppOps : at com.android.server.appop.AppOpsService.checkOperationUnchecked(AppOpsService.java:3253)
01-02 13:14:54.164 1586 1675 E AppOps : at com.android.server.appop.AppOpsService.checkOperationImpl(AppOpsService.java:3236)
01-02 13:14:54.164 1586 1675 E AppOps : at com.android.server.appop.AppOpsService.-$$Nest$mcheckOperationImpl(Unknown Source:0)
01-02 13:14:54.164 1586 1675 E AppOps : at com.android.server.appop.AppOpsService$CheckOpsDelegateDispatcher.lambda$checkOperation$0(AppOpsService.java:7596)
01-02 13:14:54.164 1586 1675 E AppOps : at com.android.server.appop.AppOpsService$CheckOpsDelegateDispatcher.$r8$lambda$KrwrxMLmGzFSEjEyo0aJ63o5J9E(Unknown Source:0)
01-02 13:14:54.164 1586 1675 E AppOps : at com.android.server.appop.AppOpsService$CheckOpsDelegateDispatcher$$ExternalSyntheticLambda9.apply(Unknown Source:24)
01-02 13:14:54.164 1586 1675 E AppOps : at com.android.server.policy.AppOpsPolicy.checkOperation(AppOpsPolicy.java:213)
01-02 13:14:54.164 1586 1675 E AppOps : at com.android.server.appop.AppOpsService$CheckOpsDelegateDispatcher.checkOperation(AppOpsService.java:7595)
01-02 13:14:54.164 1586 1675 E AppOps : at com.android.server.appop.AppOpsService.checkOperation(AppOpsService.java:3223)
01-02 13:14:54.164 1586 1675 E AppOps : at com.android.server.StorageManagerService$StorageManagerInternalImpl.hasExternalStorageAccess(StorageManagerService.java:4836)
01-02 13:14:54.164 1586 1675 E AppOps : at com.android.server.am.ProcessList.startProcessLocked(ProcessList.java:1690)
01-02 13:14:54.164 1586 1675 E AppOps : at com.android.server.am.ProcessList.startProcessLocked(ProcessList.java:2359)
01-02 13:14:54.164 1586 1675 E AppOps : at com.android.server.am.ProcessList.startProcessLocked(ProcessList.java:2499)
01-02 13:14:54.164 1586 1675 E AppOps : at com.android.server.am.ActivityManagerService.startIsolatedProcess(ActivityManagerService.java:2804)
01-02 13:14:54.164 1586 1675 E AppOps : at com.android.server.am.ActivityManagerService$LocalService.startIsolatedProcess(ActivityManagerService.java:16413)
01-02 13:14:54.164 1586 1675 E AppOps : at android.webkit.WebViewLibraryLoader.createRelroFile(WebViewLibraryLoader.java:126)
01-02 13:14:54.164 1586 1675 E AppOps : at android.webkit.WebViewLibraryLoader.createRelros(WebViewLibraryLoader.java:164)
01-02 13:14:54.164 1586 1675 E AppOps : at android.webkit.WebViewLibraryLoader.prepareNativeLibraries(WebViewLibraryLoader.java:152)
01-02 13:14:54.164 1586 1675 E AppOps : at android.webkit.WebViewFactory.onWebViewProviderChanged(WebViewFactory.java:555)
01-02 13:14:54.164 1586 1675 E AppOps : at com.android.server.webkit.SystemImpl.onWebViewProviderChanged(SystemImpl.java:174)
01-02 13:14:54.164 1586 1675 E AppOps : at com.android.server.webkit.WebViewUpdateServiceImpl.onWebViewProviderChanged(WebViewUpdateServiceImpl.java:351)
01-02 13:14:54.164 1586 1675 E AppOps : at com.android.server.webkit.WebViewUpdateServiceImpl.prepareWebViewInSystemServer(WebViewUpdateServiceImpl.java:182)
01-02 13:14:54.164 1586 1675 E AppOps : at com.android.server.webkit.WebViewUpdateService.prepareWebViewInSystemServer(WebViewUpdateService.java:129)
01-02 13:14:54.164 1586 1675 E AppOps : at com.android.server.SystemServer.lambda$startOtherServices$3(SystemServer.java:2825)
01-02 13:14:54.164 1586 1675 E AppOps : at com.android.server.SystemServer.$r8$lambda$nG7XwJlwV2eNiP3C-iTim-mbKmM(Unknown Source:0)
01-02 13:14:54.164 1586 1675 E AppOps : at com.android.server.SystemServer$$ExternalSyntheticLambda6.run(Unknown Source:2)
01-02 13:14:54.164 1586 1675 E AppOps : at com.android.server.SystemServerInitThreadPool.lambda$submitTask$0(SystemServerInitThreadPool.java:106)
01-02 13:14:54.164 1586 1675 E AppOps : at com.android.server.SystemServerInitThreadPool.$r8$lambda$aGlXt69ihU44Qi7EB_RNeu8pnrY(Unknown Source:0)
01-02 13:14:54.164 1586 1675 E AppOps : at com.android.server.SystemServerInitThreadPool$$ExternalSyntheticLambda0.run(Unknown Source:6)
01-02 13:14:54.164 1586 1675 E AppOps : at java.util.concurrent.Executors$RunnableAdapter.call(Executors.java:463)
01-02 13:14:54.164 1586 1675 E AppOps : at java.util.concurrent.FutureTask.run(FutureTask.java:264)
01-02 13:14:54.164 1586 1675 E AppOps : at java.util.concurrent.ThreadPoolExecutor.runWorker(ThreadPoolExecutor.java:1137)
01-02 13:14:54.164 1586 1675 E AppOps : at java.util.concurrent.ThreadPoolExecutor$Worker.run(ThreadPoolExecutor.java:637)
01-02 13:14:54.164 1586 1675 E AppOps : at com.android.internal.util.ConcurrentUtils$1$1.run(ConcurrentUtils.java:65)
01-02 13:14:54.164 1586 1675 I ActivityManager: android is exempt from freezer
01-02 13:14:54.165 1586 1675 D CompatibilityChangeReporter: Compat change id reported: 135634846; UID 1000; state: DISABLED
01-02 13:14:54.165 1586 1586 E DeviceConfigUtils: Could not find the module name
01-02 13:14:54.165 1586 1586 E DeviceConfigUtils: android.content.pm.PackageManager$NameNotFoundException: No module info for package: com.android.tethering
01-02 13:14:54.165 1586 1586 E DeviceConfigUtils: at android.app.ApplicationPackageManager.getModuleInfo(ApplicationPackageManager.java:1187)
01-02 13:14:54.165 1586 1586 E DeviceConfigUtils: at android.net.connectivity.com.android.net.module.util.DeviceConfigUtils.getModuleVersion(DeviceConfigUtils.java:227)
01-02 13:14:54.165 1586 1586 E DeviceConfigUtils: at android.net.connectivity.com.android.net.module.util.DeviceConfigUtils.isFeatureEnabled(DeviceConfigUtils.java:193)
01-02 13:14:54.165 1586 1586 E DeviceConfigUtils: at com.android.server.ConnectivityService$Dependencies.isFeatureEnabled(ConnectivityService.java:1390)
01-02 13:14:54.165 1586 1586 E DeviceConfigUtils: at com.android.server.connectivity.ConnectivityFlags.loadFlags(ConnectivityFlags.java:63)
01-02 13:14:54.165 1586 1586 E DeviceConfigUtils: at com.android.server.ConnectivityService.systemReadyInternal(ConnectivityService.java:3098)
01-02 13:14:54.165 1586 1586 E DeviceConfigUtils: at com.android.server.ConnectivityService.systemReady(ConnectivityService.java:3089)
01-02 13:14:54.165 1586 1586 E DeviceConfigUtils: at android.net.ConnectivityManager.systemReady(ConnectivityManager.java:1162)
01-02 13:14:54.165 1586 1586 E DeviceConfigUtils: at com.android.server.SystemServer.lambda$startOtherServices$5(SystemServer.java:2876)
01-02 13:14:54.165 1586 1586 E DeviceConfigUtils: at com.android.server.SystemServer.$r8$lambda$jmaWUpWMxP4IiPakY5L6Y7rVWik(Unknown Source:0)
01-02 13:14:54.165 1586 1586 E DeviceConfigUtils: at com.android.server.SystemServer$$ExternalSyntheticLambda5.run(Unknown Source:30)
01-02 13:14:54.165 1586 1586 E DeviceConfigUtils: at com.android.server.am.ActivityManagerService.systemReady(ActivityManagerService.java:8136)
01-02 13:14:54.165 1586 1586 E DeviceConfigUtils: at com.android.server.SystemServer.startOtherServices(SystemServer.java:2793)
01-02 13:14:54.165 1586 1586 E DeviceConfigUtils: at com.android.server.SystemServer.run(SystemServer.java:937)
01-02 13:14:54.165 1586 1586 E DeviceConfigUtils: at com.android.server.SystemServer.main(SystemServer.java:647)
01-02 13:14:54.165 1586 1586 E DeviceConfigUtils: at java.lang.reflect.Method.invoke(Native Method)
01-02 13:14:54.165 1586 1586 E DeviceConfigUtils: at com.android.internal.os.RuntimeInit$MethodAndArgsCaller.run(RuntimeInit.java:548)
01-02 13:14:54.165 1586 1586 E DeviceConfigUtils: at com.android.internal.os.ZygoteInit.main(ZygoteInit.java:914)
01-02 13:14:54.165 1586 1586 D PermissionMonitor: Monitoring
01-02 13:14:54.165 1586 1675 D CompatibilityChangeReporter: Compat change id reported: 177438394; UID 1000; state: DISABLED
01-02 13:14:54.165 1586 1675 D CompatibilityChangeReporter: Compat change id reported: 135772972; UID 1000; state: DISABLED
01-02 13:14:54.165 1586 1675 D CompatibilityChangeReporter: Compat change id reported: 178038272; UID 1000; state: DISABLED
01-02 13:14:54.168 1586 1675 E AppOps : Bad call made by uid 1000. Package "android" does not belong to uid 1037.
01-02 13:14:54.169 1197 1197 E OMXNodeInstance: getExtensionIndex(0xf1d815f0:google.h264.decoder, OMX.google.android.index.configureVideoTunnelMode) ERROR: UnsupportedIndex(0x8000101a)
01-02 13:14:54.169 1586 1675 E AppOps : checkOperation
01-02 13:14:54.169 1586 1675 E AppOps : java.lang.SecurityException: Specified package "android" under uid 1037 but it is not
01-02 13:14:54.169 1586 1675 E AppOps : at com.android.server.appop.AppOpsService.verifyAndGetBypass(AppOpsService.java:4696)
01-02 13:14:54.169 1586 1675 E AppOps : at com.android.server.appop.AppOpsService.verifyAndGetBypass(AppOpsService.java:4564)
01-02 13:14:54.169 1586 1675 E AppOps : at com.android.server.appop.AppOpsService.checkOperationUnchecked(AppOpsService.java:3253)
01-02 13:14:54.169 1586 1675 E AppOps : at com.android.server.appop.AppOpsService.checkOperationImpl(AppOpsService.java:3236)
01-02 13:14:54.169 1586 1675 E AppOps : at com.android.server.appop.AppOpsService.-$$Nest$mcheckOperationImpl(Unknown Source:0)
01-02 13:14:54.169 1586 1675 E AppOps : at com.android.server.appop.AppOpsService$CheckOpsDelegateDispatcher.lambda$checkOperation$0(AppOpsService.java:7596)
01-02 13:14:54.169 1586 1675 E AppOps : at com.android.server.appop.AppOpsService$CheckOpsDelegateDispatcher.$r8$lambda$KrwrxMLmGzFSEjEyo0aJ63o5J9E(Unknown Source:0)
01-02 13:14:54.169 1586 1675 E AppOps : at com.android.server.appop.AppOpsService$CheckOpsDelegateDispatcher$$ExternalSyntheticLambda9.apply(Unknown Source:24)
01-02 13:14:54.169 1586 1675 E AppOps : at com.android.server.policy.AppOpsPolicy.checkOperation(AppOpsPolicy.java:213)
01-02 13:14:54.169 1586 1675 E AppOps : at com.android.server.appop.AppOpsService$CheckOpsDelegateDispatcher.checkOperation(AppOpsService.java:7595)
01-02 13:14:54.169 1586 1675 E AppOps : at com.android.server.appop.AppOpsService.checkOperation(AppOpsService.java:3223)
01-02 13:14:54.169 1586 1675 E AppOps : at com.android.server.StorageManagerService$StorageManagerInternalImpl.hasExternalStorageAccess(StorageManagerService.java:4836)
01-02 13:14:54.169 1586 1675 E AppOps : at com.android.server.am.ProcessList.startProcessLocked(ProcessList.java:1690)
01-02 13:14:54.169 1586 1675 E AppOps : at com.android.server.am.ProcessList.startProcessLocked(ProcessList.java:2359)
01-02 13:14:54.169 1586 1675 E AppOps : at com.android.server.am.ProcessList.startProcessLocked(ProcessList.java:2499)
01-02 13:14:54.169 1586 1675 E AppOps : at com.android.server.am.ActivityManagerService.startIsolatedProcess(ActivityManagerService.java:2804)
01-02 13:14:54.169 1586 1675 E AppOps : at com.android.server.am.ActivityManagerService$LocalService.startIsolatedProcess(ActivityManagerService.java:16413)
01-02 13:14:54.169 1586 1675 E AppOps : at android.webkit.WebViewLibraryLoader.createRelroFile(WebViewLibraryLoader.java:126)
01-02 13:14:54.169 1586 1675 E AppOps : at android.webkit.WebViewLibraryLoader.createRelros(WebViewLibraryLoader.java:170)
01-02 13:14:54.169 1586 1675 E AppOps : at android.webkit.WebViewLibraryLoader.prepareNativeLibraries(WebViewLibraryLoader.java:152)
01-02 13:14:54.169 1586 1675 E AppOps : at android.webkit.WebViewFactory.onWebViewProviderChanged(WebViewFactory.java:555)
01-02 13:14:54.169 1586 1675 E AppOps : at com.android.server.webkit.SystemImpl.onWebViewProviderChanged(SystemImpl.java:174)
01-02 13:14:54.169 1586 1675 E AppOps : at com.android.server.webkit.WebViewUpdateServiceImpl.onWebViewProviderChanged(WebViewUpdateServiceImpl.java:351)
01-02 13:14:54.169 1586 1675 E AppOps : at com.android.server.webkit.WebViewUpdateServiceImpl.prepareWebViewInSystemServer(WebViewUpdateServiceImpl.java:182)
01-02 13:14:54.169 1586 1675 E AppOps : at com.android.server.webkit.WebViewUpdateService.prepareWebViewInSystemServer(WebViewUpdateService.java:129)
01-02 13:14:54.169 1586 1675 E AppOps : at com.android.server.SystemServer.lambda$startOtherServices$3(SystemServer.java:2825)
01-02 13:14:54.169 1586 1675 E AppOps : at com.android.server.SystemServer.$r8$lambda$nG7XwJlwV2eNiP3C-iTim-mbKmM(Unknown Source:0)
01-02 13:14:54.169 1586 1675 E AppOps : at com.android.server.SystemServer$$ExternalSyntheticLambda6.run(Unknown Source:2)
01-02 13:14:54.169 1586 1675 E AppOps : at com.android.server.SystemServerInitThreadPool.lambda$submitTask$0(SystemServerInitThreadPool.java:106)
01-02 13:14:54.169 1586 1675 E AppOps : at com.android.server.SystemServerInitThreadPool.$r8$lambda$aGlXt69ihU44Qi7EB_RNeu8pnrY(Unknown Source:0)
01-02 13:14:54.169 1586 1675 E AppOps : at com.android.server.SystemServerInitThreadPool$$ExternalSyntheticLambda0.run(Unknown Source:6)
01-02 13:14:54.169 1586 1675 E AppOps : at java.util.concurrent.Executors$RunnableAdapter.call(Executors.java:463)
01-02 13:14:54.169 1586 1675 E AppOps : at java.util.concurrent.FutureTask.run(FutureTask.java:264)
01-02 13:14:54.169 1586 1675 E AppOps : at java.util.concurrent.ThreadPoolExecutor.runWorker(ThreadPoolExecutor.java:1137)
01-02 13:14:54.169 1586 1675 E AppOps : at java.util.concurrent.ThreadPoolExecutor$Worker.run(ThreadPoolExecutor.java:637) 01-02 13:14:54.