01-02 13:14:51.709 1186 1186 W binder:1186_4: type=1400 audit(0.0:337): avc: denied { getattr } for scontext=u:r:installd:s0 tcontext=u:r:system_server:s0 tclass=process permissive=0
01-02 13:14:51.709 1186 1186 W binder:1186_4: type=1400 audit(0.0:338): avc: denied { getattr } for scontext=u:r:installd:s0 tcontext=u:r:system_server:s0 tclass=process permissive=0
01-02 13:14:51.709 1186 1186 W binder:1186_4: type=1400 audit(0.0:339): avc: denied { getattr } for scontext=u:r:installd:s0 tcontext=u:r:system_server:s0 tclass=process permissive=0
01-02 13:14:51.709 1186 1186 W binder:1186_4: type=1400 audit(0.0:340): avc: denied { getattr } for scontext=u:r:installd:s0 tcontext=u:r:system_server:s0 tclass=process permissive=0
01-02 13:14:51.709 1186 1186 W binder:1186_4: type=1400 audit(0.0:341): avc: denied { getattr } for scontext=u:r:installd:s0 tcontext=u:r:system_server:s0 tclass=process permissive=0
01-02 13:14:51.709 1186 1186 W binder:1186_4: type=1400 audit(0.0:342): avc: denied { getattr } for scontext=u:r:installd:s0 tcontext=u:r:system_server:s0 tclass=process permissive=0
01-02 13:14:51.709 1186 1186 W binder:1186_4: type=1400 audit(0.0:343): avc: denied { getattr } for scontext=u:r:installd:s0 tcontext=u:r:system_server:s0 tclass=process permissive=0
01-02 13:14:51.709 1186 1186 W binder:1186_4: type=1400 audit(0.0:344): avc: denied { getattr } for scontext=u:r:installd:s0 tcontext=u:r:system_server:s0 tclass=process permissive=0
01-02 13:14:51.709 1186 1186 W binder:1186_4: type=1400 audit(0.0:345): avc: denied { getattr } for scontext=u:r:installd:s0 tcontext=u:r:system_server:s0 tclass=process permissive=0
01-02 13:14:51.709 1186 1186 W binder:1186_4: type=1400 audit(0.0:346): avc: denied { getattr } for scontext=u:r:installd:s0 tcontext=u:r:system_server:s0 tclass=process permissive=0
01-02 13:14:51.709 1186 1186 W binder:1186_4: type=1400 audit(0.0:347): avc: denied { getattr } for scontext=u:r:installd:s0 tcontext=u:r:system_server:s0 tclass=process permissive=0
01-02 13:14:51.709 1186 1186 W binder:1186_4: type=1400 audit(0.0:348): avc: denied { getattr } for scontext=u:r:installd:s0 tcontext=u:r:system_server:s0 tclass=process permissive=0
01-02 13:14:51.709 1186 1186 W binder:1186_4: type=1400 audit(0.0:349): avc: denied { getattr } for scontext=u:r:installd:s0 tcontext=u:r:system_server:s0 tclass=process permissive=0
01-02 13:14:51.709 1186 1186 W binder:1186_4: type=1400 audit(0.0:350): avc: denied { getattr } for scontext=u:r:installd:s0 tcontext=u:r:system_server:s0 tclass=process permissive=0
01-02 13:14:51.709 1186 1186 W binder:1186_4: type=1400 audit(0.0:351): avc: denied { getattr } for scontext=u:r:installd:s0 tcontext=u:r:system_server:s0 tclass=process permissive=0
01-02 13:14:51.709 1186 1186 W binder:1186_4: type=1400 audit(0.0:352): avc: denied { getattr } for scontext=u:r:installd:s0 tcontext=u:r:system_server:s0 tclass=process permissive=0
01-02 13:14:51.709 1186 1186 W binder:1186_4: type=1400 audit(0.0:353): avc: denied { getattr } for scontext=u:r:installd:s0 tcontext=u:r:system_server:s0 tclass=process permissive=0
01-02 13:14:51.709 1186 1186 W binder:1186_4: type=1400 audit(0.0:354): avc: denied { getattr } for scontext=u:r:installd:s0 tcontext=u:r:system_server:s0 tclass=process permissive=0
01-02 13:14:51.709 1186 1186 W binder:1186_4: type=1400 audit(0.0:355): avc: denied { getattr } for scontext=u:r:installd:s0 tcontext=u:r:system_server:s0 tclass=process permissive=0
01-02 13:14:51.709 1186 1186 W binder:1186_4: type=1400 audit(0.0:356): avc: denied { getattr } for scontext=u:r:installd:s0 tcontext=u:r:system_server:s0 tclass=process permissive=0
01-02 13:14:51.719 1186 1186 W binder:1186_4: type=1400 audit(0.0:357): avc: denied { getattr } for scontext=u:r:installd:s0 tcontext=u:r:system_server:s0 tclass=process permissive=0
01-02 13:14:51.719 1186 1186 W binder:1186_4: type=1400 audit(0.0:358): avc: denied { getattr } for scontext=u:r:installd:s0 tcontext=u:r:system_server:s0 tclass=process permissive=0
01-02 13:14:51.719 1186 1186 W binder:1186_4: type=1400 audit(0.0:359): avc: denied { getattr } for scontext=u:r:installd:s0 tcontext=u:r:system_server:s0 tclass=process permissive=0
01-02 13:14:51.719 1186 1186 W binder:1186_4: type=1400 audit(0.0:360): avc: denied { getattr } for scontext=u:r:installd:s0 tcontext=u:r:system_server:s0 tclass=process permissive=0
01-02 13:14:51.719 1186 1186 W binder:1186_4: type=1400 audit(0.0:361): avc: denied { getattr } for scontext=u:r:installd:s0 tcontext=u:r:system_server:s0 tclass=process permissive=0
01-02 13:14:51.719 1186 1186 W binder:1186_4: type=1400 audit(0.0:362): avc: denied { getattr } for scontext=u:r:installd:s0 tcontext=u:r:system_server:s0 tclass=process permissive=0
01-02 13:14:51.719 1186 1186 W binder:1186_4: type=1400 audit(0.0:363): avc: denied { getattr } for scontext=u:r:installd:s0 tcontext=u:r:system_server:s0 tclass=process permissive=0
01-02 13:14:51.719 1186 1186 W binder:1186_4: type=1400 audit(0.0:364): avc: denied { getattr } for scontext=u:r:installd:s0 tcontext=u:r:system_server:s0 tclass=process permissive=0
01-02 13:14:51.719 1186 1186 W binder:1186_4: type=1400 audit(0.0:365): avc: denied { getattr } for scontext=u:r:installd:s0 tcontext=u:r:system_server:s0 tclass=process permissive=0
01-02 13:14:51.719 1186 1186 W binder:1186_4: type=1400 audit(0.0:366): avc: denied { getattr } for scontext=u:r:installd:s0 tcontext=u:r:system_server:s0 tclass=process permissive=0
01-02 13:14:51.719 1186 1186 W binder:1186_4: type=1400 audit(0.0:367): avc: denied { getattr } for scontext=u:r:installd:s0 tcontext=u:r:system_server:s0 tclass=process permissive=0
01-02 13:14:51.719 1186 1186 W binder:1186_4: type=1400 audit(0.0:368): avc: denied { getattr } for scontext=u:r:installd:s0 tcontext=u:r:system_server:s0 tclass=process permissive=0
01-02 13:14:51.719 1186 1186 W binder:1186_4: type=1400 audit(0.0:369): avc: denied { getattr } for scontext=u:r:installd:s0 tcontext=u:r:system_server:s0 tclass=process permissive=0
01-02 13:14:51.719 1186 1186 W binder:1186_4: type=1400 audit(0.0:370): avc: denied { getattr } for scontext=u:r:installd:s0 tcontext=u:r:system_server:s0 tclass=process permissive=0
01-02 13:14:51.719 1186 1186 W binder:1186_4: type=1400 audit(0.0:371): avc: denied { getattr } for scontext=u:r:installd:s0 tcontext=u:r:system_server:s0 tclass=process permissive=0
01-02 13:14:51.719 1186 1186 W binder:1186_4: type=1400 audit(0.0:372): avc: denied { getattr } for scontext=u:r:installd:s0 tcontext=u:r:system_server:s0 tclass=process permissive=0
01-02 13:14:51.719 1186 1186 W binder:1186_4: type=1400 audit(0.0:373): avc: denied { getattr } for scontext=u:r:installd:s0 tcontext=u:r:system_server:s0 tclass=process permissive=0
01-02 13:14:51.719 1186 1186 W binder:1186_4: type=1400 audit(0.0:374): avc: denied { getattr } for scontext=u:r:installd:s0 tcontext=u:r:system_server:s0 tclass=process permissive=0
01-02 13:14:51.719 1186 1186 W binder:1186_4: type=1400 audit(0.0:375): avc: denied { getattr } for scontext=u:r:installd:s0 tcontext=u:r:system_server:s0 tclass=process permissive=0
01-02 13:14:51.719 1186 1186 W binder:1186_4: type=1400 audit(0.0:376): avc: denied { getattr } for scontext=u:r:installd:s0 tcontext=u:r:system_server:s0 tclass=process permissive=0
01-02 13:14:51.719 1186 1186 W binder:1186_4: type=1400 audit(0.0:377): avc: denied { getattr } for scontext=u:r:installd:s0 tcontext=u:r:system_server:s0 tclass=process permissive=0
01-02 13:14:51.719 1186 1186 W binder:1186_4: type=1400 audit(0.0:378): avc: denied { getattr } for scontext=u:r:installd:s0 tcontext=u:r:system_server:s0 tclass=process permissive=0
01-02 13:14:51.719 1186 1186 W binder:1186_4: type=1400 audit(0.0:379): avc: denied { getattr } for scontext=u:r:installd:s0 tcontext=u:r:system_server:s0 tclass=process permissive=0
01-02 13:14:51.719 1186 1186 W binder:1186_4: type=1400 audit(0.0:380): avc: denied { getattr } for scontext=u:r:installd:s0 tcontext=u:r:system_server:s0 tclass=process permissive=0
01-02 13:14:51.719 1186 1186 W binder:1186_4: type=1400 audit(0.0:381): avc: denied { getattr } for scontext=u:r:installd:s0 tcontext=u:r:system_server:s0 tclass=process permissive=0
01-02 13:14:51.719 1186 1186 W binder:1186_4: type=1400 audit(0.0:382): avc: denied { getattr } for scontext=u:r:installd:s0 tcontext=u:r:system_server:s0 tclass=process permissive=0
01-02 13:14:51.719 1186 1186 W binder:1186_4: type=1400 audit(0.0:383): avc: denied { getattr } for scontext=u:r:installd:s0 tcontext=u:r:system_server:s0 tclass=process permissive=0
01-02 13:14:51.719 1186 1186 W binder:1186_4: type=1400 audit(0.0:384): avc: denied { getattr } for scontext=u:r:installd:s0 tcontext=u:r:system_server:s0 tclass=process permissive=0
01-02 13:14:51.719 1186 1186 W binder:1186_4: type=1400 audit(0.0:385): avc: denied { getattr } for scontext=u:r:installd:s0 tcontext=u:r:system_server:s0 tclass=process permissive=0
01-02 13:14:51.719 1186 1186 W binder:1186_4: type=1400 audit(0.0:386): avc: denied { getattr } for scontext=u:r:installd:s0 tcontext=u:r:system_server:s0 tclass=process permissive=0
01-02 13:14:51.729 1186 1186 W binder:1186_4: type=1400 audit(0.0:387): avc: denied { getattr } for scontext=u:r:installd:s0 tcontext=u:r:system_server:s0 tclass=process permissive=0
01-02 13:14:51.729 1186 1186 W binder:1186_4: type=1400 audit(0.0:388): avc: denied { getattr } for scontext=u:r:installd:s0 tcontext=u:r:system_server:s0 tclass=process permissive=0
01-02 13:14:51.729 1186 1186 W binder:1186_4: type=1400 audit(0.0:389): avc: denied { getattr } for scontext=u:r:installd:s0 tcontext=u:r:system_server:s0 tclass=process permissive=0
01-02 13:14:51.729 1186 1186 W binder:1186_4: type=1400 audit(0.0:390): avc: denied { getattr } for scontext=u:r:installd:s0 tcontext=u:r:system_server:s0 tclass=process permissive=0
01-02 13:14:51.729 1186 1186 W binder:1186_4: type=1400 audit(0.0:391): avc: denied { getattr } for scontext=u:r:installd:s0 tcontext=u:r:system_server:s0 tclass=process permissive=0
01-02 13:14:51.729 1186 1186 W binder:1186_4: type=1400 audit(0.0:392): avc: denied { getattr } for scontext=u:r:installd:s0 tcontext=u:r:system_server:s0 tclass=process permissive=0
01-02 13:14:51.729 1186 1186 W binder:1186_4: type=1400 audit(0.0:393): avc: denied { getattr } for scontext=u:r:installd:s0 tcontext=u:r:system_server:s0 tclass=process permissive=0
01-02 13:14:51.729 1186 1186 W binder:1186_4: type=1400 audit(0.0:394): avc: denied { getattr } for scontext=u:r:installd:s0 tcontext=u:r:system_server:s0 tclass=process permissive=0
01-02 13:14:51.729 1186 1186 W binder:1186_4: type=1400 audit(0.0:395): avc: denied { getattr } for scontext=u:r:installd:s0 tcontext=u:r:system_server:s0 tclass=process permissive=0
01-02 13:14:51.729 1186 1186 W binder:1186_4: type=1400 audit(0.0:396): avc: denied { getattr } for scontext=u:r:installd:s0 tcontext=u:r:system_server:s0 tclass=process permissive=0
01-02 13:14:51.729 1186 1186 W binder:1186_4: type=1400 audit(0.0:397): avc: denied { getattr } for scontext=u:r:installd:s0 tcontext=u:r:system_server:s0 tclass=process permissive=0
01-02 13:14:51.729 1186 1186 W binder:1186_4: type=1400 audit(0.0:398): avc: denied { getattr } for scontext=u:r:installd:s0 tcontext=u:r:system_server:s0 tclass=process permissive=0
01-02 13:14:51.729 1186 1186 W binder:1186_4: type=1400 audit(0.0:399): avc: denied { getattr } for scontext=u:r:installd:s0 tcontext=u:r:system_server:s0 tclass=process permissive=0
01-02 13:14:51.729 1186 1186 W binder:1186_4: type=1400 audit(0.0:400): avc: denied { getattr } for scontext=u:r:installd:s0 tcontext=u:r:system_server:s0 tclass=process permissive=0
01-02 13:14:51.729 1186 1186 W binder:1186_4: type=1400 audit(0.0:401): avc: denied { getattr } for scontext=u:r:installd:s0 tcontext=u:r:system_server:s0 tclass=process permissive=0
01-02 13:14:51.729 1186 1186 W binder:1186_4: type=1400 audit(0.0:402): avc: denied { getattr } for scontext=u:r:installd:s0 tcontext=u:r:system_server:s0 tclass=process permissive=0
01-02 13:14:51.729 1186 1186 W binder:1186_4: type=1400 audit(0.0:403): avc: denied { getattr } for scontext=u:r:installd:s0 tcontext=u:r:system_server:s0 tclass=process permissive=0
01-02 13:14:51.729 1186 1186 W binder:1186_4: type=1400 audit(0.0:404): avc: denied { getattr } for scontext=u:r:installd:s0 tcontext=u:r:system_server:s0 tclass=process permissive=0
01-02 13:14:51.729 1186 1186 W binder:1186_4: type=1400 audit(0.0:405): avc: denied { getattr } for scontext=u:r:installd:s0 tcontext=u:r:system_server:s0 tclass=process permissive=0
01-02 13:14:51.729 1186 1186 W binder:1186_4: type=1400 audit(0.0:406): avc: denied { getattr } for scontext=u:r:installd:s0 tcontext=u:r:system_server:s0 tclass=process permissive=0
01-02 13:14:51.729 1186 1186 W binder:1186_4: type=1400 audit(0.0:407): avc: denied { getattr } for scontext=u:r:installd:s0 tcontext=u:r:system_server:s0 tclass=process permissive=0
01-02 13:14:51.729 1186 1186 W binder:1186_4: type=1400 audit(0.0:408): avc: denied { getattr } for scontext=u:r:installd:s0 tcontext=u:r:system_server:s0 tclass=process permissive=0
01-02 13:14:51.729 1186 1186 W binder:1186_4: type=1400 audit(0.0:409): avc: denied { getattr } for scontext=u:r:installd:s0 tcontext=u:r:system_server:s0 tclass=process permissive=0
01-02 13:14:51.729 1186 1186 W binder:1186_4: type=1400 audit(0.0:410): avc: denied { getattr } for scontext=u:r:installd:s0 tcontext=u:r:system_server:s0 tclass=process permissive=0
01-02 13:14:51.729 1186 1186 W binder:1186_4: type=1400 audit(0.0:411): avc: denied { getattr } for scontext=u:r:installd:s0 tcontext=u:r:system_server:s0 tclass=process permissive=0
01-02 13:14:51.729 1186 1186 W binder:1186_4: type=1400 audit(0.0:412): avc: denied { getattr } for scontext=u:r:installd:s0 tcontext=u:r:system_server:s0 tclass=process permissive=0
01-02 13:14:51.729 1186 1186 W binder:1186_4: type=1400 audit(0.0:413): avc: denied { getattr } for scontext=u:r:installd:s0 tcontext=u:r:system_server:s0 tclass=process permissive=0
01-02 13:14:51.729 1186 1186 W binder:1186_4: type=1400 audit(0.0:414): avc: denied { getattr } for scontext=u:r:installd:s0 tcontext=u:r:system_server:s0 tclass=process permissive=0
01-02 13:14:51.729 1186 1186 W binder:1186_4: type=1400 audit(0.0:415): avc: denied { getattr } for scontext=u:r:installd:s0 tcontext=u:r:system_server:s0 tclass=process permissive=0
01-02 13:14:51.729 1186 1186 W binder:1186_4: type=1400 audit(0.0:416): avc: denied { getattr } for scontext=u:r:installd:s0 tcontext=u:r:system_server:s0 tclass=process permissive=0
01-02 13:14:51.729 1186 1186 W binder:1186_4: type=1400 audit(0.0:417): avc: denied { getattr } for scontext=u:r:installd:s0 tcontext=u:r:system_server:s0 tclass=process permissive=0
01-02 13:14:51.729 1186 1186 W binder:1186_4: type=1400 audit(0.0:418): avc: denied { getattr } for scontext=u:r:installd:s0 tcontext=u:r:system_server:s0 tclass=process permissive=0
01-02 13:14:51.729 1186 1186 W binder:1186_4: type=1400 audit(0.0:419): avc: denied { getattr } for scontext=u:r:installd:s0 tcontext=u:r:system_server:s0 tclass=process permissive=0
01-02 13:14:51.729 1186 1186 W binder:1186_4: type=1400 audit(0.0:420): avc: denied { getattr } for scontext=u:r:installd:s0 tcontext=u:r:system_server:s0 tclass=process permissive=0
01-02 13:14:51.729 1186 1186 W binder:1186_4: type=1400 audit(0.0:421): avc: denied { getattr } for scontext=u:r:installd:s0 tcontext=u:r:system_server:s0 tclass=process permissive=0
01-02 13:14:51.729 1186 1186 W binder:1186_4: type=1400 audit(0.0:422): avc: denied { getattr } for scontext=u:r:installd:s0 tcontext=u:r:system_server:s0 tclass=process permissive=0
01-02 13:14:51.729 1186 1186 W binder:1186_4: type=1400 audit(0.0:423): avc: denied { getattr } for scontext=u:r:installd:s0 tcontext=u:r:system_server:s0 tclass=process permissive=0
01-02 13:14:51.729 1186 1186 W binder:1186_4: type=1400 audit(0.0:424): avc: denied { getattr } for scontext=u:r:installd:s0 tcontext=u:r:system_server:s0 tclass=process permissive=0
01-02 13:14:51.729 1186 1186 W binder:1186_4: type=1400 audit(0.0:425): avc: denied { getattr } for scontext=u:r:installd:s0 tcontext=u:r:system_server:s0 tclass=process permissive=0
01-02 13:14:51.729 1186 1186 W binder:1186_4: type=1400 audit(0.0:426): avc: denied { getattr } for scontext=u:r:installd:s0 tcontext=u:r:system_server:s0 tclass=process permissive=0
01-02 13:14:51.729 1186 1186 W binder:1186_4: type=1400 audit(0.0:427): avc: denied { getattr } for scontext=u:r:installd:s0 tcontext=u:r:system_server:s0 tclass=process permissive=0
01-02 13:14:51.729 1186 1186 W binder:1186_4: type=1400 audit(0.0:428): avc: denied { getattr } for scontext=u:r:installd:s0 tcontext=u:r:system_server:s0 tclass=process permissive=0
01-02 13:14:51.729 1186 1186 W binder:1186_4: type=1400 audit(0.0:429): avc: denied { getattr } for scontext=u:r:installd:s0 tcontext=u:r:system_server:s0 tclass=process permissive=0
01-02 13:14:51.729 1186 1186 W binder:1186_4: type=1400 audit(0.0:430): avc: denied { getattr } for scontext=u:r:installd:s0 tcontext=u:r:system_server:s0 tclass=process permissive=0
01-02 13:14:51.729 1186 1186 W binder:1186_4: type=1400 audit(0.0:431): avc: denied { getattr } for scontext=u:r:installd:s0 tcontext=u:r:system_server:s0 tclass=process permissive=0
01-02 13:14:51.729 1186 1186 W binder:1186_4: type=1400 audit(0.0:432): avc: denied { getattr } for scontext=u:r:installd:s0 tcontext=u:r:system_server:s0 tclass=process permissive=0
01-02 13:14:51.729 1186 1186 W binder:1186_4: type=1400 audit(0.0:433): avc: denied { getattr } for scontext=u:r:installd:s0 tcontext=u:r:system_server:s0 tclass=process permissive=0
01-02 13:14:51.729 1186 1186 W binder:1186_4: type=1400 audit(0.0:434): avc: denied { getattr } for scontext=u:r:installd:s0 tcontext=u:r:system_server:s0 tclass=process permissive=0
01-02 13:14:51.729 1186 1186 W binder:1186_4: type=1400 audit(0.0:435): avc: denied { getattr } for scontext=u:r:installd:s0 tcontext=u:r:system_server:s0 tclass=process permissive=0
01-02 13:14:51.729 1186 1186 W binder:1186_4: type=1400 audit(0.0:436): avc: denied { getattr } for scontext=u:r:installd:s0 tcontext=u:r:system_server:s0 tclass=process permissive=0
01-02 13:14:51.739 1186 1186 W binder:1186_4: type=1400 audit(0.0:437): avc: denied { getattr } for scontext=u:r:installd:s0 tcontext=u:r:system_server:s0 tclass=process permissive=0
01-02 13:14:51.739 1186 1186 W binder:1186_4: type=1400 audit(0.0:438): avc: denied { getattr } for scontext=u:r:installd:s0 tcontext=u:r:system_server:s0 tclass=process permissive=0
01-02 13:14:51.739 1186 1186 W binder:1186_4: type=1400 audit(0.0:439): avc: denied { getattr } for scontext=u:r:installd:s0 tcontext=u:r:system_server:s0 tclass=process permissive=0
01-02 13:14:51.739 1186 1186 W binder:1186_4: type=1400 audit(0.0:440): avc: denied { getattr } for scontext=u:r:installd:s0 tcontext=u:r:system_server:s0 tclass=process permissive=0
01-02 13:14:51.739 1186 1186 W binder:1186_4: type=1400 audit(0.0:441): avc: denied { getattr } for scontext=u:r:installd:s0 tcontext=u:r:system_server:s0 tclass=process permissive=0
01-02 13:14:51.739 1186 1186 W binder:1186_4: type=1400 audit(0.0:442): avc: denied { getattr } for scontext=u:r:installd:s0 tcontext=u:r:system_server:s0 tclass=process permissive=0
01-02 13:14:51.739 1186 1186 W binder:1186_4: type=1400 audit(0.0:443): avc: denied { getattr } for scontext=u:r:installd:s0 tcontext=u:r:system_server:s0 tclass=process permissive=0
01-02 13:14:51.739 1186 1186 W binder:1186_4: type=1400 audit(0.0:444): avc: denied { getattr } for scontext=u:r:installd:s0 tcontext=u:r:system_server:s0 tclass=process permissive=0
01-02 13:14:51.739 1186 1186 W binder:1186_4: type=1400 audit(0.0:445): avc: denied { getattr } for scontext=u:r:installd:s0 tcontext=u:r:system_server:s0 tclass=process permissive=0
01-02 13:14:51.739 1186 1186 W binder:1186_4: type=1400 audit(0.0:446): avc: denied { getattr } for scontext=u:r:installd:s0 tcontext=u:r:system_server:s0 tclass=process permissive=0
01-02 13:14:51.739 1186 1186 W binder:1186_4: type=1400 audit(0.0:447): avc: denied { getattr } for scontext=u:r:installd:s0 tcontext=u:r:system_server:s0 tclass=process permissive=0
01-02 13:14:51.739 1186 1186 W binder:1186_4: type=1400 audit(0.0:448): avc: denied { getattr } for scontext=u:r:installd:s0 tcontext=u:r:system_server:s0 tclass=process permissive=0
01-02 13:14:51.739 1186 1186 W binder:1186_4: type=1400 audit(0.0:449): avc: denied { getattr } for scontext=u:r:installd:s0 tcontext=u:r:system_server:s0 tclass=process permissive=0
01-02 13:14:51.739 1186 1186 W binder:1186_4: type=1400 audit(0.0:450): avc: denied { getattr } for scontext=u:r:installd:s0 tcontext=u:r:system_server:s0 tclass=process permissive=0
01-02 13:14:51.749 1586 1586 D SystemServerTiming: StartTestHarnessMode
01-02 13:14:51.749 1586 1586 I SystemServiceManager: Starting com.android.server.testharness.TestHarnessModeService
01-02 13:14:51.739 1186 1186 W binder:1186_4: type=1400 audit(0.0:451): avc: denied { getattr } for scontext=u:r:installd:s0 tcontext=u:r:system_server:s0 tclass=process permissive=0
01-02 13:14:51.739 1186 1186 W binder:1186_4: type=1400 audit(0.0:452): avc: denied { getattr } for scontext=u:r:installd:s0 tcontext=u:r:system_server:s0 tclass=process permissive=0
01-02 13:14:51.739 1186 1186 W binder:1186_4: type=1400 audit(0.0:453): avc: denied { getattr } for scontext=u:r:installd:s0 tcontext=u:r:system_server:s0 tclass=process permissive=0
01-02 13:14:51.739 1186 1186 W binder:1186_4: type=1400 audit(0.0:454): avc: denied { getattr } for scontext=u:r:installd:s0 tcontext=u:r:system_server:s0 tclass=process permissive=0
01-02 13:14:51.739 1186 1186 W binder:1186_4: type=1400 audit(0.0:455): avc: denied { getattr } for scontext=u:r:installd:s0 tcontext=u:r:system_server:s0 tclass=process permissive=0
01-02 13:14:51.739 1186 1186 W binder:1186_4: type=1400 audit(0.0:456): avc: denied { getattr } for scontext=u:r:installd:s0 tcontext=u:r:system_server:s0 tclass=process permissive=0
01-02 13:14:51.752 373 373 I hwservicemanager: getTransport: Cannot find entry android.hardware.oemlock@1.0::IOemLock/default in either framework or device VINTF manifest.
01-02 13:14:51.739 1186 1186 W binder:1186_4: type=1400 audit(0.0:457): avc: denied { getattr } for scontext=u:r:installd:s0 tcontext=u:r:system_server:s0 tclass=process permissive=0
01-02 13:14:51.739 1186 1186 W binder:1186_4: type=1400 audit(0.0:458): avc: denied { getattr } for scontext=u:r:installd:s0 tcontext=u:r:system_server:s0 tclass=process permissive=0
01-02 13:14:51.753 1586 1586 I OemLock : OemLock HAL not present on device
01-02 13:14:51.753 1586 1586 D SystemServerTiming: StartDeviceIdleController
01-02 13:14:51.753 1586 1586 I SystemServiceManager: Starting com.android.server.DeviceIdleController
01-02 13:14:51.739 1186 1186 W binder:1186_4: type=1400 audit(0.0:459): avc: denied { getattr } for scontext=u:r:installd:s0 tcontext=u:r:system_server:s0 tclass=process permissive=0
01-02 13:14:51.739 1186 1186 W binder:1186_4: type=1400 audit(0.0:460): avc: denied { getattr } for scontext=u:r:installd:s0 tcontext=u:r:system_server:s0 tclass=process permissive=0
01-02 13:14:51.739 1186 1186 W binder:1186_4: type=1400 audit(0.0:461): avc: denied { getattr } for scontext=u:r:installd:s0 tcontext=u:r:system_server:s0 tclass=process permissive=0
01-02 13:14:51.739 1186 1186 W binder:1186_4: type=1400 audit(0.0:462): avc: denied { getattr } for scontext=u:r:installd:s0 tcontext=u:r:system_server:s0 tclass=process permissive=0
01-02 13:14:51.739 1186 1186 W binder:1186_4: type=1400 audit(0.0:463): avc: denied { getattr } for scontext=u:r:installd:s0 tcontext=u:r:system_server:s0 tclass=process permissive=0
01-02 13:14:51.739 1186 1186 W binder:1186_4: type=1400 audit(0.0:464): avc: denied { getattr } for scontext=u:r:installd:s0 tcontext=u:r:system_server:s0 tclass=process permissive=0
01-02 13:14:51.749 1186 1186 W binder:1186_4: type=1400 audit(0.0:465): avc: denied { getattr } for scontext=u:r:installd:s0 tcontext=u:r:system_server:s0 tclass=process permissive=0
01-02 13:14:51.749 1186 1186 W binder:1186_4: type=1400 audit(0.0:466): avc: denied { getattr } for scontext=u:r:installd:s0 tcontext=u:r:system_server:s0 tclass=process permissive=0
01-02 13:14:51.749 1186 1186 W binder:1186_4: type=1400 audit(0.0:467): avc: denied { getattr } for scontext=u:r:installd:s0 tcontext=u:r:system_server:s0 tclass=process permissive=0
01-02 13:14:51.749 1186 1186 W binder:1186_4: type=1400 audit(0.0:468): avc: denied { getattr } for scontext=u:r:installd:s0 tcontext=u:r:system_server:s0 tclass=process permissive=0
01-02 13:14:51.749 1186 1186 W binder:1186_4: type=1400 audit(0.0:469): avc: denied { getattr } for scontext=u:r:installd:s0 tcontext=u:r:system_server:s0 tclass=process permissive=0
01-02 13:14:51.749 1186 1186 W binder:1186_4: type=1400 audit(0.0:470): avc: denied { getattr } for scontext=u:r:installd:s0 tcontext=u:r:system_server:s0 tclass=process permissive=0
01-02 13:14:51.749 1186 1186 W binder:1186_4: type=1400 audit(0.0:471): avc: denied { getattr } for scontext=u:r:installd:s0 tcontext=u:r:system_server:s0 tclass=process permissive=0
01-02 13:14:51.749 1186 1186 W binder:1186_4: type=1400 audit(0.0:472): avc: denied { getattr } for scontext=u:r:installd:s0 tcontext=u:r:system_server:s0 tclass=process permissive=0
01-02 13:14:51.749 1186 1186 W binder:1186_4: type=1400 audit(0.0:473): avc: denied { getattr } for scontext=u:r:installd:s0 tcontext=u:r:system_server:s0 tclass=process permissive=0
01-02 13:14:51.749 1186 1186 W binder:1186_4: type=1400 audit(0.0:474): avc: denied { getattr } for scontext=u:r:installd:s0 tcontext=u:r:system_server:s0 tclass=process permissive=0
01-02 13:14:51.761 1586 1586 D SystemServerTiming: StartDevicePolicyManager
01-02 13:14:51.761 1586 1586 I SystemServiceManager: Starting com.android.server.devicepolicy.DevicePolicyManagerService$Lifecycle
01-02 13:14:51.771 1586 1586 I DevicePolicyManager: Current version 3, latest version 3, not upgrading.
01-02 13:14:51.782 1177 1327 I zygote : Background young concurrent copying GC freed 138678(5669KB) AllocSpace objects, 20(492KB) LOS objects, 24% free, 9327KB/12MB, paused 61us,30us total 101.751ms
01-02 13:14:51.900 1443 1527 D BootAnimation: Playing files = /system/media/bootanimation.zip/part1, Requested repeat = 0, playUntilComplete = false
01-02 13:14:51.958 1186 1193 W cutils : Expected path /data/user_de/0/com.darkeyes.tricks with mode 700 but found 755
01-02 13:14:52.009 1186 1186 W binder:1186_1: type=1400 audit(0.0:475): avc: denied { getattr } for scontext=u:r:installd:s0 tcontext=u:r:system_server:s0 tclass=process permissive=0
01-02 13:14:52.009 1186 1186 W binder:1186_1: type=1400 audit(0.0:476): avc: denied { getattr } for scontext=u:r:installd:s0 tcontext=u:r:system_server:s0 tclass=process permissive=0
01-02 13:14:52.009 1186 1186 W binder:1186_1: type=1400 audit(0.0:477): avc: denied { getattr } for scontext=u:r:installd:s0 tcontext=u:r:system_server:s0 tclass=process permissive=0
01-02 13:14:52.009 1186 1186 W binder:1186_1: type=1400 audit(0.0:478): avc: denied { getattr } for scontext=u:r:installd:s0 tcontext=u:r:system_server:s0 tclass=process permissive=0
01-02 13:14:52.019 1186 1186 W binder:1186_1: type=1400 audit(0.0:479): avc: denied { getattr } for scontext=u:r:installd:s0 tcontext=u:r:system_server:s0 tclass=process permissive=0
01-02 13:14:52.019 1186 1186 W binder:1186_1: type=1400 audit(0.0:480): avc: denied { getattr } for scontext=u:r:installd:s0 tcontext=u:r:system_server:s0 tclass=process permissive=0
01-02 13:14:52.027 1586 1586 I DevicePolicyManager: Set ro.organization_owned property to false
01-02 13:14:52.019 1186 1186 W binder:1186_1: type=1400 audit(0.0:481): avc: denied { getattr } for scontext=u:r:installd:s0 tcontext=u:r:system_server:s0 tclass=process permissive=0
01-02 13:14:52.030 1586 1586 D DevicePolicyManagerService: /data/system/updated_resources.xml doesn't exist
01-02 13:14:52.019 1186 1186 W binder:1186_1: type=1400 audit(0.0:482): avc: denied { getattr } for scontext=u:r:installd:s0 tcontext=u:r:system_server:s0 tclass=process permissive=0
01-02 13:14:52.033 1586 1586 D SystemServerTiming: StartStatusBarManagerService
01-02 13:14:52.019 1186 1186 W binder:1186_1: type=1400 audit(0.0:483): avc: denied { getattr } for scontext=u:r:installd:s0 tcontext=u:r:system_server:s0 tclass=process permissive=0
01-02 13:14:52.019 1186 1186 W binder:1186_1: type=1400 audit(0.0:484): avc: denied { getattr } for scontext=u:r:installd:s0 tcontext=u:r:system_server:s0 tclass=process permissive=0
01-02 13:14:52.038 1586 1586 D SystemServer: MusicRecognitionManagerService not defined by OEM or disabled by flag
01-02 13:14:52.039 1586 1586 D SystemServer: ContentCaptureService disabled because resource is not overlaid
01-02 13:14:52.039 1586 1586 D SystemServer: AttentionService is not configured on this device
01-02 13:14:52.040 1586 1586 D SystemServer: RotationResolverService is not configured on this device
01-02 13:14:52.040 1586 1586 D SystemServer: SystemCaptionsManagerService disabled because resource is not overlaid
01-02 13:14:52.040 1586 1586 D SystemServerTiming: StartTextToSpeechManagerService
01-02 13:14:52.040 1586 1586 I SystemServiceManager: Starting com.android.server.texttospeech.TextToSpeechManagerService
01-02 13:14:52.029 1186 1186 W binder:1186_1: type=1400 audit(0.0:485): avc: denied { getattr } for scontext=u:r:installd:s0 tcontext=u:r:system_server:s0 tclass=process permissive=0
01-02 13:14:52.029 1186 1186 W binder:1186_1: type=1400 audit(0.0:486): avc: denied { getattr } for scontext=u:r:installd:s0 tcontext=u:r:system_server:s0 tclass=process permissive=0
01-02 13:14:52.044 1586 1586 D SystemServerTiming: StartAmbientContextService
01-02 13:14:52.044 1586 1586 I SystemServiceManager: Starting com.android.server.ambientcontext.AmbientContextManagerService
01-02 13:14:52.029 1186 1186 W binder:1186_1: type=1400 audit(0.0:487): avc: denied { getattr } for scontext=u:r:installd:s0 tcontext=u:r:system_server:s0 tclass=process permissive=0
01-02 13:14:52.029 1186 1186 W binder:1186_1: type=1400 audit(0.0:488): avc: denied { getattr } for scontext=u:r:installd:s0 tcontext=u:r:system_server:s0 tclass=process permissive=0
01-02 13:14:52.048 1586 1586 D SystemServerTiming: StartSpeechRecognitionManagerService
01-02 13:14:52.048 1586 1586 I SystemServiceManager: Starting com.android.server.speech.SpeechRecognitionManagerService
01-02 13:14:52.051 1586 1586 D SystemServer: AppPredictionService not defined by OEM
01-02 13:14:52.051 1586 1586 D SystemServer: ContentSuggestionsService not defined by OEM
01-02 13:14:52.051 1586 1586 D SystemServerTiming: StartSearchUiService
01-02 13:14:52.039 1186 1186 W binder:1186_1: type=1400 audit(0.0:489): avc: denied { getattr } for scontext=u:r:installd:s0 tcontext=u:r:system_server:s0 tclass=process permissive=0
01-02 13:14:52.051 1586 1586 I SystemServiceManager: Starting com.android.server.searchui.SearchUiManagerService
01-02 13:14:52.054 1586 1586 D SystemServerTiming: StartSmartspaceService
01-02 13:14:52.054 1586 1586 I SystemServiceManager: Starting com.android.server.smartspace.SmartspaceManagerService
01-02 13:14:52.056 1586 1586 D SystemServerTiming: InitConnectivityModuleConnector
01-02 13:14:52.056 1586 1586 D ConnectivityModuleConnector: Network stack init
01-02 13:14:52.049 1186 1186 W binder:1186_1: type=1400 audit(0.0:490): avc: denied { getattr } for scontext=u:r:installd:s0 tcontext=u:r:system_server:s0 tclass=process permissive=0
01-02 13:14:52.059 1586 1586 D SystemServerTiming: InitNetworkStackClient
01-02 13:14:52.060 1586 1586 D SystemServerTiming: StartNetworkManagementService
01-02 13:14:52.049 1186 1186 W binder:1186_1: type=1400 audit(0.0:491): avc: denied { getattr } for scontext=u:r:installd:s0 tcontext=u:r:system_server:s0 tclass=process permissive=0
01-02 13:14:52.049 1186 1186 W binder:1186_1: type=1400 audit(0.0:492): avc: denied { getattr } for scontext=u:r:installd:s0 tcontext=u:r:system_server:s0 tclass=process permissive=0
01-02 13:14:52.063 1586 1586 D SystemServerTiming: StartFontManagerService
01-02 13:14:52.064 1586 1586 E OpenGLRenderer: statx failed for /system/fonts/Roboto-Regular.ttf, errno = 38
01-02 13:14:52.064 1586 1586 E OpenGLRenderer: statx failed for /system/fonts/Roboto-Regular.ttf, errno = 38
01-02 13:14:52.064 1586 1586 E OpenGLRenderer: statx failed for /system/fonts/Roboto-Regular.ttf, errno = 38
01-02 13:14:52.064 1586 1586 E OpenGLRenderer: statx failed for /system/fonts/RobotoStatic-Regular.ttf, errno = 38
01-02 13:14:52.064 1586 1586 E OpenGLRenderer: statx failed for /system/fonts/Roboto-Regular.ttf, errno = 38
01-02 13:14:52.064 1586 1586 E OpenGLRenderer: statx failed for /system/fonts/Roboto-Regular.ttf, errno = 38
01-02 13:14:52.064 1586 1586 E OpenGLRenderer: statx failed for /system/fonts/Roboto-Regular.ttf, errno = 38
01-02 13:14:52.064 1586 1586 E OpenGLRenderer: statx failed for /system/fonts/Roboto-Regular.ttf, errno = 38
01-02 13:14:52.064 1586 1586 E OpenGLRenderer: statx failed for /system/fonts/Roboto-Regular.ttf, errno = 38
01-02 13:14:52.064 1586 1586 E OpenGLRenderer: statx failed for /system/fonts/Roboto-Regular.ttf, errno = 38
01-02 13:14:52.064 1586 1586 E OpenGLRenderer: statx failed for /system/fonts/Roboto-Regular.ttf, errno = 38
01-02 13:14:52.064 1586 1586 E OpenGLRenderer: statx failed for /system/fonts/Roboto-Regular.ttf, errno = 38
01-02 13:14:52.064 1586 1586 E OpenGLRenderer: statx failed for /system/fonts/Roboto-Regular.ttf, errno = 38
01-02 13:14:52.064 1586 1586 E OpenGLRenderer: statx failed for /system/fonts/Roboto-Regular.ttf, errno = 38
01-02 13:14:52.064 1586 1586 E OpenGLRenderer: statx failed for /system/fonts/Roboto-Regular.ttf, errno = 38
01-02 13:14:52.064 1586 1586 E OpenGLRenderer: statx failed for /system/fonts/Roboto-Regular.ttf, errno = 38
01-02 13:14:52.064 1586 1586 E OpenGLRenderer: statx failed for /system/fonts/Roboto-Regular.ttf, errno = 38
01-02 13:14:52.064 1586 1586 E OpenGLRenderer: statx failed for /system/fonts/Roboto-Regular.ttf, errno = 38
01-02 13:14:52.064 1586 1586 E OpenGLRenderer: statx failed for /system/fonts/NotoNaskhArabic-Regular.ttf, errno = 38
01-02 13:14:52.064 1586 1586 E OpenGLRenderer: statx failed for /system/fonts/NotoNaskhArabic-Bold.ttf, errno = 38
01-02 13:14:52.064 1586 1586 E OpenGLRenderer: statx failed for /system/fonts/NotoNaskhArabicUI-Regular.ttf, errno = 38
01-02 13:14:52.064 1586 1586 E OpenGLRenderer: statx failed for /system/fonts/NotoNaskhArabicUI-Bold.ttf, errno = 38
01-02 13:14:52.064 1586 1586 E OpenGLRenderer: statx failed for /system/fonts/NotoSansEthiopic-VF.ttf, errno = 38
01-02 13:14:52.064 1586 1586 E OpenGLRenderer: statx failed for /system/fonts/NotoSansEthiopic-VF.ttf, errno = 38
01-02 13:14:52.064 1586 1586 E OpenGLRenderer: statx failed for /system/fonts/NotoSansEthiopic-VF.ttf, errno = 38
01-02 13:14:52.064 1586 1586 E OpenGLRenderer: statx failed for /system/fonts/NotoSansEthiopic-VF.ttf, errno = 38
01-02 13:14:52.064 1586 1586 E OpenGLRenderer: statx failed for /system/fonts/NotoSansHebrew-Regular.ttf, errno = 38
01-02 13:14:52.064 1586 1586 E OpenGLRenderer: statx failed for /system/fonts/NotoSansHebrew-Bold.ttf, errno = 38
01-02 13:14:52.064 1586 1586 E OpenGLRenderer: statx failed for /system/fonts/NotoSansThai-Regular.ttf, errno = 38
01-02 13:14:52.064 1586 1586 E OpenGLRenderer: statx failed for /system/fonts/NotoSansThai-Bold.ttf, errno = 38
01-02 13:14:52.064 1586 1586 E OpenGLRenderer: statx failed for /system/fonts/NotoSansThaiUI-Regular.ttf, errno = 38
01-02 13:14:52.065 1586 1586 E OpenGLRenderer: statx failed for /system/fonts/NotoSansThaiUI-Bold.ttf, errno = 38
01-02 13:14:52.065 1586 1586 E OpenGLRenderer: statx failed for /system/fonts/NotoSansArmenian-VF.ttf, errno = 38
01-02 13:14:52.065 1586 1586 E OpenGLRenderer: statx failed for /system/fonts/NotoSansArmenian-VF.ttf, errno = 38
01-02 13:14:52.065 1586 1586 E OpenGLRenderer: statx failed for /system/fonts/NotoSansArmenian-VF.ttf, errno = 38
01-02 13:14:52.065 1586 1586 E OpenGLRenderer: statx failed for /system/fonts/NotoSansArmenian-VF.ttf, errno = 38
01-02 13:14:52.065 1586 1586 E OpenGLRenderer: statx failed for /system/fonts/NotoSansGeorgian-VF.ttf, errno = 38
01-02 13:14:52.065 1586 1586 E OpenGLRenderer: statx failed for /system/fonts/NotoSansGeorgian-VF.ttf, errno = 38
01-02 13:14:52.065 1586 1586 E OpenGLRenderer: statx failed for /system/fonts/NotoSansGeorgian-VF.ttf, errno = 38
01-02 13:14:52.065 1586 1586 E OpenGLRenderer: statx failed for /system/fonts/NotoSansGeorgian-VF.ttf, errno = 38
01-02 13:14:52.065 1586 1586 E OpenGLRenderer: statx failed for /system/fonts/NotoSansDevanagari-VF.ttf, errno = 38
01-02 13:14:52.065 1586 1586 E OpenGLRenderer: statx failed for /system/fonts/NotoSansDevanagari-VF.ttf, errno = 38
01-02 13:14:52.065 1586 1586 E OpenGLRenderer: statx failed for /system/fonts/NotoSansDevanagari-VF.ttf, errno = 38
01-02 13:14:52.065 1586 1586 E OpenGLRenderer: statx failed for /system/fonts/NotoSansDevanagari-VF.ttf, errno = 38
01-02 13:14:52.065 1586 1586 E OpenGLRenderer: statx failed for /system/fonts/NotoSansDevanagariUI-VF.ttf, errno = 38
01-02 13:14:52.065 1586 1586 E OpenGLRenderer: statx failed for /system/fonts/NotoSansDevanagariUI-VF.ttf, errno = 38
01-02 13:14:52.065 1586 1586 E OpenGLRenderer: statx failed for /system/fonts/NotoSansDevanagariUI-VF.ttf, errno = 38
01-02 13:14:52.065 1586 1586 E OpenGLRenderer: statx failed for /system/fonts/NotoSansDevanagariUI-VF.ttf, errno = 38
01-02 13:14:52.065 1586 1586 E OpenGLRenderer: statx failed for /system/fonts/NotoSansGujarati-Regular.ttf, errno = 38
01-02 13:14:52.065 1586 1586 E OpenGLRenderer: statx failed for /system/fonts/NotoSansGujarati-Bold.ttf, errno = 38
01-02 13:14:52.065 1586 1586 E OpenGLRenderer: statx failed for /system/fonts/NotoSansGujaratiUI-Regular.ttf, errno = 38
01-02 13:14:52.065 1586 1586 E OpenGLRenderer: statx failed for /system/fonts/NotoSansGujaratiUI-Bold.ttf, errno = 38
01-02 13:14:52.065 1586 1586 E OpenGLRenderer: statx failed for /system/fonts/NotoSansGurmukhi-VF.ttf, errno = 38
01-02 13:14:52.065 1586 1586 E OpenGLRenderer: statx failed for /system/fonts/NotoSansGurmukhi-VF.ttf, errno = 38
01-02 13:14:52.065 1586 1586 E OpenGLRenderer: statx failed for /system/fonts/NotoSansGurmukhi-VF.ttf, errno = 38
01-02 13:14:52.065 1586 1586 E OpenGLRenderer: statx failed for /system/fonts/NotoSansGurmukhi-VF.ttf, errno = 38
01-02 13:14:52.065 1586 1586 E OpenGLRenderer: statx failed for /system/fonts/NotoSansGurmukhiUI-VF.ttf, errno = 38
01-02 13:14:52.065 1586 1586 E OpenGLRenderer: statx failed for /system/fonts/NotoSansGurmukhiUI-VF.ttf, errno = 38
01-02 13:14:52.065 1586 1586 E OpenGLRenderer: statx failed for /system/fonts/NotoSansGurmukhiUI-VF.ttf, errno = 38
01-02 13:14:52.065 1586 1586 E OpenGLRenderer: statx failed for /system/fonts/NotoSansGurmukhiUI-VF.ttf, errno = 38
01-02 13:14:52.065 1586 1586 E OpenGLRenderer: statx failed for /system/fonts/NotoSansTamil-VF.ttf, errno = 38
01-02 13:14:52.065 1586 1586 E OpenGLRenderer: statx failed for /system/fonts/NotoSansTamil-VF.ttf, errno = 38
01-02 13:14:52.065 1586 1586 E OpenGLRenderer: statx failed for /system/fonts/NotoSansTamil-VF.ttf, errno = 38
01-02 13:14:52.065 1586 1586 E OpenGLRenderer: statx failed for /system/fonts/NotoSansTamil-VF.ttf, errno = 38
01-02 13:14:52.065 1586 1586 E OpenGLRenderer: statx failed for /system/fonts/NotoSansTamilUI-VF.ttf, errno = 38
01-02 13:14:52.065 1586 1586 E OpenGLRenderer: statx failed for /system/fonts/NotoSansTamilUI-VF.ttf, errno = 38
01-02 13:14:52.065 1586 1586 E OpenGLRenderer: statx failed for /system/fonts/NotoSansTamilUI-VF.ttf, errno = 38
01-02 13:14:52.065 1586 1586 E OpenGLRenderer: statx failed for /system/fonts/NotoSansTamilUI-VF.ttf, errno = 38
01-02 13:14:52.065 1586 1586 E OpenGLRenderer: statx failed for /system/fonts/NotoSansMalayalam-VF.ttf, errno = 38
01-02 13:14:52.065 1586 1586 E OpenGLRenderer: statx failed for /system/fonts/NotoSansMalayalam-VF.ttf, errno = 38
01-02 13:14:52.065 1586 1586 E OpenGLRenderer: statx failed for /system/fonts/NotoSansMalayalam-VF.ttf, errno = 38
01-02 13:14:52.065 1586 1586 E OpenGLRenderer: statx failed for /system/fonts/NotoSansMalayalam-VF.ttf, errno = 38
01-02 13:14:52.065 1586 1586 E OpenGLRenderer: statx failed for /system/fonts/NotoSansMalayalamUI-VF.ttf, errno = 38
01-02 13:14:52.065 1586 1586 E OpenGLRenderer: statx failed for /system/fonts/NotoSansMalayalamUI-VF.ttf, errno = 38
01-02 13:14:52.065 1586 1586 E OpenGLRenderer: statx failed for /system/fonts/NotoSansMalayalamUI-VF.ttf, errno = 38
01-02 13:14:52.065 1586 1586 E OpenGLRenderer: statx failed for /system/fonts/NotoSansMalayalamUI-VF.ttf, errno = 38
01-02 13:14:52.065 1586 1586 E OpenGLRenderer: statx failed for /system/fonts/NotoSansBengali-VF.ttf, errno = 38
01-02 13:14:52.065 1586 1586 E OpenGLRenderer: statx failed for /system/fonts/NotoSansBengali-VF.ttf, errno = 38
01-02 13:14:52.065 1586 1586 E OpenGLRenderer: statx failed for /system/fonts/NotoSansBengali-VF.ttf, errno = 38
01-02 13:14:52.065 1586 1586 E OpenGLRenderer: statx failed for /system/fonts/NotoSansBengali-VF.ttf, errno = 38
01-02 13:14:52.065 1586 1586 E OpenGLRenderer: statx failed for /system/fonts/NotoSansBengaliUI-VF.ttf, errno = 38
01-02 13:14:52.065 1586 1586 E OpenGLRenderer: statx failed for /system/fonts/NotoSansBengaliUI-VF.ttf, errno = 38
01-02 13:14:52.065 1586 1586 E OpenGLRenderer: statx failed for /system/fonts/NotoSansBengaliUI-VF.ttf, errno = 38
01-02 13:14:52.065 1586 1586 E OpenGLRenderer: statx failed for /system/fonts/NotoSansBengaliUI-VF.ttf, errno = 38
01-02 13:14:52.065 1586 1586 E OpenGLRenderer: statx failed for /system/fonts/NotoSansTelugu-VF.ttf, errno = 38
01-02 13:14:52.065 1586 1586 E OpenGLRenderer: statx failed for /system/fonts/NotoSansTelugu-VF.ttf, errno = 38
01-02 13:14:52.049 1186 1186 W binder:1186_1: type=1400 audit(0.0:493): avc: denied { getattr } for scontext=u:r:installd:s0 tcontext=u:r:system_server:s0 tclass=process permissive=0
01-02 13:14:52.065 1586 1586 E OpenGLRenderer: statx failed for /system/fonts/NotoSansTelugu-VF.ttf, errno = 38
01-02 13:14:52.065 1586 1586 E OpenGLRenderer: statx failed for /system/fonts/NotoSansTelugu-VF.ttf, errno = 38
01-02 13:14:52.065 1586 1586 E OpenGLRenderer: statx failed for /system/fonts/NotoSansTeluguUI-VF.ttf, errno = 38
01-02 13:14:52.065 1586 1586 E OpenGLRenderer: statx failed for /system/fonts/NotoSansTeluguUI-VF.ttf, errno = 38
01-02 13:14:52.065 1586 1586 E OpenGLRenderer: statx failed for /system/fonts/NotoSansTeluguUI-VF.ttf, errno = 38
01-02 13:14:52.065 1586 1586 E OpenGLRenderer: statx failed for /system/fonts/NotoSansTeluguUI-VF.ttf, errno = 38
01-02 13:14:52.065 1586 1586 E OpenGLRenderer: statx failed for /system/fonts/NotoSansKannada-VF.ttf, errno = 38
01-02 13:14:52.065 1586 1586 E OpenGLRenderer: statx failed for /system/fonts/NotoSansKannada-VF.ttf, errno = 38
01-02 13:14:52.065 1586 1586 E OpenGLRenderer: statx failed for /system/fonts/NotoSansKannada-VF.ttf, errno = 38
01-02 13:14:52.065 1586 1586 E OpenGLRenderer: statx failed for /system/fonts/NotoSansKannada-VF.ttf, errno = 38
01-02 13:14:52.065 1586 1586 E OpenGLRenderer: statx failed for /system/fonts/NotoSansKannadaUI-VF.ttf, errno = 38
01-02 13:14:52.065 1586 1586 E OpenGLRenderer: statx failed for /system/fonts/NotoSansKannadaUI-VF.ttf, errno = 38
01-02 13:14:52.065 1586 1586 E OpenGLRenderer: statx failed for /system/fonts/NotoSansKannadaUI-VF.ttf, errno = 38
01-02 13:14:52.065 1586 1586 E OpenGLRenderer: statx failed for /system/fonts/NotoSansKannadaUI-VF.ttf, errno = 38
01-02 13:14:52.065 1586 1586 E OpenGLRenderer: statx failed for /system/fonts/NotoSansOriya-Regular.ttf, errno = 38
01-02 13:14:52.065 1586 1586 E OpenGLRenderer: statx failed for /system/fonts/NotoSansOriya-Bold.ttf, errno = 38
01-02 13:14:52.065 1586 1586 E OpenGLRenderer: statx failed for /system/fonts/NotoSansOriyaUI-Regular.ttf, errno = 38
01-02 13:14:52.065 1586 1586 E OpenGLRenderer: statx failed for /system/fonts/NotoSansOriyaUI-Bold.ttf, errno = 38
01-02 13:14:52.065 1586 1586 E OpenGLRenderer: statx failed for /system/fonts/NotoSansSinhala-VF.ttf, errno = 38
01-02 13:14:52.065 1586 1586 E OpenGLRenderer: statx failed for /system/fonts/NotoSansSinhala-VF.ttf, errno = 38
01-02 13:14:52.065 1586 1586 E OpenGLRenderer: statx failed for /system/fonts/NotoSansSinhala-VF.ttf, errno = 38
01-02 13:14:52.065 1586 1586 E OpenGLRenderer: statx failed for /system/fonts/NotoSansSinhala-VF.ttf, errno = 38
01-02 13:14:52.065 1586 1586 E OpenGLRenderer: statx failed for /system/fonts/NotoSansSinhalaUI-VF.ttf, errno = 38
01-02 13:14:52.065 1586 1586 E OpenGLRenderer: statx failed for /system/fonts/NotoSansSinhalaUI-VF.ttf, errno = 38
01-02 13:14:52.065 1586 1586 E OpenGLRenderer: statx failed for /system/fonts/NotoSansSinhalaUI-VF.ttf, errno = 38
01-02 13:14:52.065 1586 1586 E OpenGLRenderer: statx failed for /system/fonts/NotoSansSinhalaUI-VF.ttf, errno = 38
01-02 13:14:52.065 1586 1586 E OpenGLRenderer: statx failed for /system/fonts/NotoSansKhmer-VF.ttf, errno = 38
01-02 13:14:52.065 1586 1586 E OpenGLRenderer: statx failed for /system/fonts/NotoSansKhmer-VF.ttf, errno = 38
01-02 13:14:52.065 1586 1586 E OpenGLRenderer: statx failed for /system/fonts/NotoSansKhmer-VF.ttf, errno = 38
01-02 13:14:52.065 1586 1586 E OpenGLRenderer: statx failed for /system/fonts/NotoSansKhmer-VF.ttf, errno = 38
01-02 13:14:52.065 1586 1586 E OpenGLRenderer: statx failed for /system/fonts/NotoSansKhmer-VF.ttf, errno = 38
01-02 13:14:52.065 1586 1586 E OpenGLRenderer: statx failed for /system/fonts/NotoSansKhmer-VF.ttf, errno = 38
01-02 13:14:52.065 1586 1586 E OpenGLRenderer: statx failed for /system/fonts/NotoSansKhmer-VF.ttf, errno = 38
01-02 13:14:52.065 1586 1586 E OpenGLRenderer: statx failed for /system/fonts/NotoSansKhmer-VF.ttf, errno = 38
01-02 13:14:52.065 1586 1586 E OpenGLRenderer: statx failed for /system/fonts/NotoSansKhmer-VF.ttf, errno = 38
01-02 13:14:52.065 1586 1586 E OpenGLRenderer: statx failed for /system/fonts/NotoSansKhmerUI-Regular.ttf, errno = 38
01-02 13:14:52.065 1586 1586 E OpenGLRenderer: statx failed for /system/fonts/NotoSansKhmerUI-Bold.ttf, errno = 38
01-02 13:14:52.066 1586 1586 E OpenGLRenderer: statx failed for /system/fonts/NotoSansLao-Regular.ttf, errno = 38
01-02 13:14:52.066 1586 1586 E OpenGLRenderer: statx failed for /system/fonts/NotoSansLao-Bold.ttf, errno = 38
01-02 13:14:52.066 1586 1586 E OpenGLRenderer: statx failed for /system/fonts/NotoSansLaoUI-Regular.ttf, errno = 38
01-02 13:14:52.066 1586 1586 E OpenGLRenderer: statx failed for /system/fonts/NotoSansLaoUI-Bold.ttf, errno = 38
01-02 13:14:52.066 1586 1586 E OpenGLRenderer: statx failed for /system/fonts/NotoSansMyanmar-Regular.otf, errno = 38
01-02 13:14:52.066 1586 1586 E OpenGLRenderer: statx failed for /system/fonts/NotoSansMyanmar-Medium.otf, errno = 38
01-02 13:14:52.066 1586 1586 E OpenGLRenderer: statx failed for /system/fonts/NotoSansMyanmar-Bold.otf, errno = 38
01-02 13:14:52.066 1586 1586 E OpenGLRenderer: statx failed for /system/fonts/NotoSansMyanmarUI-Regular.otf, errno = 38
01-02 13:14:52.066 1586 1586 E OpenGLRenderer: statx failed for /system/fonts/NotoSansMyanmarUI-Medium.otf, errno = 38
01-02 13:14:52.066 1586 1586 E OpenGLRenderer: statx failed for /system/fonts/NotoSansMyanmarUI-Bold.otf, errno = 38
01-02 13:14:52.066 1586 1586 E OpenGLRenderer: statx failed for /system/fonts/NotoSansThaana-Regular.ttf, errno = 38
01-02 13:14:52.066 1586 1586 E OpenGLRenderer: statx failed for /system/fonts/NotoSansThaana-Bold.ttf, errno = 38
01-02 13:14:52.066 1586 1586 E OpenGLRenderer: statx failed for /system/fonts/NotoSansCham-Regular.ttf, errno = 38
01-02 13:14:52.066 1586 1586 E OpenGLRenderer: statx failed for /system/fonts/NotoSansCham-Bold.ttf, errno = 38
01-02 13:14:52.066 1586 1586 E OpenGLRenderer: statx failed for /system/fonts/NotoSansAhom-Regular.otf, errno = 38
01-02 13:14:52.066 1586 1586 E OpenGLRenderer: statx failed for /system/fonts/NotoSansAdlam-VF.ttf, errno = 38
01-02 13:14:52.066 1586 1586 E OpenGLRenderer: statx failed for /system/fonts/NotoSansAdlam-VF.ttf, errno = 38
01-02 13:14:52.066 1586 1586 E OpenGLRenderer: statx failed for /system/fonts/NotoSansAdlam-VF.ttf, errno = 38
01-02 13:14:52.066 1586 1586 E OpenGLRenderer: statx failed for /system/fonts/NotoSansAdlam-VF.ttf, errno = 38
01-02 13:14:52.066 1586 1586 E OpenGLRenderer: statx failed for /system/fonts/NotoSansAvestan-Regular.ttf, errno = 38
01-02 13:14:52.066 1586 1586 E OpenGLRenderer: statx failed for /system/fonts/NotoSansBalinese-Regular.ttf, errno = 38
01-02 13:14:52.066 1586 1586 E OpenGLRenderer: statx failed for /system/fonts/NotoSansBamum-Regular.ttf, errno = 38
01-02 13:14:52.066 1586 1586 E OpenGLRenderer: statx failed for /system/fonts/NotoSansBatak-Regular.ttf, errno = 38
01-02 13:14:52.066 1586 1586 E OpenGLRenderer: statx failed for /system/fonts/NotoSansBrahmi-Regular.ttf, errno = 38
01-02 13:14:52.066 1586 1586 E OpenGLRenderer: statx failed for /system/fonts/NotoSansBuginese-Regular.ttf, errno = 38
01-02 13:14:52.066 1586 1586 E OpenGLRenderer: statx failed for /system/fonts/NotoSansBuhid-Regular.ttf, errno = 38
01-02 13:14:52.066 1586 1586 E OpenGLRenderer: statx failed for /system/fonts/NotoSansCanadianAboriginal-Regular.ttf, errno = 38
01-02 13:14:52.066 1586 1586 E OpenGLRenderer: statx failed for /system/fonts/NotoSansCarian-Regular.ttf, errno = 38
01-02 13:14:52.066 1586 1586 E OpenGLRenderer: statx failed for /system/fonts/NotoSansChakma-Regular.otf, errno = 38
