01-02 13:14:52.891 1586 1586 I TetheringManager: registerTetheringEventCallback:android
01-02 13:14:52.891 1586 1586 I TetheringManager: registerTetheringEventCallback caller:android
01-02 13:14:52.893 1586 1586 D SystemServerTiming: StartStatsPullAtomService
01-02 13:14:52.893 1586 1586 I SystemServiceManager: Starting com.android.server.stats.pull.StatsPullAtomService
01-02 13:14:52.893 1586 1586 D SystemServerTiming: StatsBootstrapAtomService
01-02 13:14:52.893 1586 1586 I SystemServiceManager: Starting com.android.server.stats.bootstrap.StatsBootstrapAtomService$Lifecycle
01-02 13:14:52.895 1586 1586 D SystemServerTiming: StartIncidentCompanionService
01-02 13:14:52.895 1586 1586 I SystemServiceManager: Starting com.android.server.incident.IncidentCompanionService
01-02 13:14:52.896 1586 1586 D SystemServerTiming: StarSdkSandboxManagerService
01-02 13:14:52.897 1586 1586 I SystemServiceManager: Starting com.android.server.sdksandbox.SdkSandboxManagerService$Lifecycle
01-02 13:14:52.902 1586 1586 D SystemServerTiming: StartAdServicesManagerService
01-02 13:14:52.903 1586 1586 I SystemServiceManager: Starting com.android.server.adservices.AdServicesManagerService$Lifecycle
01-02 13:14:52.903 1586 1586 I AdServicesManagerService: AdServicesManagerService started!
01-02 13:14:52.903 1586 1586 D SystemServerTiming: StartMmsService
01-02 13:14:52.903 1586 1586 I SystemServiceManager: Starting com.android.server.MmsServiceBroker
01-02 13:14:52.905 1586 1586 D SystemServerTiming: StartAutoFillService
01-02 13:14:52.905 1586 1586 I SystemServiceManager: Starting com.android.server.autofill.AutofillManagerService
01-02 13:14:52.911 1586 1586 D SystemServer: TranslationService not defined by OEM
01-02 13:14:52.912 1586 1586 D SystemServerTiming: StartClipboardService
01-02 13:14:52.912 1586 1586 I SystemServiceManager: Starting com.android.server.clipboard.ClipboardService
01-02 13:14:52.915 1586 1586 D SystemServerTiming: AppServiceManager
01-02 13:14:52.915 1586 1586 I SystemServiceManager: Starting com.android.server.appbinding.AppBindingService$Lifecycle
01-02 13:14:52.917 1586 1586 D SystemServerTiming: startTracingServiceProxy
01-02 13:14:52.917 1586 1586 I SystemServiceManager: Starting com.android.server.tracing.TracingServiceProxy
01-02 13:14:52.924 1586 1586 D SystemServerTiming: MakeLockSettingsServiceReady
01-02 13:14:52.934 373 373 I hwservicemanager: getTransport: Cannot find entry android.hardware.weaver@1.0::IWeaver/default in either framework or device VINTF manifest.
01-02 13:14:52.934 1586 1586 I SyntheticPasswordManager: Device does not support weaver
01-02 13:14:52.935 373 373 I hwservicemanager: getTransport: Cannot find entry android.hardware.authsecret@1.0::IAuthSecret/default in either framework or device VINTF manifest.
01-02 13:14:52.936 1586 1586 I LockSettingsService: Device doesn't implement AuthSecret HAL
01-02 13:14:52.938 1586 1586 D SystemServerTiming: StartBootPhaseLockSettingsReady
01-02 13:14:52.938 1586 1586 I SystemServiceManager: Starting phase 480
01-02 13:14:52.938 1586 1586 D SystemServerTiming: OnBootPhase_480
01-02 13:14:52.938 1586 1586 D SystemServerTiming: OnBootPhase_480_com.android.server.security.FileIntegrityService
01-02 13:14:52.938 1586 1586 D SystemServerTiming: OnBootPhase_480_com.android.server.pm.Installer
01-02 13:14:52.938 1586 1586 D SystemServerTiming: OnBootPhase_480_com.android.server.os.DeviceIdentifiersPolicyService
01-02 13:14:52.938 1586 1586 D SystemServerTiming: OnBootPhase_480_com.android.server.uri.UriGrantsManagerService$Lifecycle
01-02 13:14:52.938 1586 1586 D SystemServerTiming: OnBootPhase_480_com.android.server.powerstats.PowerStatsService
01-02 13:14:52.938 1586 1586 D SystemServerTiming: OnBootPhase_480_com.android.server.wm.ActivityTaskManagerService$Lifecycle
01-02 13:14:52.938 1586 1586 D SystemServerTiming: OnBootPhase_480_com.android.server.am.ActivityManagerService$Lifecycle
01-02 13:14:52.938 1586 1586 D SystemServerTiming: OnBootPhase_480_com.android.server.pm.DataLoaderManagerService
01-02 13:14:52.938 1586 1586 D SystemServerTiming: OnBootPhase_480_com.android.server.power.PowerManagerService
01-02 13:14:52.938 1586 1586 D SystemServerTiming: OnBootPhase_480_com.android.server.power.ThermalManagerService
01-02 13:14:52.938 1586 1586 D SystemServerTiming: OnBootPhase_480_com.android.server.power.hint.HintManagerService
01-02 13:14:52.938 1586 1586 D SystemServerTiming: OnBootPhase_480_com.android.server.recoverysystem.RecoverySystemService$Lifecycle
01-02 13:14:52.938 1586 1586 D SystemServerTiming: OnBootPhase_480_com.android.server.lights.LightsService
01-02 13:14:52.938 1586 1586 D SystemServerTiming: OnBootPhase_480_com.android.server.display.DisplayManagerService
01-02 13:14:52.938 1586 1586 D SystemServerTiming: OnBootPhase_480_com.android.server.pm.verify.domain.DomainVerificationService
01-02 13:14:52.938 1586 1586 D SystemServerTiming: OnBootPhase_480_com.android.server.pm.PackageInstallerService$Lifecycle
01-02 13:14:52.938 1586 1586 D SystemServerTiming: OnBootPhase_480_com.android.server.pm.UserManagerService$LifeCycle
01-02 13:14:52.938 1586 1586 D SystemServerTiming: OnBootPhase_480_com.android.server.om.OverlayManagerService
01-02 13:14:52.938 1586 1586 D SystemServerTiming: OnBootPhase_480_com.android.server.resources.ResourcesManagerService
01-02 13:14:52.938 1586 1586 D SystemServerTiming: OnBootPhase_480_com.android.server.sensorprivacy.SensorPrivacyService
01-02 13:14:52.938 1586 1586 D SystemServerTiming: OnBootPhase_480_com.android.server.sensors.SensorService
01-02 13:14:52.938 1586 1586 D SystemServerTiming: OnBootPhase_480_com.android.server.SystemConfigService
01-02 13:14:52.939 1586 1586 D SystemServerTiming: OnBootPhase_480_com.android.server.BatteryService
01-02 13:14:52.939 1586 1586 D SystemServerTiming: OnBootPhase_480_com.android.server.usage.UsageStatsService
01-02 13:14:52.939 1586 1586 D SystemServerTiming: OnBootPhase_480_com.android.server.webkit.WebViewUpdateService
01-02 13:14:52.939 1586 1586 D SystemServerTiming: OnBootPhase_480_com.android.server.CachedDeviceStateService
01-02 13:14:52.939 1586 1586 D SystemServerTiming: OnBootPhase_480_com.android.server.BinderCallsStatsService$LifeCycle
01-02 13:14:52.939 1586 1586 D SystemServerTiming: OnBootPhase_480_com.android.server.LooperStatsService$Lifecycle
01-02 13:14:52.939 1586 1586 D SystemServerTiming: OnBootPhase_480_com.android.server.rollback.RollbackManagerService
01-02 13:14:52.939 1586 1586 D SystemServerTiming: OnBootPhase_480_com.android.server.os.NativeTombstoneManagerService
01-02 13:14:52.939 1586 1586 D SystemServerTiming: OnBootPhase_480_com.android.server.os.BugreportManagerService
01-02 13:14:52.939 1586 1586 D SystemServerTiming: OnBootPhase_480_com.android.server.gpu.GpuService
01-02 13:14:52.939 1586 1586 D SystemServerTiming: OnBootPhase_480_com.android.server.security.KeyChainSystemService
01-02 13:14:52.939 1586 1586 D SystemServerTiming: OnBootPhase_480_com.android.server.BinaryTransparencyService
01-02 13:14:52.939 1586 1586 D SystemServerTiming: OnBootPhase_480_com.android.server.telecom.TelecomLoaderService
01-02 13:14:52.939 1586 1586 D SystemServerTiming: OnBootPhase_480_com.android.server.accounts.AccountManagerService$Lifecycle
01-02 13:14:52.939 1586 1586 D SystemServerTiming: OnBootPhase_480_com.android.server.content.ContentService$Lifecycle
01-02 13:14:52.939 1586 1586 D SystemServerTiming: OnBootPhase_480_com.android.server.DropBoxManagerService
01-02 13:14:52.939 1586 1586 D SystemServerTiming: OnBootPhase_480_com.android.role.RoleService
01-02 13:14:52.939 1586 1586 D SystemServerTiming: OnBootPhase_480_com.android.server.vibrator.VibratorManagerService$Lifecycle
01-02 13:14:52.939 1586 1586 D SystemServerTiming: OnBootPhase_480_com.android.server.tare.InternalResourceService
01-02 13:14:52.939 1586 1586 D SystemServerTiming: OnBootPhase_480_com.android.server.alarm.AlarmManagerService
01-02 13:14:52.939 1586 1586 D SystemServerTiming: OnBootPhase_480_com.android.server.devicestate.DeviceStateManagerService
01-02 13:14:52.939 1586 1586 D SystemServerTiming: OnBootPhase_480_com.android.server.camera.CameraServiceProxy
01-02 13:14:52.939 1586 1586 D SystemServerTiming: OnBootPhase_480_com.android.server.bluetooth.BluetoothService
01-02 13:14:52.939 1586 1586 D SystemServerTiming: OnBootPhase_480_com.android.server.connectivity.IpConnectivityMetrics
01-02 13:14:52.939 1586 1586 D SystemServerTiming: OnBootPhase_480_com.android.server.net.watchlist.NetworkWatchlistService$Lifecycle
01-02 13:14:52.939 1586 1586 D SystemServerTiming: OnBootPhase_480_com.android.server.PinnerService
01-02 13:14:52.939 1586 1586 D SystemServerTiming: OnBootPhase_480_com.android.server.integrity.AppIntegrityManagerService
01-02 13:14:52.939 1586 1586 D SystemServerTiming: OnBootPhase_480_com.android.server.logcat.LogcatManagerService
01-02 13:14:52.939 1586 1586 D SystemServerTiming: OnBootPhase_480_com.android.server.inputmethod.InputMethodManagerService$Lifecycle
01-02 13:14:52.939 1586 1586 D SystemServerTiming: OnBootPhase_480_com.android.server.accessibility.AccessibilityManagerService$Lifecycle
01-02 13:14:52.939 1586 1586 D SystemServerTiming: OnBootPhase_480_com.android.server.StorageManagerService$Lifecycle
01-02 13:14:52.939 1586 1586 D SystemServerTiming: OnBootPhase_480_com.android.server.usage.StorageStatsService$Lifecycle
01-02 13:14:52.939 1586 1586 D SystemServerTiming: OnBootPhase_480_com.android.server.UiModeManagerService
01-02 13:14:52.939 1586 1586 D SystemServerTiming: OnBootPhase_480_com.android.server.locales.LocaleManagerService
01-02 13:14:52.939 1586 1586 D SystemServerTiming: OnBootPhase_480_com.android.server.locksettings.LockSettingsService$Lifecycle
01-02 13:14:52.939 1586 1586 D SystemServerTiming: OnBootPhase_480_com.android.server.testharness.TestHarnessModeService
01-02 13:14:52.939 1586 1586 D SystemServerTiming: OnBootPhase_480_com.android.server.DeviceIdleController
01-02 13:14:52.939 1586 1586 D SystemServerTiming: OnBootPhase_480_com.android.server.devicepolicy.DevicePolicyManagerService$Lifecycle
01-02 13:14:52.956 1586 1586 D DevicePolicyManager: Overriding device admin policies from XML.
01-02 13:14:52.963 1586 1586 I UsbPortManager: USB HAL HIDL version: 10
01-02 13:14:52.963 1586 1612 D SystemServerTimingAsync: InitThreadPoolExec:DevicePolicyManager
01-02 13:14:52.963 1586 1586 D SystemServerTiming: OnBootPhase_480_com.android.server.texttospeech.TextToSpeechManagerService
01-02 13:14:52.963 1586 1586 D SystemServerTiming: OnBootPhase_480_com.android.server.ambientcontext.AmbientContextManagerService
01-02 13:14:52.963 1586 1586 D SystemServerTiming: OnBootPhase_480_com.android.server.speech.SpeechRecognitionManagerService
01-02 13:14:52.963 1586 1586 D SystemServerTiming: OnBootPhase_480_com.android.server.searchui.SearchUiManagerService
01-02 13:14:52.963 1586 1586 D SystemServerTiming: OnBootPhase_480_com.android.server.smartspace.SmartspaceManagerService
01-02 13:14:52.963 1586 1586 D SystemServerTiming: OnBootPhase_480_com.android.server.graphics.fonts.FontManagerService$Lifecycle
01-02 13:14:52.963 1586 1586 D SystemServerTiming: OnBootPhase_480_com.android.server.textservices.TextServicesManagerService$Lifecycle
01-02 13:14:52.963 1586 1586 D SystemServerTiming: OnBootPhase_480_com.android.server.textclassifier.TextClassificationManagerService$Lifecycle
01-02 13:14:52.963 1586 1586 D SystemServerTiming: OnBootPhase_480_com.android.server.NetworkScoreService$Lifecycle
01-02 13:14:52.963 1586 1586 D SystemServerTiming: OnBootPhase_480_com.android.server.NetworkStatsServiceInitializer
01-02 13:14:52.963 1586 1586 D SystemServerTiming: OnBootPhase_480_com.android.server.wifi.WifiService
01-02 13:14:52.963 1586 1586 D SystemServerTiming: OnBootPhase_480_com.android.server.wifi.scanner.WifiScanningService
01-02 13:14:52.963 1586 1586 D SystemServerTiming: OnBootPhase_480_com.android.server.wifi.p2p.WifiP2pService
01-02 13:14:52.963 1586 1586 D SystemServerTiming: OnBootPhase_480_com.android.server.ConnectivityServiceInitializer
01-02 13:14:52.963 1586 1586 D SystemServerTiming: OnBootPhase_480_com.android.server.notification.NotificationManagerService
01-02 13:14:52.963 1586 1586 D SystemServerTiming: OnBootPhase_480_com.android.server.storage.DeviceStorageMonitorService
01-02 13:14:52.963 1586 1586 D SystemServerTiming: OnBootPhase_480_com.android.server.location.LocationManagerService$Lifecycle
01-02 13:14:52.963 1586 1586 D SystemServerTiming: OnBootPhase_480_com.android.server.timedetector.TimeDetectorService$Lifecycle
01-02 13:14:52.963 1586 1586 D SystemServerTiming: OnBootPhase_480_com.android.server.timezonedetector.TimeZoneDetectorService$Lifecycle
01-02 13:14:52.963 1586 1586 D SystemServerTiming: OnBootPhase_480_com.android.server.timezonedetector.location.LocationTimeZoneManagerService$Lifecycle
01-02 13:14:52.963 1586 1586 D SystemServerTiming: OnBootPhase_480_com.android.server.search.SearchManagerService$Lifecycle
01-02 13:14:52.963 1586 1586 D SystemServerTiming: OnBootPhase_480_com.android.server.wallpaper.WallpaperManagerService$Lifecycle
01-02 13:14:52.964 1586 1586 D SystemServerTiming: OnBootPhase_480_com.android.server.wallpapereffectsgeneration.WallpaperEffectsGenerationManagerService
01-02 13:14:52.964 1586 1586 D SystemServerTiming: OnBootPhase_480_com.android.server.audio.AudioService$Lifecycle
01-02 13:14:52.964 1586 1586 D SystemServerTiming: OnBootPhase_480_com.android.server.soundtrigger_middleware.SoundTriggerMiddlewareService$Lifecycle
01-02 13:14:52.964 1586 1586 D SystemServerTiming: OnBootPhase_480_com.android.server.DockObserver
01-02 13:14:52.964 1586 1586 D SystemServerTiming: OnBootPhase_480_com.android.server.midi.MidiService$Lifecycle
01-02 13:14:52.964 1586 1586 D SystemServerTiming: OnBootPhase_480_com.android.server.adb.AdbService$Lifecycle
01-02 13:14:52.964 1586 1586 D SystemServerTiming: OnBootPhase_480_com.android.server.usb.UsbService$Lifecycle
01-02 13:14:52.964 1586 1586 D SystemServerTiming: OnBootPhase_480_com.android.server.twilight.TwilightService
01-02 13:14:52.964 1586 1586 D SystemServerTiming: OnBootPhase_480_com.android.server.display.color.ColorDisplayService
01-02 13:14:52.964 1586 1586 D SystemServerTiming: OnBootPhase_480_com.android.server.job.JobSchedulerService
01-02 13:14:52.964 1586 1586 D SystemServerTiming: OnBootPhase_480_com.android.server.soundtrigger.SoundTriggerService
01-02 13:14:52.964 1586 1586 D SoundTriggerService: onBootPhase: 480 : false
01-02 13:14:52.964 1586 1586 D SystemServerTiming: OnBootPhase_480_com.android.server.trust.TrustManagerService
01-02 13:14:52.964 1586 1586 D SystemServerTiming: OnBootPhase_480_com.android.server.backup.BackupManagerService$Lifecycle
01-02 13:14:52.964 1586 1586 D SystemServerTiming: OnBootPhase_480_com.android.server.appwidget.AppWidgetService
01-02 13:14:52.964 1586 1586 D SystemServerTiming: OnBootPhase_480_com.android.server.voiceinteraction.VoiceInteractionManagerService
01-02 13:14:52.964 1586 1586 D SystemServerTiming: OnBootPhase_480_com.android.server.apphibernation.AppHibernationService
01-02 13:14:52.964 1586 1586 D SystemServerTiming: OnBootPhase_480_com.android.server.GestureLauncherService
01-02 13:14:52.964 1586 1586 D SystemServerTiming: OnBootPhase_480_com.android.server.SensorNotificationService
01-02 13:14:52.964 1586 1586 D SystemServerTiming: OnBootPhase_480_com.android.server.emergency.EmergencyAffordanceService
01-02 13:14:52.964 1586 1586 D SystemServerTiming: OnBootPhase_480_com.android.server.blob.BlobStoreManagerService
01-02 13:14:52.964 1586 1586 D SystemServerTiming: OnBootPhase_480_com.android.server.dreams.DreamManagerService
01-02 13:14:52.964 1586 1586 D SystemServerTiming: OnBootPhase_480_com.android.server.print.PrintManagerService
01-02 13:14:52.964 1586 1586 D SystemServerTiming: OnBootPhase_480_com.android.server.security.AttestationVerificationManagerService
01-02 13:14:52.964 1586 1586 D SystemServerTiming: OnBootPhase_480_com.android.server.companion.CompanionDeviceManagerService
01-02 13:14:52.964 1586 1586 D SystemServerTiming: OnBootPhase_480_com.android.server.companion.virtual.VirtualDeviceManagerService
01-02 13:14:52.964 1586 1586 D SystemServerTiming: OnBootPhase_480_com.android.server.restrictions.RestrictionsManagerService
01-02 13:14:52.964 1586 1586 D SystemServerTiming: OnBootPhase_480_com.android.server.media.MediaSessionService
01-02 13:14:52.964 1586 1586 D SystemServerTiming: OnBootPhase_480_com.android.server.media.MediaResourceMonitorService
01-02 13:14:52.964 1586 1586 D SystemServerTiming: OnBootPhase_480_com.android.server.biometrics.sensors.fingerprint.FingerprintService
01-02 13:14:52.965 1586 1586 D SystemServerTiming: OnBootPhase_480_com.android.server.biometrics.BiometricService
01-02 13:14:52.965 1586 1586 D SystemServerTiming: OnBootPhase_480_com.android.server.biometrics.AuthService
01-02 13:14:52.965 1586 1586 D SystemServerTiming: OnBootPhase_480_com.android.server.pm.ShortcutService$Lifecycle
01-02 13:14:52.967 1586 1586 D SystemServerTiming: OnBootPhase_480_com.android.server.pm.LauncherAppsService
01-02 13:14:52.967 1586 1586 D SystemServerTiming: OnBootPhase_480_com.android.server.pm.CrossProfileAppsService
01-02 13:14:52.967 1586 1586 D SystemServerTiming: OnBootPhase_480_com.android.server.people.PeopleService
01-02 13:14:52.967 1586 1586 D SystemServerTiming: OnBootPhase_480_com.android.server.media.metrics.MediaMetricsManagerService
01-02 13:14:52.967 1586 1586 D SystemServerTiming: OnBootPhase_480_com.android.server.media.projection.MediaProjectionManagerService
01-02 13:14:52.967 1586 1586 D SystemServerTiming: OnBootPhase_480_com.android.server.slice.SliceManagerService$Lifecycle
01-02 13:14:52.967 1586 1586 D SystemServerTiming: OnBootPhase_480_com.android.server.stats.StatsCompanion$Lifecycle
01-02 13:14:52.967 1586 1586 D SystemServerTiming: OnBootPhase_480_com.android.server.scheduling.RebootReadinessManagerService$Lifecycle
01-02 13:14:52.967 1586 1586 D SystemServerTiming: OnBootPhase_480_com.android.server.stats.pull.StatsPullAtomService
01-02 13:14:52.967 1586 1586 D SystemServerTiming: OnBootPhase_480_com.android.server.stats.bootstrap.StatsBootstrapAtomService$Lifecycle
01-02 13:14:52.967 1586 1586 D SystemServerTiming: OnBootPhase_480_com.android.server.incident.IncidentCompanionService
01-02 13:14:52.967 1586 1586 D SystemServerTiming: OnBootPhase_480_com.android.server.sdksandbox.SdkSandboxManagerService$Lifecycle
01-02 13:14:52.967 1586 1586 D SystemServerTiming: OnBootPhase_480_com.android.server.adservices.AdServicesManagerService$Lifecycle
01-02 13:14:52.967 1586 1586 D SystemServerTiming: OnBootPhase_480_com.android.server.MmsServiceBroker
01-02 13:14:52.967 1586 1586 D SystemServerTiming: OnBootPhase_480_com.android.server.autofill.AutofillManagerService
01-02 13:14:52.967 1586 1586 D SystemServerTiming: OnBootPhase_480_com.android.server.clipboard.ClipboardService
01-02 13:14:52.967 1586 1586 D SystemServerTiming: OnBootPhase_480_com.android.server.appbinding.AppBindingService$Lifecycle
01-02 13:14:52.967 1586 1586 D SystemServerTiming: OnBootPhase_480_com.android.server.tracing.TracingServiceProxy
01-02 13:14:52.967 1586 1586 D SystemServerTiming: StartBootPhaseSystemServicesReady
01-02 13:14:52.967 1586 1586 I SystemServiceManager: Starting phase 500
01-02 13:14:52.967 1586 1586 D SystemServerTiming: OnBootPhase_500
01-02 13:14:52.967 1586 1586 D SystemServerTiming: OnBootPhase_500_com.android.server.security.FileIntegrityService
01-02 13:14:52.967 1586 1586 D SystemServerTiming: OnBootPhase_500_com.android.server.pm.Installer
01-02 13:14:52.967 1586 1586 D SystemServerTiming: OnBootPhase_500_com.android.server.os.DeviceIdentifiersPolicyService
01-02 13:14:52.967 1586 1586 D SystemServerTiming: OnBootPhase_500_com.android.server.uri.UriGrantsManagerService$Lifecycle
01-02 13:14:52.968 1586 1586 D SystemServerTiming: OnBootPhase_500_com.android.server.powerstats.PowerStatsService
01-02 13:14:52.969 1586 1586 E StatsPullAtomCallbackImpl: Failed to start PowerStatsService statsd pullers
01-02 13:14:52.969 1586 1586 D SystemServerTiming: OnBootPhase_500_com.android.server.wm.ActivityTaskManagerService$Lifecycle
01-02 13:14:52.969 1586 1586 D SystemServerTiming: OnBootPhase_500_com.android.server.am.ActivityManagerService$Lifecycle
01-02 13:14:52.969 926 932 I ServiceManager: Waiting for service 'statscompanion' on '/dev/binder' successful after waiting 1508ms
01-02 13:14:52.973 1586 1586 D ConnectivityService: requestNetwork for uid/pid:1000/1586 activeRequest: null callbackRequest: 6 [NetworkRequest [ REQUEST id=7, [ Capabilities: INTERNET&NOT_RESTRICTED&TRUSTED&NOT_VCN_MANAGED Uid: 1000 RequestorUid: 1000 RequestorPkg: android UnderlyingNetworks: Null] ]] callback flags: 0 order: 2147483647
01-02 13:14:52.973 1586 1586 E BatteryStatsService: Could not register PowerStatsInternal
01-02 13:14:52.973 1586 1700 D ConnectivityService: NetReassign [no changes]
01-02 13:14:52.975 1586 1586 D SystemServerTiming: OnBootPhase_500_com.android.server.pm.DataLoaderManagerService
01-02 13:14:52.975 1586 1586 D SystemServerTiming: OnBootPhase_500_com.android.server.power.PowerManagerService
01-02 13:14:52.976 1586 1586 I AttentionDetector: readValuesFromDeviceConfig():
01-02 13:14:52.976 1586 1586 I AttentionDetector: mMaximumExtensionMillis=900000
01-02 13:14:52.976 1586 1586 I AttentionDetector: mPreDimCheckDurationMillis=2000
01-02 13:14:52.976 1586 1586 I AttentionDetector: mRequestedPostDimTimeoutMillis=0
01-02 13:14:52.981 1586 1586 W BrightnessThrottler: DeviceConfig BrightnessThrottlingData is null
01-02 13:14:52.981 1586 1586 E DisplayPowerController[0]: failed to set up display white-balance: java.lang.IllegalStateException: cannot find sensor com.google.sensor.color
01-02 13:14:52.981 1586 1586 W DisplayPowerController[0]: Screen brightness nits configuration is unavailable; falling back
01-02 13:14:52.985 1031 1031 E Legacy PowerHAL: Error opening /sys/devices/system/cpu/cpu0/cpufreq/schedutil/boostpulse: No such file or directory
01-02 13:14:52.990 1586 1629 W KeyguardServiceDelegate: onScreenTurningOn(): no keyguard service!
01-02 13:14:52.991 1586 1586 I FaceDownDetector: readValuesFromDeviceConfig():
01-02 13:14:52.991 1586 1586 I FaceDownDetector: mAccelerationThreshold=0.2
01-02 13:14:52.991 1586 1586 I FaceDownDetector: mZAccelerationThreshold=-9.5
01-02 13:14:52.991 1586 1586 I FaceDownDetector: mTimeThreshold=PT1S
01-02 13:14:52.991 1586 1586 I FaceDownDetector: mIsEnabled=true
01-02 13:14:52.992 1586 1629 V DisplayPowerController[0]: Brightness [0.39763778] reason changing to: 'override', previous reason: '0'.
01-02 13:14:52.992 1586 1629 I DisplayPowerController[0]: BrightnessEvent: disp=0, physDisp=local:0, brt=0.39763778, initBrt=NaN, rcmdBrt=NaN, preBrt=NaN, lux=0.0, fastAmbientLux=0.0, slowAmbientLux=0.0, preLux=0.0, hbmMax=1.0, hbmMode=off, rbcStrength=0, powerFactor=1.0, thrmMax=1.0, flags=, reason=override, autoBrightness=false
01-02 13:14:52.992 1586 1629 I DisplayPowerController[0]: BrightnessEvent: disp=0, physDisp=local:0, brt=0.39763778, initBrt=0.39763778, rcmdBrt=NaN, preBrt=NaN, lux=0.0, fastAmbientLux=0.0, slowAmbientLux=0.0, preLux=0.0, hbmMax=1.0, hbmMode=off, rbcStrength=0, powerFactor=1.0, thrmMax=1.0, flags=, reason=override, autoBrightness=false
01-02 13:14:52.993 1208 1261 D SensorHub: batch called handle:0 sample_ns:200000000 latency_ns:2000000000
01-02 13:14:52.993 1208 1261 D SensorHub: in batch, handle = 0, flags = 0, period_ns = 200000000, timeout = 2000000000
01-02 13:14:52.993 1586 1608 I DisplayDeviceRepository: Display device changed state: "Integrierter Bildschirm", ON
01-02 13:14:52.994 1208 1261 I Sensors@1.0-impl: activate-0 enabled-1 fwkOals-0 camOals-0 fwkOcolor-0 camOcolor-0 fwkOtof-0 camOtof-0
01-02 13:14:52.994 1208 1261 D SensorHub: enableSensor-> handle: 0 enable : 1
01-02 13:14:52.994 1386 1386 D SurfaceFlinger: Setting power mode 2 on display 0
01-02 13:14:52.994 1586 1622 W KernelCpuProcStringReader: File not found. It's normal if not implemented: /proc/uid_time_in_state
01-02 13:14:52.994 1208 1261 D SensorHub: Channel activate-> handle: 0, enabled:1, err: 0
01-02 13:14:52.994 1586 1742 E DisplayDeviceConfig: requesting nits when no mapping exists.
01-02 13:14:52.994 1586 1622 W KernelCpuProcStringReader: File not found. It's normal if not implemented: /proc/uid_concurrent_active_time
01-02 13:14:52.995 1586 1622 W KernelCpuProcStringReader: File not found. It's normal if not implemented: /proc/uid_concurrent_policy_time
01-02 13:14:52.995 1586 1586 I ScreenUndimDetector: readValuesFromDeviceConfig():
01-02 13:14:52.995 1586 1586 I ScreenUndimDetector: mKeepScreenOnForMillis=600000
01-02 13:14:52.995 1586 1586 I ScreenUndimDetector: mKeepScreenOnNotificationEnabled=true
01-02 13:14:52.995 1586 1586 I ScreenUndimDetector: mUndimsRequired=2
01-02 13:14:52.995 1586 1608 I InputManager-JNI: Viewport [0] to add: local:0, isActive: true
01-02 13:14:52.996 1586 1622 E system_server: Cannot read thread CPU times for PID 1586
01-02 13:14:52.997 1586 1742 E DisplayDeviceConfig: requesting nits when no mapping exists.
01-02 13:14:52.997 1586 1677 I InputReader: Reconfiguring input devices, changes=DISPLAY_INFO |
01-02 13:14:52.997 1586 1677 I InputReader: Device reconfigured: id=5, name='huawei,ts_kit', size 1080x2160, orientation 0, mode 1, display id 0
01-02 13:14:52.998 1586 1615 I DropBoxManagerService: add tag=system_server_wtf isTagEnabled=true flags=0x2
01-02 13:14:53.001 1586 1586 D SystemServerTiming: OnBootPhase_500_com.android.server.power.ThermalManagerService
01-02 13:14:53.001 1586 1586 D SystemServerTiming: OnBootPhase_500_com.android.server.power.hint.HintManagerService
01-02 13:14:53.001 1586 1586 V HintManagerService: Initializing HintManager service...
01-02 13:14:53.001 1586 1586 V HistoricalRegistry: Interaction before persistence initialized
01-02 13:14:53.001 1586 1586 D SystemServerTiming: OnBootPhase_500_com.android.server.recoverysystem.RecoverySystemService$Lifecycle
01-02 13:14:53.001 1586 1586 D SystemServerTiming: OnBootPhase_500_com.android.server.lights.LightsService
01-02 13:14:53.001 1586 1586 D SystemServerTiming: OnBootPhase_500_com.android.server.display.DisplayManagerService
01-02 13:14:53.001 1586 1586 D SystemServerTiming: OnBootPhase_500_com.android.server.pm.verify.domain.DomainVerificationService
01-02 13:14:53.001 1586 1586 D SystemServerTiming: OnBootPhase_500_com.android.server.pm.PackageInstallerService$Lifecycle
01-02 13:14:53.001 1586 1586 D SystemServerTiming: OnBootPhase_500_com.android.server.pm.UserManagerService$LifeCycle
01-02 13:14:53.001 1586 1586 D SystemServerTiming: OnBootPhase_500_com.android.server.om.OverlayManagerService
01-02 13:14:53.001 1586 1586 D SystemServerTiming: OnBootPhase_500_com.android.server.resources.ResourcesManagerService
01-02 13:14:53.001 1586 1586 D SystemServerTiming: OnBootPhase_500_com.android.server.sensorprivacy.SensorPrivacyService
01-02 13:14:53.002 1586 1629 I DisplayPowerController[0]: BrightnessEvent: disp=0, physDisp=local:0, brt=0.39763778, initBrt=0.39763778, rcmdBrt=NaN, preBrt=NaN, lux=0.0, fastAmbientLux=0.0, slowAmbientLux=0.0, preLux=0.0, hbmMax=1.0, hbmMode=off, rbcStrength=0, powerFactor=1.0, thrmMax=1.0, flags=, reason=override, autoBrightness=false
01-02 13:14:53.003 1177 1177 I Zygote : ...preloaded 16251 classes in 1677ms.
01-02 13:14:53.004 1586 1586 D SystemServerTiming: OnBootPhase_500_com.android.server.sensors.SensorService
01-02 13:14:53.004 1586 1586 D SystemServerTiming: OnBootPhase_500_com.android.server.SystemConfigService
01-02 13:14:53.004 1586 1586 D SystemServerTiming: OnBootPhase_500_com.android.server.BatteryService
01-02 13:14:53.004 1586 1586 D SystemServerTiming: OnBootPhase_500_com.android.server.usage.UsageStatsService
01-02 13:14:53.005 1586 1586 D AppStandbyController: Setting app idle enabled state
01-02 13:14:53.010 1177 1177 D ApplicationLoaders: Created zygote-cached class loader: /system/framework/android.hidl.base-V1.0-java.jar
01-02 13:14:53.011 1586 1586 V HistoricalRegistry: Interaction before persistence initialized
01-02 13:14:53.011 1586 1586 D SystemServerTiming: OnBootPhase_500_com.android.server.webkit.WebViewUpdateService
01-02 13:14:53.011 1586 1586 D SystemServerTiming: OnBootPhase_500_com.android.server.CachedDeviceStateService
01-02 13:14:53.011 1586 1586 D SystemServerTiming: OnBootPhase_500_com.android.server.BinderCallsStatsService$LifeCycle
01-02 13:14:53.015 1177 1177 D ApplicationLoaders: Created zygote-cached class loader: /system/framework/android.hidl.manager-V1.0-java.jar
01-02 13:14:53.016 1586 1586 D SystemServerTiming: OnBootPhase_500_com.android.server.LooperStatsService$Lifecycle
01-02 13:14:53.016 1586 1586 D SystemServerTiming: OnBootPhase_500_com.android.server.rollback.RollbackManagerService
01-02 13:14:53.016 1586 1586 D SystemServerTiming: OnBootPhase_500_com.android.server.os.NativeTombstoneManagerService
01-02 13:14:53.016 1586 1586 D SystemServerTiming: OnBootPhase_500_com.android.server.os.BugreportManagerService
01-02 13:14:53.016 1586 1586 D SystemServerTiming: OnBootPhase_500_com.android.server.gpu.GpuService
01-02 13:14:53.016 1586 1586 D SystemServerTiming: OnBootPhase_500_com.android.server.security.KeyChainSystemService
01-02 13:14:53.016 1586 1586 D SystemServerTiming: OnBootPhase_500_com.android.server.BinaryTransparencyService
01-02 13:14:53.016 1586 1586 D SystemServerTiming: OnBootPhase_500_com.android.server.telecom.TelecomLoaderService
01-02 13:14:53.017 1586 1586 D SystemServerTiming: OnBootPhase_500_com.android.server.accounts.AccountManagerService$Lifecycle
01-02 13:14:53.017 1586 1586 D SystemServerTiming: OnBootPhase_500_com.android.server.content.ContentService$Lifecycle
01-02 13:14:53.017 1586 1586 D SystemServerTiming: OnBootPhase_500_com.android.server.DropBoxManagerService
01-02 13:14:53.017 1586 1586 D SystemServerTiming: OnBootPhase_500_com.android.role.RoleService
01-02 13:14:53.017 1586 1586 D SystemServerTiming: OnBootPhase_500_com.android.server.vibrator.VibratorManagerService$Lifecycle
01-02 13:14:53.017 1586 1586 V VibratorManagerService: Initializing VibratorManager service...
01-02 13:14:53.018 1586 1586 V HistoricalRegistry: Interaction before persistence initialized
01-02 13:14:53.019 1586 1586 V VibratorManagerService: VibratorManager service initialized
01-02 13:14:53.019 1586 1586 D SystemServerTiming: OnBootPhase_500_com.android.server.tare.InternalResourceService
01-02 13:14:53.021 1586 1586 D SystemServerTiming: OnBootPhase_500_com.android.server.alarm.AlarmManagerService
01-02 13:14:53.022 1177 1177 D ApplicationLoaders: Created zygote-cached class loader: /system/framework/android.test.base.jar
01-02 13:14:53.022 1177 1177 I Zygote : Preloading resources...
01-02 13:14:53.024 1586 1586 D SystemServerTiming: OnBootPhase_500_com.android.server.devicestate.DeviceStateManagerService
01-02 13:14:53.025 1586 1586 D SystemServerTiming: OnBootPhase_500_com.android.server.camera.CameraServiceProxy
01-02 13:14:53.025 1586 1586 D SystemServerTiming: OnBootPhase_500_com.android.server.bluetooth.BluetoothService
01-02 13:14:53.025 1586 1586 D SystemServerTiming: OnBootPhase_500_com.android.server.connectivity.IpConnectivityMetrics
01-02 13:14:53.027 1586 1700 D ConnectivityService: NetReassign [no changes]
01-02 13:14:53.029 1586 1586 D SystemServerTiming: OnBootPhase_500_com.android.server.net.watchlist.NetworkWatchlistService$Lifecycle
01-02 13:14:53.029 1586 1586 D SystemServerTiming: OnBootPhase_500_com.android.server.PinnerService
01-02 13:14:53.029 1586 1586 D SystemServerTiming: OnBootPhase_500_com.android.server.integrity.AppIntegrityManagerService
01-02 13:14:53.029 1586 1586 D SystemServerTiming: OnBootPhase_500_com.android.server.logcat.LogcatManagerService
01-02 13:14:53.029 1586 1586 D SystemServerTiming: OnBootPhase_500_com.android.server.inputmethod.InputMethodManagerService$Lifecycle
01-02 13:14:53.029 1586 1586 D SystemServerTiming: OnBootPhase_500_com.android.server.accessibility.AccessibilityManagerService$Lifecycle
01-02 13:14:53.029 1586 1586 D SystemServerTiming: OnBootPhase_500_com.android.server.StorageManagerService$Lifecycle
01-02 13:14:53.031 1586 1586 D SystemServerTiming: OnBootPhase_500_com.android.server.usage.StorageStatsService$Lifecycle
01-02 13:14:53.031 1586 1586 D SystemServerTiming: OnBootPhase_500_com.android.server.UiModeManagerService
01-02 13:14:53.033 1586 1586 I ActivityTaskManager: Config changes=200 {1.0 ?mcc?mnc [de_DE] ldltr sw424dp w424dp h847dp 408dpi nrml long port night finger -keyb/v/h -nav/h winConfig={ mBounds=Rect(0, 0 - 1080, 2160) mAppBounds=Rect(0, 0 - 1080, 2160) mMaxBounds=Rect(0, 0 - 1080, 2160) mDisplayRotation=ROTATION_0 mWindowingMode=fullscreen mDisplayWindowingMode=fullscreen mActivityType=undefined mAlwaysOnTop=undefined mRotation=ROTATION_0} s.6 ?fontWeightAdjustment}
01-02 13:14:53.037 1586 1586 I WindowManager: Override config changes=200 {1.0 ?mcc?mnc [de_DE] ldltr sw424dp w424dp h847dp 408dpi nrml long port night finger -keyb/v/h -nav/h winConfig={ mBounds=Rect(0, 0 - 1080, 2160) mAppBounds=Rect(0, 0 - 1080, 2160) mMaxBounds=Rect(0, 0 - 1080, 2160) mDisplayRotation=ROTATION_0 mWindowingMode=fullscreen mDisplayWindowingMode=fullscreen mActivityType=undefined mAlwaysOnTop=undefined mRotation=ROTATION_0} s.6 ?fontWeightAdjustment} for displayId=0
01-02 13:14:53.039 1586 1586 D SystemServerTiming: OnBootPhase_500_com.android.server.locales.LocaleManagerService
01-02 13:14:53.039 1177 1177 W Resources: Preloaded drawable resource #0x1080287 (android:drawable/dialog_background_material) that varies with configuration!!
01-02 13:14:53.039 1586 1586 D SystemServerTiming: OnBootPhase_500_com.android.server.locksettings.LockSettingsService$Lifecycle
01-02 13:14:53.039 1586 1586 D SystemServerTiming: OnBootPhase_500_com.android.server.testharness.TestHarnessModeService
01-02 13:14:53.039 1586 1586 D TestHarnessModeService: Setting up test harness mode
01-02 13:14:53.039 1586 1586 D TestHarnessModeService: Getting PersistentDataBlockManagerInternal from LocalServices
01-02 13:14:53.039 1586 1586 E TestHarnessModeService: Failed to start Test Harness Mode; no implementation of PersistentDataBlockManagerInternal was bound!
01-02 13:14:53.039 1586 1586 D SystemServerTiming: OnBootPhase_500_com.android.server.DeviceIdleController
01-02 13:14:53.044 1586 1586 V HistoricalRegistry: Interaction before persistence initialized
01-02 13:14:53.046 1586 1586 D SystemServerTiming: OnBootPhase_500_com.android.server.devicepolicy.DevicePolicyManagerService$Lifecycle
01-02 13:14:53.046 1586 1586 D SystemServerTiming: OnBootPhase_500_com.android.server.texttospeech.TextToSpeechManagerService
01-02 13:14:53.046 1586 1586 D SystemServerTiming: OnBootPhase_500_com.android.server.ambientcontext.AmbientContextManagerService
01-02 13:14:53.047 1586 1586 D SystemServerTiming: OnBootPhase_500_com.android.server.speech.SpeechRecognitionManagerService
01-02 13:14:53.047 1586 1586 D SystemServerTiming: OnBootPhase_500_com.android.server.searchui.SearchUiManagerService
01-02 13:14:53.047 1586 1586 D SystemServerTiming: OnBootPhase_500_com.android.server.smartspace.SmartspaceManagerService
01-02 13:14:53.047 1586 1586 D SystemServerTiming: OnBootPhase_500_com.android.server.graphics.fonts.FontManagerService$Lifecycle
01-02 13:14:53.047 1586 1586 D SystemServerTiming: OnBootPhase_500_com.android.server.textservices.TextServicesManagerService$Lifecycle
01-02 13:14:53.047 1586 1586 D SystemServerTiming: OnBootPhase_500_com.android.server.textclassifier.TextClassificationManagerService$Lifecycle
01-02 13:14:53.047 1586 1586 D SystemServerTiming: OnBootPhase_500_com.android.server.NetworkScoreService$Lifecycle
01-02 13:14:53.048 1586 1586 D SystemServerTiming: OnBootPhase_500_com.android.server.NetworkStatsServiceInitializer
01-02 13:14:53.048 1586 1586 D SystemServerTiming: OnBootPhase_500_com.android.server.wifi.WifiService
01-02 13:14:53.048 1586 1586 D SystemServerTiming: OnBootPhase_500_com.android.server.wifi.scanner.WifiScanningService
01-02 13:14:53.048 1586 1586 I WifiScanningService: Starting wifiscanner
01-02 13:14:53.049 1586 1586 D SystemServerTiming: OnBootPhase_500_com.android.server.wifi.p2p.WifiP2pService
01-02 13:14:53.051 1586 1586 D SystemServerTiming: OnBootPhase_500_com.android.server.ConnectivityServiceInitializer
01-02 13:14:53.051 1586 1586 I EthernetServiceImpl: Starting Ethernet service
01-02 13:14:53.052 1586 1700 D ConnectivityService: Got NetworkProvider Messenger for EthernetNetworkFactory
01-02 13:14:53.054 1586 1586 D SystemServerTiming: OnBootPhase_500_com.android.server.notification.NotificationManagerService
01-02 13:14:53.060 1586 1586 D SystemServerTiming: OnBootPhase_500_com.android.server.storage.DeviceStorageMonitorService
01-02 13:14:53.060 1586 1586 D SystemServerTiming: OnBootPhase_500_com.android.server.location.LocationManagerService$Lifecycle
01-02 13:14:53.061 1586 1692 W WifiXmlUtil: Ignoring unknown value name found: CaptivePortalNeverDetected
01-02 13:14:53.063 1586 1586 V HistoricalRegistry: Interaction before persistence initialized
01-02 13:14:53.064 1586 1586 D SystemServerTiming: OnBootPhase_500_com.android.server.timedetector.TimeDetectorService$Lifecycle
01-02 13:14:53.064 1586 1586 D SystemServerTiming: OnBootPhase_500_com.android.server.timezonedetector.TimeZoneDetectorService$Lifecycle
01-02 13:14:53.064 1586 1586 D SystemServerTiming: OnBootPhase_500_com.android.server.timezonedetector.location.LocationTimeZoneManagerService$Lifecycle
01-02 13:14:53.064 1586 1586 D SystemServerTiming: OnBootPhase_500_com.android.server.search.SearchManagerService$Lifecycle
01-02 13:14:53.064 1586 1586 D SystemServerTiming: OnBootPhase_500_com.android.server.wallpaper.WallpaperManagerService$Lifecycle
01-02 13:14:53.065 1586 1586 D SystemServerTiming: OnBootPhase_500_com.android.server.wallpapereffectsgeneration.WallpaperEffectsGenerationManagerService
01-02 13:14:53.065 1586 1586 D SystemServerTiming: OnBootPhase_500_com.android.server.audio.AudioService$Lifecycle
01-02 13:14:53.065 1586 1586 D SystemServerTiming: OnBootPhase_500_com.android.server.soundtrigger_middleware.SoundTriggerMiddlewareService$Lifecycle
01-02 13:14:53.065 1586 1586 D SystemServerTiming: OnBootPhase_500_com.android.server.DockObserver
01-02 13:14:53.065 1586 1586 D SystemServerTiming: OnBootPhase_500_com.android.server.midi.MidiService$Lifecycle
01-02 13:14:53.065 1586 1586 D SystemServerTiming: OnBootPhase_500_com.android.server.adb.AdbService$Lifecycle
01-02 13:14:53.065 1586 1586 D SystemServerTiming: OnBootPhase_500_com.android.server.usb.UsbService$Lifecycle
01-02 13:14:53.065 1586 1586 D SystemServerTiming: OnBootPhase_500_com.android.server.twilight.TwilightService
01-02 13:14:53.065 1586 1586 D SystemServerTiming: OnBootPhase_500_com.android.server.display.color.ColorDisplayService
01-02 13:14:53.065 1586 1586 D SystemServerTiming: OnBootPhase_500_com.android.server.job.JobSchedulerService
01-02 13:14:53.070 1586 1692 D CompatibilityChangeReporter: Compat change id reported: 213289672; UID 1000; state: ENABLED
01-02 13:14:53.072 1586 1692 D CompatibilityChangeReporter: Compat change id reported: 215656264; UID 1000; state: ENABLED
01-02 13:14:53.073 1586 1692 D WifiConfigStore: Reading from all stores completed in 23 ms.
01-02 13:14:53.076 1586 1692 E WifiConfigManager: Cannot find network with networkId -1 or configKey "FRITZ!Box 7430 AK"WPA_PSK or upgradable security type check
01-02 13:14:53.080 1177 1177 I Zygote : ...preloaded 64 resources in 58ms.
01-02 13:14:53.082 1586 1586 V HistoricalRegistry: Interaction before persistence initialized
01-02 13:14:53.082 1586 1692 I WifiInjector: enableVerboseLogging false hal false
01-02 13:14:53.083 1586 1692 D WifiNative: enableVerboseLogging false hal false
01-02 13:14:53.083 1586 1692 E SupplicantStaIfaceHalHidlImp: Can't call setDebugParams, ISupplicant is null
01-02 13:14:53.083 1586 1692 I WifiService: WifiService starting up with Wi-Fi enabled
01-02 13:14:53.083 1586 1586 D SystemServerTiming: OnBootPhase_500_com.android.server.soundtrigger.SoundTriggerService
01-02 13:14:53.083 1586 1586 D SoundTriggerService: onBootPhase: 500 : false
01-02 13:14:53.083 1586 1586 D SystemServerTiming: OnBootPhase_500_com.android.server.trust.TrustManagerService
01-02 13:14:53.086 1586 1586 D SystemServerTiming: OnBootPhase_500_com.android.server.backup.BackupManagerService$Lifecycle
01-02 13:14:53.086 1586 1586 D SystemServerTiming: OnBootPhase_500_com.android.server.appwidget.AppWidgetService
01-02 13:14:53.086 1586 1586 D SystemServerTiming: OnBootPhase_500_com.android.server.voiceinteraction.VoiceInteractionManagerService
01-02 13:14:53.086 1586 1586 D SystemServerTiming: OnBootPhase_500_com.android.server.apphibernation.AppHibernationService
01-02 13:14:53.087 1586 1586 D SystemServerTiming: OnBootPhase_500_com.android.server.GestureLauncherService
01-02 13:14:53.087 1586 1586 D SystemServerTiming: OnBootPhase_500_com.android.server.SensorNotificationService
01-02 13:14:53.087 1586 1586 D SystemServerTiming: OnBootPhase_500_com.android.server.emergency.EmergencyAffordanceService
01-02 13:14:53.087 1586 1586 D SystemServerTiming: OnBootPhase_500_com.android.server.blob.BlobStoreManagerService
01-02 13:14:53.087 1586 1586 D SystemServerTiming: OnBootPhase_500_com.android.server.dreams.DreamManagerService
01-02 13:14:53.087 1586 1586 D SystemServerTiming: OnBootPhase_500_com.android.server.print.PrintManagerService
01-02 13:14:53.087 1586 1586 D SystemServerTiming: OnBootPhase_500_com.android.server.security.AttestationVerificationManagerService
01-02 13:14:53.087 1586 1586 D SystemServerTiming: OnBootPhase_500_com.android.server.companion.CompanionDeviceManagerService
01-02 13:14:53.089 1586 1586 D BluetoothAdapter: registerBluetoothConnectionCallback()
01-02 13:14:53.090 1586 1586 D BluetoothAdapter: isLeEnabled(): OFF
01-02 13:14:53.090 1586 1586 D SystemServerTiming: OnBootPhase_500_com.android.server.companion.virtual.VirtualDeviceManagerService
01-02 13:14:53.090 1586 1586 D SystemServerTiming: OnBootPhase_500_com.android.server.restrictions.RestrictionsManagerService
01-02 13:14:53.090 1586 1586 D SystemServerTiming: OnBootPhase_500_com.android.server.media.MediaSessionService
01-02 13:14:53.090 1586 1586 D SystemServerTiming: OnBootPhase_500_com.android.server.media.MediaResourceMonitorService
01-02 13:14:53.090 1586 1586 D SystemServerTiming: OnBootPhase_500_com.android.server.biometrics.sensors.fingerprint.FingerprintService
01-02 13:14:53.090 1586 1586 D SystemServerTiming: OnBootPhase_500_com.android.server.biometrics.BiometricService
01-02 13:14:53.090 1586 1586 D SystemServerTiming: OnBootPhase_500_com.android.server.biometrics.AuthService
01-02 13:14:53.090 1586 1586 D SystemServerTiming: OnBootPhase_500_com.android.server.pm.ShortcutService$Lifecycle
01-02 13:14:53.090 1586 1586 D SystemServerTiming: OnBootPhase_500_com.android.server.pm.LauncherAppsService
01-02 13:14:53.090 1586 1586 D SystemServerTiming: OnBootPhase_500_com.android.server.pm.CrossProfileAppsService
01-02 13:14:53.090 1586 1586 D SystemServerTiming: OnBootPhase_500_com.android.server.people.PeopleService
01-02 13:14:53.091 1586 1586 D SystemServerTiming: OnBootPhase_500_com.android.server.media.metrics.MediaMetricsManagerService
01-02 13:14:53.091 1586 1586 D SystemServerTiming: OnBootPhase_500_com.android.server.media.projection.MediaProjectionManagerService
01-02 13:14:53.091 1586 1586 D SystemServerTiming: OnBootPhase_500_com.android.server.slice.SliceManagerService$Lifecycle
01-02 13:14:53.091 1586 1586 D SystemServerTiming: OnBootPhase_500_com.android.server.stats.StatsCompanion$Lifecycle
01-02 13:14:53.091 1586 1586 D SystemServerTiming: OnBootPhase_500_com.android.server.scheduling.RebootReadinessManagerService$Lifecycle
01-02 13:14:53.091 1586 1586 D SystemServerTiming: OnBootPhase_500_com.android.server.stats.pull.StatsPullAtomService
01-02 13:14:53.091 1586 1586 D SystemServerTiming: OnBootPhase_500_com.android.server.stats.bootstrap.StatsBootstrapAtomService$Lifecycle
01-02 13:14:53.091 1586 1586 D SystemServerTiming: OnBootPhase_500_com.android.server.incident.IncidentCompanionService
01-02 13:14:53.092 1586 1586 D SystemServerTiming: OnBootPhase_500_com.android.server.sdksandbox.SdkSandboxManagerService$Lifecycle
01-02 13:14:53.092 1586 1586 D SystemServerTiming: OnBootPhase_500_com.android.server.adservices.AdServicesManagerService$Lifecycle
01-02 13:14:53.092 1586 1586 D SystemServerTiming: OnBootPhase_500_com.android.server.MmsServiceBroker
01-02 13:14:53.092 1586 1586 D SystemServerTiming: OnBootPhase_500_com.android.server.autofill.AutofillManagerService
01-02 13:14:53.092 1586 1586 D SystemServerTiming: OnBootPhase_500_com.android.server.clipboard.ClipboardService
01-02 13:14:53.092 1586 1586 D SystemServerTiming: OnBootPhase_500_com.android.server.appbinding.AppBindingService$Lifecycle
01-02 13:14:53.092 1586 1586 D SystemServerTiming: OnBootPhase_500_com.android.server.tracing.TracingServiceProxy
01-02 13:14:53.092 1586 1586 D SystemServerTiming: MakeWindowManagerServiceReady
01-02 13:14:53.092 1177 1177 I Zygote : ...preloaded 41 resources in 11ms.
01-02 13:14:53.093 1586 1692 D WifiController: isAirplaneModeOn = false, isWifiEnabled = true, isScanningAvailable = false, isLocationModeActive = false
01-02 13:14:53.094 1586 1692 D WifiActiveModeWarden: Starting primary ClientModeManager in connect mode
01-02 13:14:53.096 1586 1614 E KernelCpuThreadReader: Failed to initialize KernelCpuThreadReader
01-02 13:14:53.096 1586 1614 E KernelCpuThreadReader: java.nio.file.NoSuchFileException: /proc/self/time_in_state
01-02 13:14:53.096 1586 1614 E KernelCpuThreadReader: at sun.nio.fs.UnixFileSystemProvider.newByteChannel(UnixFileSystemProvider.java:214)
01-02 13:14:53.096 1586 1614 E KernelCpuThreadReader: at java.nio.file.Files.newByteChannel(Files.java:361)
01-02 13:14:53.096 1586 1614 E KernelCpuThreadReader: at java.nio.file.Files.newByteChannel(Files.java:407)
01-02 13:14:53.096 1586 1614 E KernelCpuThreadReader: at java.nio.file.Files.readAllBytes(Files.java:3152)
01-02 13:14:53.096 1586 1614 E KernelCpuThreadReader: at com.android.internal.os.ProcTimeInStateReader.initializeTimeInStateFormat(ProcTimeInStateReader.java:159)
01-02 13:14:53.096 1586 1614 E KernelCpuThreadReader: at com.android.internal.os.ProcTimeInStateReader.(ProcTimeInStateReader.java:106)
01-02 13:14:53.096 1586 1614 E KernelCpuThreadReader: at com.android.internal.os.KernelCpuThreadReader.(KernelCpuThreadReader.java:138)
01-02 13:14:53.096 1586 1614 E KernelCpuThreadReader: at com.android.internal.os.KernelCpuThreadReader.create(KernelCpuThreadReader.java:151)
01-02 13:14:53.096 1586 1614 E KernelCpuThreadReader: at com.android.internal.os.KernelCpuThreadReaderSettingsObserver.(KernelCpuThreadReaderSettingsObserver.java:95)
01-02 13:14:53.096 1586 1614 E KernelCpuThreadReader: at com.android.internal.os.KernelCpuThreadReaderSettingsObserver.getSettingsModifiedReader(KernelCpuThreadReaderSettingsObserver.java:80)
01-02 13:14:53.096 1586 1614 E KernelCpuThreadReader: at com.android.server.stats.pull.StatsPullAtomService.initializePullersState(StatsPullAtomService.java:798)
01-02 13:14:53.096 1586 1614 E KernelCpuThreadReader: at com.android.server.stats.pull.StatsPullAtomService.lambda$onBootPhase$0(StatsPullAtomService.java:757)
01-02 13:14:53.096 1586 1614 E KernelCpuThreadReader: at com.android.server.stats.pull.StatsPullAtomService.$r8$lambda$yIijC9wxGI486UfCqVjt5rR46-0(Unknown Source:0)
01-02 13:14:53.096 1586 1614 E KernelCpuThreadReader: at com.android.server.stats.pull.StatsPullAtomService$$ExternalSyntheticLambda0.run(Unknown Source:2)
01-02 13:14:53.096 1586 1614 E KernelCpuThreadReader: at android.os.Handler.handleCallback(Handler.java:942)
01-02 13:14:53.096 1586 1614 E KernelCpuThreadReader: at android.os.Handler.dispatchMessage(Handler.java:99)
01-02 13:14:53.096 1586 1614 E KernelCpuThreadReader: at android.os.Looper.loopOnce(Looper.java:201)
01-02 13:14:53.096 1586 1614 E KernelCpuThreadReader: at android.os.Looper.loop(Looper.java:288)
01-02 13:14:53.096 1586 1614 E KernelCpuThreadReader: at android.os.HandlerThread.run(HandlerThread.java:67)
01-02 13:14:53.097 1586 1586 I android_os_HwBinder: HwBinder: Starting thread pool for getting: android.hardware.configstore@1.1::ISurfaceFlingerConfigs/default
01-02 13:14:53.098 372 372 I servicemanager: Could not find android.hardware.health.IHealth/default in the VINTF manifest.
01-02 13:14:53.099 1586 1692 I android_os_HwBinder: HwBinder: Starting thread pool for getting: android.hidl.manager@1.2::IServiceManager/default
01-02 13:14:53.100 1586 1586 I android_os_HwBinder: HwBinder: Starting thread pool for getting: android.hardware.configstore@1.1::ISurfaceFlingerConfigs/default
01-02 13:14:53.100 1586 1614 I android_os_HwBinder: HwBinder: Starting thread pool for getting: android.hardware.health@2.0::IHealth/default
01-02 13:14:53.102 1586 1613 D HalDevMgr: IWifi registration notification: fqName=android.hardware.wifi@1.0::IWifi, name=default, preexisting=true
01-02 13:14:53.103 1586 1614 I android_os_HwBinder: HwBinder: Starting thread pool for getting: android.hidl.manager@1.0::IServiceManager/default
01-02 13:14:53.105 1586 1692 I android_os_HwBinder: HwBinder: Starting thread pool for getting: android.hardware.wifi@1.0::IWifi/default
01-02 13:14:53.105 1586 1614 I HealthServiceWrapperHidl: health: HealthServiceWrapper listening to instance default
01-02 13:14:53.106 1586 1586 D SystemServerTiming: StartPermissionPolicyService
01-02 13:14:53.106 1586 1586 I SystemServiceManager: Starting com.android.server.policy.PermissionPolicyService
01-02 13:14:53.107 1586 1746 I android_os_HwBinder: HwBinder: Starting thread pool for getting: android.hardware.health@2.0::IHealth/default
