--------- beginning of system
01-02 13:14:28.221 381 381 I vold : Vold 3.0 (the awakening) firing up
01-02 13:14:28.221 381 381 D vold : Detected support for: ext4 f2fs vfat
01-02 13:14:28.231 381 381 D vold : VoldNativeService::start() completed OK
01-02 13:14:28.251 381 388 I vold : Found disk at /devices/platform/hi_mci.1/mmc_host/mmc1/mmc1:aaaa/block/mmcblk1 but delaying scan due to secure keyguard
01-02 13:14:36.301 381 381 I Checkpoint: cp_prepareCheckpoint called
01-02 13:14:36.347 381 381 I incfs : Initial API level of the device: 26
01-02 13:14:36.347 381 381 I incfs : ro.incremental.enable:
01-02 13:14:36.347 381 381 E incfs : IncFs_Features: failed to open features dir, assuming v1/none.: No such file or directory
01-02 13:14:36.364 873 873 I keystore2: keystore2_main: Keystore2 is starting.
01-02 13:14:36.364 873 873 I keystore2: keystore2_main: Setting up sqlite logging for keystore2
01-02 13:14:36.367 873 873 W keystore2: keystore2::metrics_store: In update_keystore_crash_sysprop: Failed to read the existing system property due to: In read_keystore_crash_count: Property not set..Therefore, keystore crashes will not be logged.
01-02 13:14:36.369 873 873 I keystore2: keystore2_main: Starting thread pool now.
01-02 13:14:36.377 873 886 I keystore2: keystore2::shared_secret_negotiation: Shared secret negotiation concluded successfully.
01-02 13:14:36.670 873 873 I keystore2: keystore2::globals: Add emulation wrapper around Keymaster device for security level: SecurityLevel(1)
01-02 13:14:36.687 873 886 I keystore2: keystore2::shared_secret_negotiation: No StrongBox Keymint available, so no RoT transfer
01-02 13:14:36.688 873 873 I keystore2: keystore2_main: Not publishing IRemotelyProvisionedKeyPool service: In new_native_binder: Failed to get TEE Remote Provisioner instance.
01-02 13:14:36.688 873 873 I keystore2:
01-02 13:14:36.688 873 873 I keystore2: Caused by:
01-02 13:14:36.688 873 873 I keystore2: 0: In get_remotely_provisioned_component.
01-02 13:14:36.688 873 873 I keystore2: 1: In connect_remotely_provisioned_component.
01-02 13:14:36.688 873 873 I keystore2: 2: Error::Km(ErrorCode(-68))
01-02 13:14:36.688 873 873 I keystore2: keystore2_main: Successfully registered Keystore 2.0 service.
01-02 13:14:36.688 873 873 I keystore2: keystore2_main: Joining thread pool now.
01-02 13:14:36.753 873 873 I keystore2: keystore2::maintenance: In early_boot_ended.
01-02 13:14:36.767 873 873 I keystore2: keystore2::globals: Touching Keystore 2.0 database for this first time since boot.
01-02 13:14:36.767 873 873 I keystore2: keystore2::globals: Calling cleanup leftovers.
01-02 13:14:36.793 873 873 I keystore2: keystore2::super_key: Starting boot level watcher.
01-02 13:14:36.793 873 873 I keystore2: keystore2::maintenance: Call to earlyBootEnded succeeded for security level TRUSTED_ENVIRONMENT.
01-02 13:14:36.793 873 896 I keystore2: keystore2::super_key: Read keystore.boot_level value 30
01-02 13:14:36.793 873 873 E keystore2: keystore2::maintenance: Call to earlyBootEnded failed for security level STRONGBOX: In call_with_watchdog: getting keymint device.
01-02 13:14:36.793 873 873 E keystore2: keystore2::error: In call_with_watchdog: getting keymint device
01-02 13:14:36.793 873 873 E keystore2:
01-02 13:14:36.793 873 873 E keystore2: Caused by:
01-02 13:14:36.793 873 873 E keystore2: 0: In get_keymint_device.
01-02 13:14:36.793 873 873 E keystore2: 1: In connect_keymint: Trying to get Legacy wrapper.
01-02 13:14:36.793 873 873 E keystore2: 2: Error::Km(ErrorCode(-68))
01-02 13:14:36.794 873 896 I keystore2: keystore2::super_key: Read keystore.boot_level value 30
01-02 13:14:36.794 381 381 E vold : keystore2 Keystore earlyBootEnded returned service specific error: -68
01-02 13:14:37.188 381 381 D vold : fscrypt_init_user0
01-02 13:14:37.189 381 381 D vold : fscrypt_prepare_user_storage for volume null, user 0, serial 0, flags 1
01-02 13:14:37.189 381 381 D vold : Preparing: /data/system/users/0
01-02 13:14:37.189 381 381 D vold : Preparing: /data/misc/profiles/cur/0
01-02 13:14:37.190 381 381 D vold : Preparing: /data/system_de/0
01-02 13:14:37.190 381 381 D vold : Preparing: /data/vendor_de/0
01-02 13:14:37.191 381 381 D vold : Preparing: /data/misc_de/0
01-02 13:14:37.191 381 381 D vold : Preparing: /data/user_de/0
01-02 13:14:37.191 381 381 D vold : /system/bin/vold_prepare_subdirs
01-02 13:14:37.191 381 381 D vold : prepare
01-02 13:14:37.191 381 381 D vold :
01-02 13:14:37.191 381 381 D vold : 0
01-02 13:14:37.191 381 381 D vold : 1
01-02 13:14:37.251 381 381 D vold : fscrypt_unlock_user_key 0 serial=0
01-02 13:14:37.327 913 913 I odsign : Device doesn't support updatable APEX, exiting.
01-02 13:14:37.328 913 913 I odsign : Metrics report is empty
01-02 13:14:37.345 873 896 I keystore2: keystore2::super_key: keystore.boot_level 1000000000 hits maximum 1000000000, finishing.
01-02 13:14:39.036 1035 1035 I vendor.huawei.hardware.hwwifiext@1.1-service: Wifi Hal 1.1 is starting up...
01-02 13:14:39.038 1063 1063 I gsid : no DSU: No such file or directory
01-02 13:14:41.440 1132 1149 E BootAnimation: Got screen size 1080, animation size 1080
01-02 13:14:41.480 1132 1149 D BootAnimation: BootAnimationShownTiming start time: 38183ms
01-02 13:14:41.873 1132 1148 D BootAnimation: SurfaceFlinger died, exiting...
01-02 13:14:41.986 1169 1169 I wificond: wificond is starting up...
01-02 13:14:41.993 1169 1169 I HidlServiceManagement: Registered android.system.wifi.keystore@1.0::IKeystore/default
01-02 13:14:42.473 1186 1186 I installd: installd firing up
01-02 13:14:42.549 1195 1195 I storaged: Unable to get AIDL health service, trying HIDL... --------- beginning of main
01-02 13:14:44.213 1209 1209 D HwaPPAlgoManager: [8932ef2_64D] enter HwaPPAlgoManager
01-02 13:14:44.214 1209 1209 I HwaUtils: [8932ef2_64I] getOneCfgFile() path=/odm/etc/camera/portrait/portraitModeConfig.xml
01-02 13:14:44.215 1209 1209 I HwaUtils: [8932ef2_64I] getFcveInterfaceVersion() fcveInterfaceVersion =1
01-02 13:14:44.215 1209 1209 D HwaPPAlgoManager: [8932ef2_64D] getAlgoAllocatorType:0
01-02 13:14:44.215 1209 1209 D MsgProcesser: [8932ef2_64D] MSGPROCESSER_TRACE this=0x7367e51590, name=PPRender enter MsgProcesser()
01-02 13:14:44.215 1209 1209 D MsgProcesser: [8932ef2_64D] MSGPROCESSER_TRACE this=0x7367e51590, name=PPRender enter create()
01-02 13:14:44.215 1209 1209 D MsgProcesser: [8932ef2_64D] MSGPROCESSER_TRACE this=0x7367e51590, name=PPRender exit create()
01-02 13:14:44.215 1209 1209 D MsgProcesser: [8932ef2_64D] MSGPROCESSER_TRACE this=0x7367e537f0, name=Processer enter MsgProcesser()
01-02 13:14:44.215 1209 1209 D MsgProcesser: [8932ef2_64D] MSGPROCESSER_TRACE this=0x7367e537f0, name=Processer enter create()
01-02 13:14:44.215 1209 1209 D MsgProcesser: [8932ef2_64D] MSGPROCESSER_TRACE this=0x7367e537f0, name=Processer exit create()
01-02 13:14:44.215 1209 1209 D HwaPPExecuter: [8932ef2_64D] SNAP ALGO exit create
01-02 13:14:44.215 1209 1209 D PpAlgoFilter: [HWA_CAM3]algo=ForePp post=0 KEY_CA_CAM3 SNAP enter PpAlgoFilter(): 0x73d7e58a20
01-02 13:14:44.215 1209 1209 D PpAlgo : [HWA_CAM3]algo=ForePp KEY_CA_CAM3 SNAP enter create
01-02 13:14:44.215 1209 1209 D HwaPpPluginImpl: [8932ef2_64D] SNAP ALGO enter create env: 0x7487e9c848, eventCallback: 0x7487ea0a20, device: 0x7357e600f0, framecallback: 0x7487ea0cc0
01-02 13:14:44.216 1209 1209 E HwaUtils: [8932ef2_64E] FirstLevelXmlParser() LoadFile /odm/etc/camera/fullsize_binning_change.xml Failed
01-02 13:14:44.216 1209 1209 E HwaUtils: [8932ef2_64E] getAttributeValue() mFirstLevelElement Is NULL
01-02 13:14:44.216 1209 1209 E HwaUtils: [8932ef2_64E] FirstLevelXmlParser() LoadFile /odm/etc/camera/opticalzoom/config.xml Failed
01-02 13:14:44.216 1209 1209 E HwaUtils: [8932ef2_64E] getAttributeValue() mFirstLevelElement Is NULL
01-02 13:14:44.216 1209 1209 E HwaUtils: [8932ef2_64E] getAttributeValue() mFirstLevelElement Is NULL
01-02 13:14:44.216 1209 1209 I HwaPPStrategy: [8932ef2_64I] getMinZoomForOZ, minZoom=100, mMinZoomForOZ=0.000000, mMinZoomForOZResolution=13
01-02 13:14:44.216 1209 1209 D PPAlgoConfig: [8932ef2_64D] enter PPAlgoConfig()
01-02 13:14:44.216 1209 1209 D PPAlgoConfig: [8932ef2_64D] enter loadPPConfig()
01-02 13:14:44.216 1209 1209 I HwaUtils: [8932ef2_64I] getProductExtendName() path=LELAND
01-02 13:14:44.216 1209 1209 I CameraDaemon: getTotalMemoryFromDDRInfo, buffer = 0x301
01-02 13:14:44.216 1209 1209 I CameraDaemon: , len = 6
01-02 13:14:44.216 1209 1209 I CameraDaemon: [getTotalMemoryFromDDRInfo] total memory =3145728KB
01-02 13:14:44.216 1209 1209 I PPAlgoConfig: [8932ef2_64I] [huawei_memory]loadPPConfig() curRamSize=3145728
01-02 13:14:44.216 1209 1209 I HwaUtils: [8932ef2_64I] getOneCfgFile() path=NULL
01-02 13:14:44.216 1209 1209 D PPAlgoConfig: [8932ef2_64D] enter loadConfig()
01-02 13:14:44.216 1209 1209 E PPAlgoConfig: [8932ef2_64E] loadConfig fail,fileName is NULL!
01-02 13:14:44.216 1209 1209 I PPAlgoConfig: [8932ef2_64I] [huawei_memory]loadPPConfig() path=(null)
01-02 13:14:44.216 1209 1209 I HwaUtils: [8932ef2_64I] getOneCfgFile() path=/odm/etc/camera/ppconfig.xml
01-02 13:14:44.216 1209 1209 D PPAlgoConfig: [8932ef2_64D] enter loadConfig()
01-02 13:14:44.217 1209 1209 V PPAlgoConfig: [8932ef2_64V] loadConfig: pPAlgoId: 2
01-02 13:14:44.217 1209 1209 V PPAlgoConfig: [8932ef2_64V] loadConfig: pPAlgoId: 2
01-02 13:14:44.217 1209 1209 V PPAlgoConfig: [8932ef2_64V] loadConfig: pPAlgoId: 0
01-02 13:14:44.217 1209 1209 V PPAlgoConfig: [8932ef2_64V] loadConfig: pPAlgoId: 2
01-02 13:14:44.217 1209 1209 V PPAlgoConfig: [8932ef2_64V] loadConfig: pPAlgoId: 5
01-02 13:14:44.217 1209 1209 V PPAlgoConfig: [8932ef2_64V] loadConfig: pPAlgoId: 0
01-02 13:14:44.217 1209 1209 V PPAlgoConfig: [8932ef2_64V] loadConfig: pPAlgoId: 2
01-02 13:14:44.217 1209 1209 V PPAlgoConfig: [8932ef2_64V] loadConfig: pPAlgoId: 5
01-02 13:14:44.217 1209 1209 V PPAlgoConfig: [8932ef2_64V] loadConfig: pPAlgoId: 0
01-02 13:14:44.217 1209 1209 V PPAlgoConfig: [8932ef2_64V] loadConfig: pPAlgoId: 2
01-02 13:14:44.217 1209 1209 V PPAlgoConfig: [8932ef2_64V] loadConfig: pPAlgoId: 5
01-02 13:14:44.217 1209 1209 V PPAlgoConfig: [8932ef2_64V] loadConfig: pPAlgoId: 13
01-02 13:14:44.217 1209 1209 V PPAlgoConfig: [8932ef2_64V] loadConfig: pPAlgoId: 4
01-02 13:14:44.217 1209 1209 V PPAlgoConfig: [8932ef2_64V] loadConfig: pPAlgoId: 14
01-02 13:14:44.217 1209 1209 V PPAlgoConfig: [8932ef2_64V] loadConfig: pPAlgoId: 2
01-02 13:14:44.217 1209 1209 V PPAlgoConfig: [8932ef2_64V] loadConfig: pPAlgoId: 35
01-02 13:14:44.217 1209 1209 V PPAlgoConfig: [8932ef2_64V] loadConfig: pPAlgoId: 2
01-02 13:14:44.217 1209 1209 V PPAlgoConfig: [8932ef2_64V] loadConfig: pPAlgoId: 35
01-02 13:14:44.217 1209 1209 V PPAlgoConfig: [8932ef2_64V] loadConfig: pPAlgoId: 2
01-02 13:14:44.217 1209 1209 V PPAlgoConfig: [8932ef2_64V] loadConfig: pPAlgoId: 2
01-02 13:14:44.217 1209 1209 V PPAlgoConfig: [8932ef2_64V] loadConfig: pPAlgoId: 11
01-02 13:14:44.217 1209 1209 V PPAlgoConfig: [8932ef2_64V] loadConfig: pPAlgoId: 19
01-02 13:14:44.217 1209 1209 V PPAlgoConfig: [8932ef2_64V] loadConfig: pPAlgoId: 4
01-02 13:14:44.217 1209 1209 V PPAlgoConfig: [8932ef2_64V] loadConfig: pPAlgoId: 35
01-02 13:14:44.217 1209 1209 V PPAlgoConfig: [8932ef2_64V] loadConfig: pPAlgoId: 0
01-02 13:14:44.217 1209 1209 V PPAlgoConfig: [8932ef2_64V] loadConfig: pPAlgoId: 2
01-02 13:14:44.217 1209 1209 V PPAlgoConfig: [8932ef2_64V] loadConfig: pPAlgoId: 35
01-02 13:14:44.217 1209 1209 V PPAlgoConfig: [8932ef2_64V] loadConfig: pPAlgoId: 5
01-02 13:14:44.217 1209 1209 V PPAlgoConfig: [8932ef2_64V] loadConfig: pPAlgoId: 0
01-02 13:14:44.217 1209 1209 V PPAlgoConfig: [8932ef2_64V] loadConfig: pPAlgoId: 2
01-02 13:14:44.217 1209 1209 V PPAlgoConfig: [8932ef2_64V] loadConfig: pPAlgoId: 35
01-02 13:14:44.217 1209 1209 V PPAlgoConfig: [8932ef2_64V] loadConfig: pPAlgoId: 15
01-02 13:14:44.217 1209 1209 V PPAlgoConfig: [8932ef2_64V] loadConfig: pPAlgoId: 20
01-02 13:14:44.217 1209 1209 V PPAlgoConfig: [8932ef2_64V] loadConfig: pPAlgoId: 2
01-02 13:14:44.217 1209 1209 V PPAlgoConfig: [8932ef2_64V] loadConfig: pPAlgoId: 21
01-02 13:14:44.217 1209 1209 V PPAlgoConfig: [8932ef2_64V] loadConfig: pPAlgoId: 27
01-02 13:14:44.217 1209 1209 V PPAlgoConfig: [8932ef2_64V] loadConfig: pPAlgoId: 5
01-02 13:14:44.217 1209 1209 V PPAlgoConfig: [8932ef2_64V] loadConfig: pPAlgoId: 17
01-02 13:14:44.217 1209 1209 V PPAlgoConfig: [8932ef2_64V] loadConfig: pPAlgoId: 31
01-02 13:14:44.217 1209 1209 V PPAlgoConfig: [8932ef2_64V] loadConfig: pPAlgoId: 2
01-02 13:14:44.217 1209 1209 V PPAlgoConfig: [8932ef2_64V] loadConfig: pPAlgoId: 35
01-02 13:14:44.217 1209 1209 V PPAlgoConfig: [8932ef2_64V] loadConfig: pPAlgoId: 11
01-02 13:14:44.218 1209 1209 I PPAlgoConfig: [8932ef2_64I] [huawei_memory]loadPPConfig() path=/odm/etc/camera/ppconfig.xml
01-02 13:14:44.218 1209 1209 D PPAlgoConfig: [8932ef2_64D] oneShotNum: 23
01-02 13:14:44.218 1209 1209 V PPAlgoConfig: [8932ef2_64V] type: 2, name: davinci_front, algo num: 1
01-02 13:14:44.218 1209 1209 V PPAlgoConfig: [8932ef2_64V] algo name: davincicl
01-02 13:14:44.218 1209 1209 V PPAlgoConfig: [8932ef2_64V] type: 3, name: davinci_rear, algo num: 1
01-02 13:14:44.218 1209 1209 V PPAlgoConfig: [8932ef2_64V] algo name: davincicl
01-02 13:14:44.218 1209 1209 V PPAlgoConfig: [8932ef2_64V] type: 4, name: hdr, algo num: 3
01-02 13:14:44.218 1209 1209 V PPAlgoConfig: [8932ef2_64V] algo name: hdr
01-02 13:14:44.218 1209 1209 V PPAlgoConfig: [8932ef2_64V] algo name: davincicl
01-02 13:14:44.218 1209 1209 V PPAlgoConfig: [8932ef2_64V] algo name: sr
01-02 13:14:44.218 1209 1209 V PPAlgoConfig: [8932ef2_64V] type: 5, name: smart_hdr_rear, algo num: 3
01-02 13:14:44.218 1209 1209 V PPAlgoConfig: [8932ef2_64V] algo name: hdr
01-02 13:14:44.218 1209 1209 V PPAlgoConfig: [8932ef2_64V] algo name: davincicl
01-02 13:14:44.218 1209 1209 V PPAlgoConfig: [8932ef2_64V] algo name: sr
01-02 13:14:44.218 1209 1209 V PPAlgoConfig: [8932ef2_64V] type: 27, name: smart_hdr_front, algo num: 3
01-02 13:14:44.218 1209 1209 V PPAlgoConfig: [8932ef2_64V] algo name: hdr
01-02 13:14:44.218 1209 1209 V PPAlgoConfig: [8932ef2_64V] algo name: davincicl
01-02 13:14:44.218 1209 1209 V PPAlgoConfig: [8932ef2_64V] algo name: sr
01-02 13:14:44.218 1209 1209 V PPAlgoConfig: [8932ef2_64V] type: 15, name: digitalzoom, algo num: 1
01-02 13:14:44.218 1209 1209 V PPAlgoConfig: [8932ef2_64V] algo name: digitalzoom
01-02 13:14:44.218 1209 1209 V PPAlgoConfig: [8932ef2_64V] type: 11, name: multidenoise, algo num: 1
01-02 13:14:44.218 1209 1209 V PPAlgoConfig: [8932ef2_64V] algo name: multidenoise
01-02 13:14:44.218 1209 1209 V PPAlgoConfig: [8932ef2_64V] type: 17, name: burstshot, algo num: 0
01-02 13:14:44.218 1209 1209 V PPAlgoConfig: [8932ef2_64V] type: 16, name: bestshot, algo num: 1
01-02 13:14:44.218 1209 1209 V PPAlgoConfig: [8932ef2_64V] algo name: bestshot
01-02 13:14:44.218 1209 1209 V PPAlgoConfig: [8932ef2_64V] type: 7, name: beauty_front_noneextisp, algo num: 2
01-02 13:14:44.218 1209 1209 V PPAlgoConfig: [8932ef2_64V] algo name: davincicl
01-02 13:14:44.218 1209 1209 V PPAlgoConfig: [8932ef2_64V] algo name: HwBeautyPpAlgo
01-02 13:14:44.218 1209 1209 V PPAlgoConfig: [8932ef2_64V] type: 9, name: beauty_rear_noneextisp, algo num: 2
01-02 13:14:44.218 1209 1209 V PPAlgoConfig: [8932ef2_64V] algo name: davincicl
01-02 13:14:44.218 1209 1209 V PPAlgoConfig: [8932ef2_64V] algo name: HwBeautyPpAlgo
01-02 13:14:44.218 1209 1209 V PPAlgoConfig: [8932ef2_64V] type: 38, name: edof_hidden, algo num: 1
01-02 13:14:44.218 1209 1209 V PPAlgoConfig: [8932ef2_64V] algo name: davincicl
01-02 13:14:44.218 1209 1209 V PPAlgoConfig: [8932ef2_64V] type: 12, name: edof, algo num: 2
01-02 13:14:44.218 1209 1209 V PPAlgoConfig: [8932ef2_64V] algo name: davincicl
01-02 13:14:44.218 1209 1209 V PPAlgoConfig: [8932ef2_64V] algo name: refocus
01-02 13:14:44.218 1209 1209 V PPAlgoConfig: [8932ef2_64V] type: 20, name: allfocus, algo num: 1
01-02 13:14:44.218 1209 1209 V PPAlgoConfig: [8932ef2_64V] algo name: allfocus
01-02 13:14:44.218 1209 1209 V PPAlgoConfig: [8932ef2_64V] type: 21, name: beauty_multidenoise, algo num: 2
01-02 13:14:44.218 1209 1209 V PPAlgoConfig: [8932ef2_64V] algo name: multidenoise
01-02 13:14:44.218 1209 1209 V PPAlgoConfig: [8932ef2_64V] algo name: HwBeautyPpAlgo
01-02 13:14:44.218 1209 1209 V PPAlgoConfig: [8932ef2_64V] type: 22, name: beauty_hdr_rear, algo num: 4
01-02 13:14:44.218 1209 1209 V PPAlgoConfig: [8932ef2_64V] algo name: hdr
01-02 13:14:44.218 1209 1209 V PPAlgoConfig: [8932ef2_64V] algo name: davincicl
01-02 13:14:44.218 1209 1209 V PPAlgoConfig: [8932ef2_64V] algo name: HwBeautyPpAlgo
01-02 13:14:44.218 1209 1209 V PPAlgoConfig: [8932ef2_64V] algo name: sr
01-02 13:14:44.218 1209 1209 V PPAlgoConfig: [8932ef2_64V] type: 26, name: beauty_hdr_front, algo num: 4
01-02 13:14:44.218 1209 1209 V PPAlgoConfig: [8932ef2_64V] algo name: hdr
01-02 13:14:44.218 1209 1209 V PPAlgoConfig: [8932ef2_64V] algo name: davincicl
01-02 13:14:44.218 1209 1209 V PPAlgoConfig: [8932ef2_64V] algo name: HwBeautyPpAlgo
01-02 13:14:44.218 1209 1209 V PPAlgoConfig: [8932ef2_64V] algo name: ldc
01-02 13:14:44.218 1209 1209 V PPAlgoConfig: [8932ef2_64V] type: 23, name: nicefood, algo num: 2
01-02 13:14:44.218 1209 1209 V PPAlgoConfig: [8932ef2_64V] algo name: NiceFoodPpAlgo
01-02 13:14:44.218 1209 1209 V PPAlgoConfig: [8932ef2_64V] algo name: davincicl
01-02 13:14:44.218 1209 1209 V PPAlgoConfig: [8932ef2_64V] type: 24, name: bshutter, algo num: 1
01-02 13:14:44.218 1209 1209 V PPAlgoConfig: [8932ef2_64V] algo name: pp_bshutter
01-02 13:14:44.218 1209 1209 V PPAlgoConfig: [8932ef2_64V] type: 25, name: HDFlash, algo num: 2
01-02 13:14:44.218 1209 1209 V PPAlgoConfig: [8932ef2_64V] algo name: HDFlashPpAlgo
01-02 13:14:44.218 1209 1209 V PPAlgoConfig: [8932ef2_64V] algo name: sr
01-02 13:14:44.218 1209 1209 V PPAlgoConfig: [8932ef2_64V] type: 32, name: dcmmi, algo num: 1
01-02 13:14:44.218 1209 1209 V PPAlgoConfig: [8932ef2_64V] algo name: DCMMIPpAlgo
01-02 13:14:44.218 1209 1209 V PPAlgoConfig: [8932ef2_64V] type: 29, name: hdccalib, algo num: 1
01-02 13:14:44.218 1209 1209 V PPAlgoConfig: [8932ef2_64V] algo name: HdcCalibPpAlgo
01-02 13:14:44.218 1209 1209 V PPAlgoConfig: [8932ef2_64V] type: 47, name: self_portrait, algo num: 3
01-02 13:14:44.218 1209 1209 V PPAlgoConfig: [8932ef2_64V] algo name: davincicl
01-02 13:14:44.218 1209 1209 V PPAlgoConfig: [8932ef2_64V] algo name: HwBeautyPpAlgo
01-02 13:14:44.218 1209 1209 V PPAlgoConfig: [8932ef2_64V] algo name: refocus
01-02 13:14:44.218 1209 1209 D PPAlgoConfig: [8932ef2_64D] enter loadAlgoMemoryPeak()
01-02 13:14:44.218 1209 1209 I HwaUtils: [8932ef2_64I] getOneCfgFile() path=NULL
01-02 13:14:44.218 1209 1209 D PPAlgoConfig: [8932ef2_64D] loadAlgoMemoryPeak, AlgoMemoryPeak is not exist
01-02 13:14:44.218 1209 1209 I PPAlgoConfig: [8932ef2_64I] checkOneSnapshotEnable() snapshotType=2 enable=1
01-02 13:14:44.218 1209 1209 I PPAlgoConfig: [8932ef2_64I] checkOneSnapshotEnable() snapshotType=3 enable=1
01-02 13:14:44.218 1209 1209 I PPAlgoConfig: [8932ef2_64I] checkOneSnapshotEnable() snapshotType=4 enable=1
01-02 13:14:44.218 1209 1209 I PPAlgoConfig: [8932ef2_64I] checkOneSnapshotEnable() snapshotType=5 enable=1
01-02 13:14:44.218 1209 1209 I PPAlgoConfig: [8932ef2_64I] checkOneSnapshotEnable() snapshotType=1b enable=1
01-02 13:14:44.218 1209 1209 I PPAlgoConfig: [8932ef2_64I] checkOneSnapshotEnable() snapshotType=6 enable=0
01-02 13:14:44.218 1209 1209 I PPAlgoConfig: [8932ef2_64I] checkOneSnapshotEnable() snapshotType=7 enable=1
01-02 13:14:44.218 1209 1209 I PPAlgoConfig: [8932ef2_64I] checkOneSnapshotEnable() snapshotType=8 enable=0
01-02 13:14:44.218 1209 1209 I PPAlgoConfig: [8932ef2_64I] checkOneSnapshotEnable() snapshotType=9 enable=1
01-02 13:14:44.218 1209 1209 I PPAlgoConfig: [8932ef2_64I] checkOneSnapshotEnable() snapshotType=a enable=0
01-02 13:14:44.218 1209 1209 I PPAlgoConfig: [8932ef2_64I] checkOneSnapshotEnable() snapshotType=b enable=1
01-02 13:14:44.218 1209 1209 I PPAlgoConfig: [8932ef2_64I] checkOneSnapshotEnable() snapshotType=c enable=1
01-02 13:14:44.218 1209 1209 I PPAlgoConfig: [8932ef2_64I] checkOneSnapshotEnable() snapshotType=66 enable=0
01-02 13:14:44.218 1209 1209 I PPAlgoConfig: [8932ef2_64I] checkOneSnapshotEnable() snapshotType=d enable=0
01-02 13:14:44.218 1209 1209 I PPAlgoConfig: [8932ef2_64I] checkOneSnapshotEnable() snapshotType=e enable=0
01-02 13:14:44.218 1209 1209 I PPAlgoConfig: [8932ef2_64I] checkOneSnapshotEnable() snapshotType=f enable=1
01-02 13:14:44.218 1209 1209 I PPAlgoConfig: [8932ef2_64I] checkOneSnapshotEnable() snapshotType=10 enable=1
01-02 13:14:44.218 1209 1209 I PPAlgoConfig: [8932ef2_64I] checkOneSnapshotEnable() snapshotType=11 enable=1
01-02 13:14:44.218 1209 1209 I PPAlgoConfig: [8932ef2_64I] checkOneSnapshotEnable() snapshotType=12 enable=0
01-02 13:14:44.218 1209 1209 I PPAlgoConfig: [8932ef2_64I] checkOneSnapshotEnable() snapshotType=13 enable=0
01-02 13:14:44.218 1209 1209 I PPAlgoConfig: [8932ef2_64I] checkOneSnapshotEnable() snapshotType=14 enable=1
01-02 13:14:44.218 1209 1209 I PPAlgoConfig: [8932ef2_64I] checkOneSnapshotEnable() snapshotType=15 enable=1
01-02 13:14:44.218 1209 1209 I PPAlgoConfig: [8932ef2_64I] checkOneSnapshotEnable() snapshotType=48 enable=0
01-02 13:14:44.218 1209 1209 I PPAlgoConfig: [8932ef2_64I] checkOneSnapshotEnable() snapshotType=16 enable=1
01-02 13:14:44.218 1209 1209 I PPAlgoConfig: [8932ef2_64I] checkOneSnapshotEnable() snapshotType=1a enable=1
01-02 13:14:44.218 1209 1209 I PPAlgoConfig: [8932ef2_64I] checkOneSnapshotEnable() snapshotType=17 enable=1
01-02 13:14:44.218 1209 1209 I PPAlgoConfig: [8932ef2_64I] checkOneSnapshotEnable() snapshotType=18 enable=1
01-02 13:14:44.218 1209 1209 I PPAlgoConfig: [8932ef2_64I] checkOneSnapshotEnable() snapshotType=19 enable=1
01-02 13:14:44.218 1209 1209 I PPAlgoConfig: [8932ef2_64I] checkOneSnapshotEnable() snapshotType=1c enable=0
01-02 13:14:44.218 1209 1209 I PPAlgoConfig: [8932ef2_64I] checkOneSnapshotEnable() snapshotType=20 enable=1
01-02 13:14:44.218 1209 1209 I PPAlgoConfig: [8932ef2_64I] checkOneSnapshotEnable() snapshotType=1d enable=1
01-02 13:14:44.218 1209 1209 I PPAlgoConfig: [8932ef2_64I] checkOneSnapshotEnable() snapshotType=62 enable=0
01-02 13:14:44.218 1209 1209 I PPAlgoConfig: [8932ef2_64I] checkOneSnapshotEnable() snapshotType=4a enable=0
01-02 13:14:44.218 1209 1209 I PPAlgoConfig: [8932ef2_64I] checkOneSnapshotEnable() snapshotType=4b enable=0
01-02 13:14:44.218 1209 1209 I PPAlgoConfig: [8932ef2_64I] checkOneSnapshotEnable() snapshotType=27 enable=0
01-02 13:14:44.218 1209 1209 I PPAlgoConfig: [8932ef2_64I] checkOneSnapshotEnable() snapshotType=4c enable=0
01-02 13:14:44.218 1209 1209 I PPAlgoConfig: [8932ef2_64I] checkOneSnapshotEnable() snapshotType=57 enable=0
01-02 13:14:44.218 1209 1209 I PPAlgoConfig: [8932ef2_64I] checkOneSnapshotEnable() snapshotType=1e enable=0
01-02 13:14:44.218 1209 1209 I PPAlgoConfig: [8932ef2_64I] checkOneSnapshotEnable() snapshotType=1f enable=0
01-02 13:14:44.218 1209 1209 I PPAlgoConfig: [8932ef2_64I] checkOneSnapshotEnable() snapshotType=21 enable=0
01-02 13:14:44.218 1209 1209 I PPAlgoConfig: [8932ef2_64I] checkOneSnapshotEnable() snapshotType=22 enable=0
01-02 13:14:44.218 1209 1209 I PPAlgoConfig: [8932ef2_64I] checkOneSnapshotEnable() snapshotType=23 enable=0
01-02 13:14:44.218 1209 1209 I PPAlgoConfig: [8932ef2_64I] checkOneSnapshotEnable() snapshotType=24 enable=0
01-02 13:14:44.218 1209 1209 I PPAlgoConfig: [8932ef2_64I] checkOneSnapshotEnable() snapshotType=25 enable=0
01-02 13:14:44.218 1209 1209 I PPAlgoConfig: [8932ef2_64I] checkOneSnapshotEnable() snapshotType=26 enable=1
01-02 13:14:44.218 1209 1209 I PPAlgoConfig: [8932ef2_64I] checkOneSnapshotEnable() snapshotType=28 enable=0
01-02 13:14:44.218 1209 1209 I PPAlgoConfig: [8932ef2_64I] checkOneSnapshotEnable() snapshotType=29 enable=0
01-02 13:14:44.218 1209 1209 I PPAlgoConfig: [8932ef2_64I] checkOneSnapshotEnable() snapshotType=2a enable=0
01-02 13:14:44.218 1209 1209 I PPAlgoConfig: [8932ef2_64I] checkOneSnapshotEnable() snapshotType=4f enable=0
01-02 13:14:44.218 1209 1209 I PPAlgoConfig: [8932ef2_64I] checkOneSnapshotEnable() snapshotType=2b enable=0
01-02 13:14:44.218 1209 1209 I PPAlgoConfig: [8932ef2_64I] checkOneSnapshotEnable() snapshotType=50 enable=0
01-02 13:14:44.218 1209 1209 I PPAlgoConfig: [8932ef2_64I] checkOneSnapshotEnable() snapshotType=2c enable=0
01-02 13:14:44.218 1209 1209 I PPAlgoConfig: [8932ef2_64I] checkOneSnapshotEnable() snapshotType=52 enable=0
01-02 13:14:44.218 1209 1209 I PPAlgoConfig: [8932ef2_64I] checkOneSnapshotEnable() snapshotType=67 enable=0
01-02 13:14:44.218 1209 1209 I PPAlgoConfig: [8932ef2_64I] checkOneSnapshotEnable() snapshotType=2e enable=0
01-02 13:14:44.218 1209 1209 I PPAlgoConfig: [8932ef2_64I] checkOneSnapshotEnable() snapshotType=2f enable=1
01-02 13:14:44.218 1209 1209 I PPAlgoConfig: [8932ef2_64I] checkOneSnapshotEnable() snapshotType=30 enable=0
01-02 13:14:44.218 1209 1209 I PPAlgoConfig: [8932ef2_64I] checkOneSnapshotEnable() snapshotType=31 enable=0
01-02 13:14:44.218 1209 1209 I PPAlgoConfig: [8932ef2_64I] checkOneSnapshotEnable() snapshotType=32 enable=0
01-02 13:14:44.218 1209 1209 I PPAlgoConfig: [8932ef2_64I] checkOneSnapshotEnable() snapshotType=33 enable=0
01-02 13:14:44.218 1209 1209 I PPAlgoConfig: [8932ef2_64I] checkOneSnapshotEnable() snapshotType=34 enable=0
01-02 13:14:44.218 1209 1209 I PPAlgoConfig: [8932ef2_64I] checkOneSnapshotEnable() snapshotType=36 enable=0
01-02 13:14:44.218 1209 1209 I PPAlgoConfig: [8932ef2_64I] checkOneSnapshotEnable() snapshotType=39 enable=0
01-02 13:14:44.218 1209 1209 I PPAlgoConfig: [8932ef2_64I] checkOneSnapshotEnable() snapshotType=3a enable=0
01-02 13:14:44.218 1209 1209 I PPAlgoConfig: [8932ef2_64I] checkOneSnapshotEnable() snapshotType=3c enable=0
01-02 13:14:44.218 1209 1209 I PPAlgoConfig: [8932ef2_64I] checkOneSnapshotEnable() snapshotType=3e enable=0
01-02 13:14:44.218 1209 1209 I PPAlgoConfig: [8932ef2_64I] checkOneSnapshotEnable() snapshotType=3f enable=0
01-02 13:14:44.218 1209 1209 I PPAlgoConfig: [8932ef2_64I] checkOneSnapshotEnable() snapshotType=40 enable=0
01-02 13:14:44.218 1209 1209 I PPAlgoConfig: [8932ef2_64I] checkOneSnapshotEnable() snapshotType=41 enable=0
01-02 13:14:44.219 1209 1209 I PPAlgoConfig: [8932ef2_64I] checkOneSnapshotEnable() snapshotType=42 enable=0
01-02 13:14:44.219 1209 1209 I PPAlgoConfig: [8932ef2_64I] checkOneSnapshotEnable() snapshotType=49 enable=0
01-02 13:14:44.219 1209 1209 I PPAlgoConfig: [8932ef2_64I] checkOneSnapshotEnable() snapshotType=37 enable=0
01-02 13:14:44.219 1209 1209 I PPAlgoConfig: [8932ef2_64I] checkOneSnapshotEnable() snapshotType=38 enable=0
01-02 13:14:44.219 1209 1209 I PPAlgoConfig: [8932ef2_64I] checkOneSnapshotEnable() snapshotType=43 enable=0
01-02 13:14:44.219 1209 1209 I PPAlgoConfig: [8932ef2_64I] checkOneSnapshotEnable() snapshotType=44 enable=0
01-02 13:14:44.219 1209 1209 I PPAlgoConfig: [8932ef2_64I] checkOneSnapshotEnable() snapshotType=45 enable=0
01-02 13:14:44.219 1209 1209 I PPAlgoConfig: [8932ef2_64I] checkOneSnapshotEnable() snapshotType=53 enable=0
01-02 13:14:44.219 1209 1209 I PPAlgoConfig: [8932ef2_64I] checkOneSnapshotEnable() snapshotType=46 enable=0
01-02 13:14:44.219 1209 1209 I PPAlgoConfig: [8932ef2_64I] checkOneSnapshotEnable() snapshotType=47 enable=0
01-02 13:14:44.219 1209 1209 I PPAlgoConfig: [8932ef2_64I] checkOneSnapshotEnable() snapshotType=4e enable=0
01-02 13:14:44.219 1209 1209 I PPAlgoConfig: [8932ef2_64I] checkOneSnapshotEnable() snapshotType=4d enable=0
01-02 13:14:44.219 1209 1209 I PPAlgoConfig: [8932ef2_64I] checkOneSnapshotEnable() snapshotType=51 enable=0
01-02 13:14:44.219 1209 1209 I PPAlgoConfig: [8932ef2_64I] checkOneSnapshotEnable() snapshotType=54 enable=0
01-02 13:14:44.219 1209 1209 I PPAlgoConfig: [8932ef2_64I] checkOneSnapshotEnable() snapshotType=55 enable=0
01-02 13:14:44.219 1209 1209 I PPAlgoConfig: [8932ef2_64I] checkOneSnapshotEnable() snapshotType=58 enable=0
01-02 13:14:44.219 1209 1209 I PPAlgoConfig: [8932ef2_64I] checkOneSnapshotEnable() snapshotType=59 enable=0
01-02 13:14:44.219 1209 1209 I PPAlgoConfig: [8932ef2_64I] checkOneSnapshotEnable() snapshotType=5a enable=0
01-02 13:14:44.219 1209 1209 I PPAlgoConfig: [8932ef2_64I] checkOneSnapshotEnable() snapshotType=5b enable=0
01-02 13:14:44.219 1209 1209 I PPAlgoConfig: [8932ef2_64I] checkOneSnapshotEnable() snapshotType=5c enable=0
01-02 13:14:44.219 1209 1209 I PPAlgoConfig: [8932ef2_64I] checkOneSnapshotEnable() snapshotType=5d enable=0
01-02 13:14:44.219 1209 1209 I PPAlgoConfig: [8932ef2_64I] checkOneSnapshotEnable() snapshotType=5e enable=0
01-02 13:14:44.219 1209 1209 I PPAlgoConfig: [8932ef2_64I] checkOneSnapshotEnable() snapshotType=63 enable=0
01-02 13:14:44.219 1209 1209 I PPAlgoConfig: [8932ef2_64I] checkOneSnapshotEnable() snapshotType=64 enable=0
01-02 13:14:44.219 1209 1209 I PPAlgoConfig: [8932ef2_64I] checkOneSnapshotEnable() snapshotType=65 enable=0
01-02 13:14:44.219 1209 1209 I PPAlgoConfig: [8932ef2_64I] checkOneSnapshotEnable() snapshotType=5f enable=0
01-02 13:14:44.219 1209 1209 I PPAlgoConfig: [8932ef2_64I] checkOneSnapshotEnable() snapshotType=60 enable=0
01-02 13:14:44.219 1209 1209 I PPAlgoConfig: [8932ef2_64I] checkOneSnapshotEnable() snapshotType=61 enable=0
01-02 13:14:44.219 1209 1209 I PPAlgoConfig: [8932ef2_64I] checkOneSnapshotEnable() snapshotType=68 enable=0
01-02 13:14:44.219 1209 1209 I PPAlgoConfig: [8932ef2_64I] checkOneSnapshotEnable() snapshotType=69 enable=0
01-02 13:14:44.219 1209 1209 D HwaPPExecuter: [8932ef2_64D] KEY_CA_ALGO SNAP enter HwaPPExecuter
01-02 13:14:44.219 1209 1209 D HwaPPExecuter: [8932ef2_64D] getAlgoAllocatorType:0
01-02 13:14:44.219 1209 1209 E HwaUtils: [8932ef2_64E] FirstLevelXmlParser() LoadFile /odm/etc/camera/opticalzoom/config.xml Failed
01-02 13:14:44.219 1209 1209 E HwaUtils: [8932ef2_64E] getAttributeValue() mFirstLevelElement Is NULL
01-02 13:14:44.219 1209 1209 D HwaPPExecuter: [8932ef2_64D] readFrameCntFile, mOpiticalzoomFrameCntMax = 0 after read
01-02 13:14:44.219 1209 1209 D HwaPPExecuter: [8932ef2_64D] SNAP ALGO enter create
01-02 13:14:44.219 1209 1209 D HwaPPAlgoManager: [8932ef2_64D] enter HwaPPAlgoManager
01-02 13:14:44.219 1209 1209 I HwaUtils: [8932ef2_64I] getOneCfgFile() path=/odm/etc/camera/portrait/portraitModeConfig.xml
01-02 13:14:44.219 1209 1209 I HwaUtils: [8932ef2_64I] getFcveInterfaceVersion() fcveInterfaceVersion =1
01-02 13:14:44.219 1209 1209 D HwaPPAlgoManager: [8932ef2_64D] getAlgoAllocatorType:0
01-02 13:14:44.219 1209 1209 D MsgProcesser: [8932ef2_64D] MSGPROCESSER_TRACE this=0x7367e51430, name=PPRender enter MsgProcesser()
01-02 13:14:44.219 1209 1209 D MsgProcesser: [8932ef2_64D] MSGPROCESSER_TRACE this=0x7367e51430, name=PPRender enter create()
01-02 13:14:44.219 1209 1209 D MsgProcesser: [8932ef2_64D] MSGPROCESSER_TRACE this=0x7367e51430, name=PPRender exit create()
01-02 13:14:44.219 1209 1209 D MsgProcesser: [8932ef2_64D] MSGPROCESSER_TRACE this=0x7367e549d0, name=Processer enter MsgProcesser()
01-02 13:14:44.219 1209 1209 D MsgProcesser: [8932ef2_64D] MSGPROCESSER_TRACE this=0x7367e549d0, name=Processer enter create()
01-02 13:14:44.219 1209 1209 D MsgProcesser: [8932ef2_64D] MSGPROCESSER_TRACE this=0x7367e549d0, name=Processer exit create()
01-02 13:14:44.219 1209 1209 D HwaPPExecuter: [8932ef2_64D] SNAP ALGO exit create
01-02 13:14:44.221 1209 1209 D AlgoFilterManager: [HWA_CAM3]KEY_CA_CAM3 exit create, mPipeLineId=0, mIsPlugInCreated=1
01-02 13:14:44.221 1209 1209 D AlgoFilterStage: [HWA_CAM3]STAGELIFECTRL exit getAndCreatePluginOrCreateOne(), pipeline id=0, index=0, manger=0x7487e9aba0
01-02 13:14:44.221 1209 1209 D AlgoFilterManager: [HWA_CAM3]STAGELIFECTRL enter queryCapability(), mPipeLineId=0
01-02 13:14:44.221 1209 1209 I AlgoFilterManager: queryCapability(581) this is no ANDROID_HW_HDC_ROTATION_FLAG
01-02 13:14:44.221 1209 1209 I AlgoFilterManager: queryCapability(597) this is no availableSuperIsoValue
01-02 13:14:44.221 1209 1209 I HwaUtils: [8932ef2_64I] DMWaterMarkPpAlgo ro.build.hide hide result is , commerical=true
01-02 13:14:44.221 1209 1209 I HwaUtils: [8932ef2_64I] getMarketName: marketing_name=0, propIdx=1, mMarketName=0
01-02 13:14:44.221 1209 1209 D HwaUtils: [8932ef2_64D] DMWaterMarkPpAlgo bcommericalversion=1, filename=/camera/watermark/dm.argb, marketName=0, start=31, step=-1, count=32
01-02 13:14:44.221 1209 1209 E CameraDaemon: open file error
01-02 13:14:44.221 1209 1209 E CameraDaemon: open file error
01-02 13:14:44.221 1209 1209 I CameraDaemon: no cota liveupdate cust policy found
01-02 13:14:44.221 1209 1209 E CameraDaemon: open file error
01-02 13:14:44.221 1209 1209 E CameraDaemon: GetCfgDirRealPolicyValue: cust_policy_dirs:
01-02 13:14:44.221 1209 1209 E CameraDaemon: env CUST_POLICY_DIRS not set, use default: /system/emui:/system/global:/vendor/etc:/odm/etc:/product/etc:/hw_odm:/hw_oem:/data/cust:/cust_spec:/data/cota
01-02 13:14:44.221 1209 1209 I HwaUtils: [8932ef2_64I] DMWaterMarkPpAlgo bcommericalversion=1, filename=/camera/watermark/dm.argb, tstart=9, tcount=23, path=/data/cota/camera/watermark/dm.argb, access=0, ret=-1
01-02 13:14:44.221 1209 1209 I HwaUtils: [8932ef2_64I] DMWaterMarkPpAlgo bcommericalversion=1, filename=/camera/watermark/dm.argb, tstart=8, tcount=24, path=/cust_spec/camera/watermark/dm.argb, access=0, ret=-1
01-02 13:14:44.221 1209 1209 I HwaUtils: [8932ef2_64I] DMWaterMarkPpAlgo bcommericalversion=1, filename=/camera/watermark/dm.argb, tstart=7, tcount=25, path=/data/cust/camera/watermark/dm.argb, access=0, ret=-1
01-02 13:14:44.221 1209 1209 I HwaUtils: [8932ef2_64I] DMWaterMarkPpAlgo bcommericalversion=1, filename=/camera/watermark/dm.argb, tstart=6, tcount=26, path=/hw_oem/camera/watermark/dm.argb, access=0, ret=-1
01-02 13:14:44.221 1209 1209 I HwaUtils: [8932ef2_64I] DMWaterMarkPpAlgo bcommericalversion=1, filename=/camera/watermark/dm.argb, tstart=5, tcount=27, path=/hw_odm/camera/watermark/dm.argb, access=0, ret=-1
01-02 13:14:44.221 1209 1209 I HwaUtils: [8932ef2_64I] DMWaterMarkPpAlgo bcommericalversion=1, filename=/camera/watermark/dm.argb, tstart=4, tcount=28, path=/product/etc/camera/watermark/dm.argb, access=0, ret=-1
01-02 13:14:44.222 1368 1400 I audio_hw_primary: using pop seq, force flush set audio volume: force_flush_set
01-02 13:14:44.222 1368 1400 I typec_headset_hal: typec_headset_init: enter
01-02 13:14:44.222 1368 1400 I typec_headset_hal: typec_headset_init:filename
01-02 13:14:44.222 1368 1400 I typec_headset_hal: typec_headset_init: doesn't exist
01-02 13:14:44.222 1209 1209 D HwaUtils: [8932ef2_64D] DMWaterMarkPpAlgo bcommericalversion=1, filename=/camera/watermark/dm.argb, tstart=3, tcount=29, path=/odm/etc/camera/watermark/dm.argb, access=1
01-02 13:14:44.222 1209 1209 I PPAlgoConfig: [8932ef2_64I] DMWaterMarkPpalgo watermark path is /odm/etc/camera/watermark/dm.argb
01-02 13:14:44.222 1209 1209 E HwaUtils: [8932ef2_64E] FirstLevelXmlParser() LoadFile /odm/etc/camera/misc/FullResolutionSupport.xml Failed
01-02 13:14:44.223 1209 1209 E HwaUtils: [8932ef2_64E] getAttributeValue() mFirstLevelElement Is NULL
01-02 13:14:44.223 1209 1209 I PPAlgoConfig: [8932ef2_64I] loadFullSizeSupportConfig now support fullsize CameraSence = 0
01-02 13:14:44.223 1209 1209 E HwaUtils: [8932ef2_64E] FirstLevelXmlParser() LoadFile /odm/etc/camera/portrait/VideoBokehShape.xml Failed
01-02 13:14:44.223 1209 1209 E HwaUtils: [8932ef2_64E] getAttributeString() mFirstLevelElement Is NULL
01-02 13:14:44.223 1209 1209 I HwaUtils: [8932ef2_64I] DMWaterMarkPpAlgo ro.build.hide hide result is , commerical=true
01-02 13:14:44.224 1209 1209 I HwaUtils: [8932ef2_64I] getMarketName: marketing_name=0, propIdx=1, mMarketName=0
01-02 13:14:44.224 1209 1209 D HwaUtils: [8932ef2_64D] DMWaterMarkPpAlgo bcommericalversion=1, filename=/camera/watermark/dm.argb, marketName=0, start=31, step=-1, count=32
01-02 13:14:44.224 1209 1209 E CameraDaemon: open file error
01-02 13:14:44.224 1209 1209 E CameraDaemon: open file error
01-02 13:14:44.224 1209 1209 I CameraDaemon: no cota liveupdate cust policy found
01-02 13:14:44.224 1209 1209 E CameraDaemon: open file error
01-02 13:14:44.224 1209 1209 E CameraDaemon: GetCfgDirRealPolicyValue: cust_policy_dirs:
01-02 13:14:44.224 1209 1209 E CameraDaemon: env CUST_POLICY_DIRS not set, use default: /system/emui:/system/global:/vendor/etc:/odm/etc:/product/etc:/hw_odm:/hw_oem:/data/cust:/cust_spec:/data/cota
01-02 13:14:44.224 1209 1209 I HwaUtils: [8932ef2_64I] DMWaterMarkPpAlgo bcommericalversion=1, filename=/camera/watermark/dm.argb, tstart=9, tcount=23, path=/data/cota/camera/watermark/dm.argb, access=0, ret=-1
01-02 13:14:44.224 1209 1209 I HwaUtils: [8932ef2_64I] DMWaterMarkPpAlgo bcommericalversion=1, filename=/camera/watermark/dm.argb, tstart=8, tcount=24, path=/cust_spec/camera/watermark/dm.argb, access=0, ret=-1
01-02 13:14:44.224 1209 1209 I HwaUtils: [8932ef2_64I] DMWaterMarkPpAlgo bcommericalversion=1, filename=/camera/watermark/dm.argb, tstart=7, tcount=25, path=/data/cust/camera/watermark/dm.argb, access=0, ret=-1
01-02 13:14:44.224 1209 1209 I HwaUtils: [8932ef2_64I] DMWaterMarkPpAlgo bcommericalversion=1, filename=/camera/watermark/dm.argb, tstart=6, tcount=26, path=/hw_oem/camera/watermark/dm.argb, access=0, ret=-1
01-02 13:14:44.224 1209 1209 I HwaUtils: [8932ef2_64I] DMWaterMarkPpAlgo bcommericalversion=1, filename=/camera/watermark/dm.argb, tstart=5, tcount=27, path=/hw_odm/camera/watermark/dm.argb, access=0, ret=-1
01-02 13:14:44.224 1209 1209 I HwaUtils: [8932ef2_64I] DMWaterMarkPpAlgo bcommericalversion=1, filename=/camera/watermark/dm.argb, tstart=4, tcount=28, path=/product/etc/camera/watermark/dm.argb, access=0, ret=-1
01-02 13:14:44.224 1209 1209 D HwaUtils: [8932ef2_64D] DMWaterMarkPpAlgo bcommericalversion=1, filename=/camera/watermark/dm.argb, tstart=3, tcount=29, path=/odm/etc/camera/watermark/dm.argb, access=1
01-02 13:14:44.224 1209 1209 I PPAlgoConfig: [8932ef2_64I] DMWaterMarkPpalgo watermark path is /odm/etc/camera/watermark/dm.argb
01-02 13:14:44.224 1209 1209 E HwaUtils: [8932ef2_64E] FirstLevelXmlParser() LoadFile /odm/etc/camera/misc/FullResolutionSupport.xml Failed
01-02 13:14:44.224 1209 1209 E HwaUtils: [8932ef2_64E] getAttributeValue() mFirstLevelElement Is NULL
01-02 13:14:44.224 1209 1209 I PPAlgoConfig: [8932ef2_64I] loadFullSizeSupportConfig now support fullsize CameraSence = 0
01-02 13:14:44.224 1209 1209 E HwaUtils: [8932ef2_64E] FirstLevelXmlParser() LoadFile /odm/etc/camera/portrait/VideoBokehShape.xml Failed
01-02 13:14:44.224 1209 1209 E HwaUtils: [8932ef2_64E] getAttributeString() mFirstLevelElement Is NULL
01-02 13:14:44.224 1209 1209 D IppAlgo : [HWA_CAM3]enter queryCap()
01-02 13:14:44.224 1209 1209 D AssistAF: [8932ef2_64D] enter onQueryCap()
01-02 13:14:44.224 1209 1209 I HwaUtils: [8932ef2_64I] getOneCfgFile() path=/odm/etc/camera/mmi//config.xml
01-02 13:14:44.225 1209 1209 I AssistAF: [8932ef2_64I] queryMMICapability() testList=DEPTH,PDAF, cameraId is 0
01-02 13:14:44.209 1466 1466 W chmod : type=1400 audit(0.0:193): avc: denied { sys_admin } for capability=21 scontext=u:r:hi110x_daemon:s0 tcontext=u:r:hi110x_daemon:s0 tclass=capability permissive=0
01-02 13:14:44.225 1209 1209 E AssistAF: [8932ef2_64E] queryMMICapability() get test2list fail
01-02 13:14:44.225 1209 1209 I AssistAF: [8932ef2_64I] loadHdcExConfig , multiCameraMode = 0
01-02 13:14:44.225 1209 1209 I HwaUtils: [8932ef2_64I] getOneCfgFile() path=/odm/etc/camera/hdccalib//
01-02 13:14:44.225 1368 1400 E audio_utils: get_para_config_path:final path length is zero.
01-02 13:14:44.225 1368 1400 E audio_utils: get_final_audio_param_path:get audio/mic/LELAND_microphone_configs.xml failed.
01-02 13:14:44.226 1368 1400 I audio_hw_primary: call_get_sample_rate: sample_rate = 16000, tty_status = 0
01-02 13:14:44.226 1368 1400 I audio_hw_primary: call_get_sample_rate: sample_rate = 16000, tty_status = 0
01-02 13:14:44.226 1209 1209 I HwaUtils: [8932ef2_64I] getOneCfgFile() path=/odm/etc/camera/hdccalib//hw_calib_setting.xml
01-02 13:14:44.226 1368 1400 I audio_hw_primary: property not get...:wakeup scene
01-02 13:14:44.226 1209 1209 D AssistAF: [8932ef2_64D] loadExHdcConfigPath(),failed to get hdc ConfigPath, use default path : /odm/etc/camera/hdccalib//hw_calib_setting.xml
01-02 13:14:44.226 1209 1209 I AssistAF: [8932ef2_64I] loadHdcExConfig() Hdc capture delay value=0, af mode =0
01-02 13:14:44.227 1209 1209 E HwaUtils: [8932ef2_64E] getConfigPath Can't Open config pathResult file!use default pathResult: /odm/etc/camera/ircamera/device.config
01-02 13:14:44.227 1209 1209 W AssistAF: [8932ef2_64W] loadIrcCaptureDelayConfig(), failed to get irc ConfigPath, use default path : /odm/etc/camera/ircamera/hw_ircamera_setting.xml
01-02 13:14:44.227 1209 1209 D ContrastCalculate: [8932ef2_64D] enter onQueryCap()
01-02 13:14:44.227 1209 1209 D AgeGender: [8932ef2_64D] enter onQueryCap()
01-02 13:14:44.227 1209 1209 D IppAlgo : [HWA_CAM3]enter queryCap()
01-02 13:14:44.227 1209 1209 I CameraDaemon: getTotalMemoryFromDDRInfo, buffer = 0x301
01-02 13:14:44.227 1209 1209 I CameraDaemon: , len = 6
01-02 13:14:44.227 1209 1209 I CameraDaemon: [getTotalMemoryFromDDRInfo] total memory =3145728KB
01-02 13:14:44.227 1209 1209 I HwaUtils: [8932ef2_64I] getProductExtendName() path=LELAND
01-02 13:14:44.227 1209 1209 I HwaUtils: [8932ef2_64I] getOneCfgFile() path=/odm/etc/camera/portrait/portraitModeConfig.xml
01-02 13:14:44.227 1209 1209 D HwaUtils: [8932ef2_64D] getDefaultBokehMode: defaultBokehModePath=/odm/etc/camera/portrait/cap/, final file path = /odm/etc/camera/portrait/portraitModeConfig.xml
01-02 13:14:44.227 1209 1209 D HwaUtils: [8932ef2_64D] now CAMERA_BACK get defaultBokehMode = -1
01-02 13:14:44.227 1209 1209 D NiceFoodIppAlgo: [8932ef2_64D] enter onQueryCap()
01-02 13:14:44.228 1209 1209 I HwaUtils: [8932ef2_64I] getOneCfgFile() path=/odm/etc/camera/portrait/portraitModeConfig.xml
01-02 13:14:44.228 1209 1209 I HwaUtils: [8932ef2_64I] isPortaitSupported() mPortraitModeEnalbe =1
01-02 13:14:44.228 1209 1209 I HwBeautyIpp: [8932ef2_64I] onQueryCap: get aishaping support=0
01-02 13:14:44.228 1209 1209 D IppAlgo : [HWA_CAM3]enter queryCap()
01-02 13:14:44.228 1209 1209 D IppAlgo : [HWA_CAM3]enter queryCap()
01-02 13:14:44.228 1209 1209 D IppAlgo : [HWA_CAM3]enter queryCap()
01-02 13:14:44.228 1209 1209 D IppAlgo : [HWA_CAM3]enter queryCap()
01-02 13:14:44.228 1209 1209 D IppAlgo : [HWA_CAM3]enter queryCap()
01-02 13:14:44.228 1209 1209 D IppAlgo : [HWA_CAM3]enter queryCap()
01-02 13:14:44.228 1209 1209 D IppAlgo : [HWA_CAM3]enter queryCap()
01-02 13:14:44.228 1209 1209 I AlgoFilterManager: [HWA_CAM3]enter queryCapability()digitalzoom supported
01-02 13:14:44.228 1209 1209 D AlgoFilterManager: [HWA_CAM3]enter queryCapability() facing 1, mPipeLineId=0
01-02 13:14:44.228 1209 1209 I AlgoFilterManager: [HWA_CAM3]enter queryCapability() pre shutter supported
01-02 13:14:44.228 1209 1209 I AlgoFilterManager: [HWA_CAM3]enter queryCapability() DM watermark supported
01-02 13:14:44.228 1209 1209 I AlgoFilterManager: [HWA_CAM3]enter queryCapability() Jpghdr supported = 1
01-02 13:14:44.228 1209 1209 I AlgoFilterManager: [HWA_CAM3]enter queryCapability()digitalzoom supported
01-02 13:14:44.228 1209 1209 D AlgoFilterManager: [HWA_CAM3]enter queryCapability() facing 1, mPipeLineId=0
01-02 13:14:44.228 1209 1209 I AlgoFilterManager: [HWA_CAM3]enter queryCapability() pre shutter supported
01-02 13:14:44.228 1209 1209 I AlgoFilterManager: [HWA_CAM3]enter queryCapability() DM watermark supported
01-02 13:14:44.228 1209 1209 I AlgoFilterManager: [HWA_CAM3]enter queryCapability() Jpghdr supported = 1
01-02 13:14:44.228 1209 1209 I AlgoFilterManager: [HWA_CAM3]enter queryCapability() LCD Flash Status supported
01-02 13:14:44.228 1209 1209 I AlgoFilterManager: [HWA_CAM3]enter queryCapability() bshutter and manual AE supported
01-02 13:14:44.228 1209 1209 I AlgoFilterManager: [HWA_CAM3]enter queryCapability() feature=DEPTH,PDAF
01-02 13:14:44.228 1368 1400 I audio_hw_primary: visualizer_init: DLOPEN successful for /vendor/lib64/soundfx/liboffloadvisualizer.so
01-02 13:14:44.228 1209 1209 I AlgoFilterManager: [HWA_CAM3] queryCapability() Frontgesture supported, value=1, cap.value=1
01-02 13:14:44.228 1209 1209 I AlgoFilterManager: [HWA_CAM3]queryCapability(): tofSupported = 0, bigApertureSupported = 1
01-02 13:14:44.228 1209 1209 I AlgoFilterManager: [HWA_CAM3]enter queryCapability() nicefood supported
01-02 13:14:44.228 1209 1209 I AlgoFilterManager: [HWA_CAM3]enter queryCapability() portrait mode supported
01-02 13:14:44.228 1368 1400 I cust_interface: cust_open: enter
01-02 13:14:44.228 1368 1400 I cust_interface: cust_open:
01-02 13:14:44.228 1209 1209 I ImagingSystem: getFilterManager enter
01-02 13:14:44.228 1368 1400 I cust_interface: cust_open: audio cust file name is libaudio_custom.so
01-02 13:14:44.228 1209 1209 I ImagingSystem: createPipeline(48).
01-02 13:14:44.230 1209 1209 I ImagingSystem: queryCapability apiVersion = 770
01-02 13:14:44.230 1209 1209 D ImagingSystem: [huawei_memory]queryCapability(789). nMaxUsableRAM(1363148)
01-02 13:14:44.230 1209 1209 I ImagingSystem: queryCapability mapBufferVendorCapExt = 0x3, mapBufferCutSize=0x6600000
01-02 13:14:44.230 1209 1209 I CfgServer: create pipeline ok(/dev/video2).
01-02 13:14:44.230 1209 1209 W SensorStage: getDeviceFilterManager: failed to find sensor device node(4).
01-02 13:14:44.230 1209 1209 I CfgServer: createCameraPipeline: no pipeline 4
01-02 13:14:44.233 1368 1400 W linker : Warning: "/vendor/lib64/libaudio_custom.so" unused DT entry: DT_RPATH (type 0xf arg 0x4c9) (ignoring)
01-02 13:14:44.233 1209 1209 I OisController: queryShakeNV : read gyro nv offsetx=0 offsety=0
01-02 13:14:44.233 1209 1209 I CameraDaemon: enter df_load_config()
01-02 13:14:44.234 1209 1209 I CameraDaemon: df_load_config: can't open file(/odm/etc/camera/dflash/config.txt), we use default config params
01-02 13:14:44.234 1209 1209 I FLashInfoProcess: enter queryCapability() dual flash capture num supported = 8
01-02 13:14:44.234 1209 1209 I SensorSpecKit: enter queryCapability m_nIndex = 1
01-02 13:14:44.234 1209 1209 I SensorSpecKit: queryCapabilityApi2(383): instance[0x71f8c613d0] api2.
01-02 13:14:44.234 1209 1209 I SensorSpecKit: enter queryCapability m_nIndex = 1
01-02 13:14:44.234 1209 1209 I SensorSpecKit: queryCapabilityApi2(383): instance[0x71f8c613d0] api2.
01-02 13:14:44.234 1209 1209 W SensorStage: getFilterManager: failed to find sensor device node(4).
01-02 13:14:44.234 1209 1209 W SensorManager: specQueryCapability: failed to get sensor module
01-02 13:14:44.234 1209 1209 I SensorSpecKit: enter queryCapability m_nIndex = 3
01-02 13:14:44.234 1209 1209 I SensorSpecKit: queryCapabilityApi2(383): instance[0x7219daa038] api2.
01-02 13:14:44.234 1209 1209 I ImagingSystem: enter queryCapability(166)
01-02 13:14:44.234 1209 1209 I HispManager: enter queryCapability(4662)
01-02 13:14:44.234 1209 1209 I ImagingSystem: queryCapability set JpegMaxSize=15728640
01-02 13:14:44.234 1209 1209 D AlgoFilterStage: [HWA_CAM3]STAGELIFECTRL enter getAndCreatePluginOrCreateOne(), pipeline id=1
01-02 13:14:44.234 1209 1209 D IppAlgo : [HWA_CAM3]ipp=StatIpp KEY_CA_CAM3 PREV exit IppAlgo this=0x7487e7a830
01-02 13:14:44.234 1209 1209 D IppFrameAllocatorImpl: [HWA_CAM3]this=0x7487e7a8e0, enter IppFrameAllocatorImpl()
01-02 13:14:44.234 1209 1209 D IppFrameCallbackImpl: [HWA_CAM3]enter IppFrameCallbackImpl()
01-02 13:14:44.234 1209 1209 D IppAlgo : [HWA_CAM3]ipp=PostIpp KEY_CA_CAM3 PREV exit IppAlgo this=0x7487e7abf0
01-02 13:14:44.234 1209 1209 D IppFrameAllocatorImpl: [HWA_CAM3]this=0x7487e7aca0, enter IppFrameAllocatorImpl()
01-02 13:14:44.234 1209 1209 D IppAlgo : [HWA_CAM3]ipp=DmapIpp KEY_CA_CAM3 PREV exit IppAlgo this=0x7487e7afa8
01-02 13:14:44.234 1209 1209 D IppFrameAllocatorImpl: [HWA_CAM3]this=0x7487e7b058, enter IppFrameAllocatorImpl()
01-02 13:14:44.234 1209 1209 D IppAlgo : [HWA_CAM3]ipp=IrIpp KEY_CA_CAM3 PREV exit IppAlgo this=0x7487e7b358
01-02 13:14:44.234 1209 1209 D IrIppFrameAllocatorImpl: [HWA_CAM3]this=0x7487e7b408, enter IrIppFrameAllocatorImpl()
01-02 13:14:44.234 1209 1209 D IppAlgo : [HWA_CAM3]ipp=IrIpp KEY_CA_CAM3 PREV exit IppAlgo this=0x7487e7b6d0
01-02 13:14:44.234 1209 1209 D IrIppFrameAllocatorImpl: [HWA_CAM3]this=0x7487e7b780, enter IrIppFrameAllocatorImpl()
01-02 13:14:44.234 1209 1209 D IppFrameCallbackImpl: [HWA_CAM3]enter IppFrameCallbackImpl()
01-02 13:14:44.234 1209 1209 D IppAlgo : [HWA_CAM3]ipp=IrIpp KEY_CA_CAM3 PREV exit IppAlgo this=0x7487e7ba58
01-02 13:14:44.234 1209 1209 D IrIppFrameAllocatorImpl: [HWA_CAM3]this=0x7487e7bb08, enter IrIppFrameAllocatorImpl()
01-02 13:14:44.234 1209 1209 D IppAlgo : [HWA_CAM3]ipp=TofIpp KEY_CA_CAM3 PREV exit IppAlgo this=0x7487e7bdd0
01-02 13:14:44.234 1209 1209 D IppFrameAllocatorImpl: [HWA_CAM3]this=0x7487e7be80, enter IppFrameAllocatorImpl()
01-02 13:14:44.234 1209 1209 D IppAlgo : [HWA_CAM3]ipp=PreviewVideoIpp KEY_CA_CAM3 PREV exit IppAlgo this=0x7487e7c180
01-02 13:14:44.234 1209 1209 D IppFrameAllocatorImpl: [HWA_CAM3]this=0x7487e7c230, enter IppFrameAllocatorImpl()
01-02 13:14:44.234 1209 1209 D IppFrameCallbackImpl: [HWA_CAM3]enter IppFrameCallbackImpl()
01-02 13:14:44.234 1209 1209 D IppAlgo : [HWA_CAM3]ipp=RecordVideoIpp KEY_CA_CAM3 PREV exit IppAlgo this=0x7487e7c540
01-02 13:14:44.234 1209 1209 D IppFrameAllocatorImpl: [HWA_CAM3]this=0x7487e7c5f0, enter IppFrameAllocatorImpl()
01-02 13:14:44.234 1209 1209 D IppFrameCallbackImpl: [HWA_CAM3]enter IppFrameCallbackImpl()
01-02 13:14:44.234 1209 1209 D PpFrameCallbackImpl: [HWA_CAM3]enter PpFrameCallbackImpl()
01-02 13:14:44.234 1209 1209 D PpMemStatListenerImpl: [HWA_CAM3]enter PpMemStatListenerImpl()
01-02 13:14:44.234 1209 1209 D PpAlgo : [HWA_CAM3]algo=PostPp post=1 KEY_CA_CAM3 SNAP enter PpAlgo
