01-02 13:14:52.359 1186 1186 W binder:1186_1: type=1400 audit(0.0:623): avc: denied { getattr } for scontext=u:r:installd:s0 tcontext=u:r:system_server:s0 tclass=process permissive=0
01-02 13:14:52.369 1186 1193 W cutils : Expected path /data/data/com.google.android.gms with mode 700 but found 711
01-02 13:14:52.370 1586 1586 D EthernetTracker: Interface match regexp set to 'eth\d'
01-02 13:14:52.371 1186 1193 W cutils : Expected path /data/user_de/0/com.google.android.gms with mode 700 but found 711
01-02 13:14:52.359 1186 1186 W binder:1186_1: type=1400 audit(0.0:624): avc: denied { getattr } for scontext=u:r:installd:s0 tcontext=u:r:system_server:s0 tclass=process permissive=0
01-02 13:14:52.359 1186 1186 W binder:1186_1: type=1400 audit(0.0:625): avc: denied { getattr } for scontext=u:r:installd:s0 tcontext=u:r:system_server:s0 tclass=process permissive=0
01-02 13:14:52.374 1177 1177 I zygote : Thread[1,tid=1177,Native,Thread*=0xddd80010,peer=0x12d003b0,"main"] recursive attempt to load library "librtp_jni.so"
01-02 13:14:52.376 1586 1586 D ConnectivityService: ConnectivityService starting up
01-02 13:14:52.369 1186 1186 W binder:1186_1: type=1400 audit(0.0:626): avc: denied { getattr } for scontext=u:r:installd:s0 tcontext=u:r:system_server:s0 tclass=process permissive=0
01-02 13:14:52.369 1186 1186 W binder:1186_1: type=1400 audit(0.0:627): avc: denied { getattr } for scontext=u:r:installd:s0 tcontext=u:r:system_server:s0 tclass=process permissive=0
01-02 13:14:52.369 1186 1186 W binder:1186_1: type=1400 audit(0.0:628): avc: denied { getattr } for scontext=u:r:installd:s0 tcontext=u:r:system_server:s0 tclass=process permissive=0
01-02 13:14:52.369 1186 1186 W binder:1186_1: type=1400 audit(0.0:629): avc: denied { getattr } for scontext=u:r:installd:s0 tcontext=u:r:system_server:s0 tclass=process permissive=0
01-02 13:14:52.379 1186 1186 W binder:1186_1: type=1400 audit(0.0:630): avc: denied { getattr } for scontext=u:r:installd:s0 tcontext=u:r:system_server:s0 tclass=process permissive=0
01-02 13:14:52.379 1186 1186 W binder:1186_1: type=1400 audit(0.0:631): avc: denied { getattr } for scontext=u:r:installd:s0 tcontext=u:r:system_server:s0 tclass=process permissive=0
01-02 13:14:52.379 1186 1186 W binder:1186_1: type=1400 audit(0.0:632): avc: denied { getattr } for scontext=u:r:installd:s0 tcontext=u:r:system_server:s0 tclass=process permissive=0
01-02 13:14:52.379 1186 1186 W binder:1186_1: type=1400 audit(0.0:633): avc: denied { getattr } for scontext=u:r:installd:s0 tcontext=u:r:system_server:s0 tclass=process permissive=0
01-02 13:14:52.379 1186 1186 W binder:1186_1: type=1400 audit(0.0:634): avc: denied { getattr } for scontext=u:r:installd:s0 tcontext=u:r:system_server:s0 tclass=process permissive=0
01-02 13:14:52.389 1186 1186 W binder:1186_1: type=1400 audit(0.0:635): avc: denied { getattr } for scontext=u:r:installd:s0 tcontext=u:r:system_server:s0 tclass=process permissive=0
01-02 13:14:52.389 1186 1186 W binder:1186_1: type=1400 audit(0.0:636): avc: denied { getattr } for scontext=u:r:installd:s0 tcontext=u:r:system_server:s0 tclass=process permissive=0
01-02 13:14:52.389 1186 1186 W binder:1186_1: type=1400 audit(0.0:637): avc: denied { getattr } for scontext=u:r:installd:s0 tcontext=u:r:system_server:s0 tclass=process permissive=0
01-02 13:14:52.399 1186 1186 W binder:1186_1: type=1400 audit(0.0:638): avc: denied { getattr } for scontext=u:r:installd:s0 tcontext=u:r:system_server:s0 tclass=process permissive=0
01-02 13:14:52.399 1186 1186 W binder:1186_1: type=1400 audit(0.0:639): avc: denied { getattr } for scontext=u:r:installd:s0 tcontext=u:r:system_server:s0 tclass=process permissive=0
01-02 13:14:52.409 1586 1586 D CompatibilityChangeReporter: Compat change id reported: 182478738; UID 1000; state: ENABLED
01-02 13:14:52.399 1186 1186 W binder:1186_1: type=1400 audit(0.0:640): avc: denied { getattr } for scontext=u:r:installd:s0 tcontext=u:r:system_server:s0 tclass=process permissive=0
01-02 13:14:52.399 1186 1186 W binder:1186_1: type=1400 audit(0.0:641): avc: denied { getattr } for scontext=u:r:installd:s0 tcontext=u:r:system_server:s0 tclass=process permissive=0
01-02 13:14:52.399 1186 1186 W binder:1186_1: type=1400 audit(0.0:642): avc: denied { getattr } for scontext=u:r:installd:s0 tcontext=u:r:system_server:s0 tclass=process permissive=0
01-02 13:14:52.409 1186 1186 W binder:1186_1: type=1400 audit(0.0:643): avc: denied { getattr } for scontext=u:r:installd:s0 tcontext=u:r:system_server:s0 tclass=process permissive=0
01-02 13:14:52.409 1186 1186 W binder:1186_1: type=1400 audit(0.0:644): avc: denied { getattr } for scontext=u:r:installd:s0 tcontext=u:r:system_server:s0 tclass=process permissive=0
01-02 13:14:52.409 1186 1186 W binder:1186_1: type=1400 audit(0.0:645): avc: denied { getattr } for scontext=u:r:installd:s0 tcontext=u:r:system_server:s0 tclass=process permissive=0
01-02 13:14:52.424 1586 1586 D ConnectivityServiceInitializer: Unable to get ConnectivityNative service
01-02 13:14:52.424 1586 1586 D ConnectivityServiceInitializer: java.lang.UnsupportedOperationException: Unable to attach to BPF_CGROUP_INET4_BIND: java.io.IOException: Failed to retrieve bpf program from /sys/fs/bpf/net_shared/prog_block_bind4_block_port: No such file or directory
01-02 13:14:52.424 1586 1586 D ConnectivityServiceInitializer: at com.android.server.connectivity.ConnectivityNativeService.attachProgram(ConnectivityNativeService.java:166)
01-02 13:14:52.424 1586 1586 D ConnectivityServiceInitializer: at com.android.server.connectivity.ConnectivityNativeService.(ConnectivityNativeService.java:98)
01-02 13:14:52.424 1586 1586 D ConnectivityServiceInitializer: at com.android.server.connectivity.ConnectivityNativeService.(ConnectivityNativeService.java:91)
01-02 13:14:52.424 1586 1586 D ConnectivityServiceInitializer: at com.android.server.ConnectivityServiceInitializer.createConnectivityNativeService(ConnectivityServiceInitializer.java:116)
01-02 13:14:52.424 1586 1586 D ConnectivityServiceInitializer: at com.android.server.ConnectivityServiceInitializer.(ConnectivityServiceInitializer.java:49)
01-02 13:14:52.424 1586 1586 D ConnectivityServiceInitializer: at java.lang.reflect.Constructor.newInstance0(Native Method)
01-02 13:14:52.424 1586 1586 D ConnectivityServiceInitializer: at java.lang.reflect.Constructor.newInstance(Constructor.java:343)
01-02 13:14:52.424 1586 1586 D ConnectivityServiceInitializer: at com.android.server.SystemServiceManager.startService(SystemServiceManager.java:221)
01-02 13:14:52.424 1586 1586 D ConnectivityServiceInitializer: at com.android.server.SystemServiceManager.startServiceFromJar(SystemServiceManager.java:159)
01-02 13:14:52.424 1586 1586 D ConnectivityServiceInitializer: at com.android.server.SystemServer.startOtherServices(SystemServer.java:2003)
01-02 13:14:52.424 1586 1586 D ConnectivityServiceInitializer: at com.android.server.SystemServer.run(SystemServer.java:937)
01-02 13:14:52.424 1586 1586 D ConnectivityServiceInitializer: at com.android.server.SystemServer.main(SystemServer.java:647)
01-02 13:14:52.424 1586 1586 D ConnectivityServiceInitializer: at java.lang.reflect.Method.invoke(Native Method)
01-02 13:14:52.424 1586 1586 D ConnectivityServiceInitializer: at com.android.internal.os.RuntimeInit$MethodAndArgsCaller.run(RuntimeInit.java:548)
01-02 13:14:52.424 1586 1586 D ConnectivityServiceInitializer: at com.android.internal.os.ZygoteInit.main(ZygoteInit.java:914)
01-02 13:14:52.409 1186 1186 W binder:1186_1: type=1400 audit(0.0:646): avc: denied { getattr } for scontext=u:r:installd:s0 tcontext=u:r:system_server:s0 tclass=process permissive=0
01-02 13:14:52.409 1186 1186 W binder:1186_1: type=1400 audit(0.0:647): avc: denied { getattr } for scontext=u:r:installd:s0 tcontext=u:r:system_server:s0 tclass=process permissive=0
01-02 13:14:52.419 1186 1186 W binder:1186_1: type=1400 audit(0.0:648): avc: denied { getattr } for scontext=u:r:installd:s0 tcontext=u:r:system_server:s0 tclass=process permissive=0
01-02 13:14:52.419 1186 1186 W binder:1186_1: type=1400 audit(0.0:649): avc: denied { getattr } for scontext=u:r:installd:s0 tcontext=u:r:system_server:s0 tclass=process permissive=0
01-02 13:14:52.431 1175 1182 I adbd : opening control endpoint /dev/usb-ffs/adb/ep0
01-02 13:14:52.433 1175 1182 I adbd : UsbFfsConnection constructed
01-02 13:14:52.434 1175 1704 I adbd : UsbFfs-monitor thread spawned
01-02 13:14:52.419 1186 1186 W binder:1186_1: type=1400 audit(0.0:650): avc: denied { getattr } for scontext=u:r:installd:s0 tcontext=u:r:system_server:s0 tclass=process permissive=0
01-02 13:14:52.419 1186 1186 W binder:1186_1: type=1400 audit(0.0:651): avc: denied { getattr } for scontext=u:r:installd:s0 tcontext=u:r:system_server:s0 tclass=process permissive=0
01-02 13:14:52.429 1186 1186 W binder:1186_1: type=1400 audit(0.0:652): avc: denied { getattr } for scontext=u:r:installd:s0 tcontext=u:r:system_server:s0 tclass=process permissive=0
01-02 13:14:52.429 1186 1186 W binder:1186_1: type=1400 audit(0.0:653): avc: denied { getattr } for scontext=u:r:installd:s0 tcontext=u:r:system_server:s0 tclass=process permissive=0
01-02 13:14:52.429 1186 1186 W binder:1186_1: type=1400 audit(0.0:654): avc: denied { getattr } for scontext=u:r:installd:s0 tcontext=u:r:system_server:s0 tclass=process permissive=0
01-02 13:14:52.429 1186 1186 W binder:1186_1: type=1400 audit(0.0:655): avc: denied { getattr } for scontext=u:r:installd:s0 tcontext=u:r:system_server:s0 tclass=process permissive=0
01-02 13:14:52.445 1586 1586 W UnsafeUtil: platform method missing - proto runtime falling back to safer methods: java.lang.NoSuchMethodException: sun.misc.Unsafe.copyMemory [class java.lang.Object, long, class java.lang.Object, long, long]
01-02 13:14:52.446 1586 1586 I ConnectivityServiceInitializer: Registering ethernet
01-02 13:14:52.447 1586 1586 I ConnectivityServiceInitializer: Registering connectivity
01-02 13:14:52.439 1186 1186 W binder:1186_1: type=1400 audit(0.0:656): avc: denied { getattr } for scontext=u:r:installd:s0 tcontext=u:r:system_server:s0 tclass=process permissive=0
01-02 13:14:52.439 1186 1186 W binder:1186_1: type=1400 audit(0.0:657): avc: denied { getattr } for scontext=u:r:installd:s0 tcontext=u:r:system_server:s0 tclass=process permissive=0
01-02 13:14:52.448 1586 1586 I ConnectivityServiceInitializer: Registering ipsec
01-02 13:14:52.449 1586 1586 I ConnectivityServiceInitializer: Registering servicediscovery
01-02 13:14:52.450 1586 1586 I ConnectivityServiceInitializer: Registering nearby
01-02 13:14:52.439 1186 1186 W binder:1186_1: type=1400 audit(0.0:658): avc: denied { getattr } for scontext=u:r:installd:s0 tcontext=u:r:system_server:s0 tclass=process permissive=0
01-02 13:14:52.439 1186 1186 W binder:1186_1: type=1400 audit(0.0:659): avc: denied { getattr } for scontext=u:r:installd:s0 tcontext=u:r:system_server:s0 tclass=process permissive=0
01-02 13:14:52.452 1586 1586 D SystemServerTiming: StartVpnManagerService
01-02 13:14:52.439 1186 1186 W binder:1186_1: type=1400 audit(0.0:660): avc: denied { getattr } for scontext=u:r:installd:s0 tcontext=u:r:system_server:s0 tclass=process permissive=0
01-02 13:14:52.439 1186 1186 W binder:1186_1: type=1400 audit(0.0:661): avc: denied { getattr } for scontext=u:r:installd:s0 tcontext=u:r:system_server:s0 tclass=process permissive=0
01-02 13:14:52.456 1586 1586 D VpnManagerService: VpnManagerService starting up
01-02 13:14:52.458 1586 1586 D SystemServerTiming: StartVcnManagementService
01-02 13:14:52.449 1186 1186 W binder:1186_1: type=1400 audit(0.0:662): avc: denied { getattr } for scontext=u:r:installd:s0 tcontext=u:r:system_server:s0 tclass=process permissive=0
01-02 13:14:52.449 1186 1186 W binder:1186_1: type=1400 audit(0.0:663): avc: denied { getattr } for scontext=u:r:installd:s0 tcontext=u:r:system_server:s0 tclass=process permissive=0
01-02 13:14:52.463 1586 1586 D SystemServerTiming: StartSystemUpdateManagerService
01-02 13:14:52.464 1586 1586 I SystemUpdateManagerService: No existing info file /data/system/system-update-info.xml
01-02 13:14:52.449 1186 1186 W binder:1186_1: type=1400 audit(0.0:664): avc: denied { getattr } for scontext=u:r:installd:s0 tcontext=u:r:system_server:s0 tclass=process permissive=0
01-02 13:14:52.449 1186 1186 W binder:1186_1: type=1400 audit(0.0:665): avc: denied { getattr } for scontext=u:r:installd:s0 tcontext=u:r:system_server:s0 tclass=process permissive=0
01-02 13:14:52.465 1586 1586 D SystemServerTiming: StartUpdateLockService
01-02 13:14:52.468 1586 1586 D SystemServerTiming: StartNotificationManager
01-02 13:14:52.468 1586 1586 I SystemServiceManager: Starting com.android.server.notification.NotificationManagerService
01-02 13:14:52.459 1186 1186 W binder:1186_1: type=1400 audit(0.0:666): avc: denied { getattr } for scontext=u:r:installd:s0 tcontext=u:r:system_server:s0 tclass=process permissive=0
01-02 13:14:52.459 1186 1186 W binder:1186_1: type=1400 audit(0.0:667): avc: denied { getattr } for scontext=u:r:installd:s0 tcontext=u:r:system_server:s0 tclass=process permissive=0
01-02 13:14:52.459 1186 1186 W binder:1186_1: type=1400 audit(0.0:668): avc: denied { getattr } for scontext=u:r:installd:s0 tcontext=u:r:system_server:s0 tclass=process permissive=0
01-02 13:14:52.459 1186 1186 W binder:1186_1: type=1400 audit(0.0:669): avc: denied { getattr } for scontext=u:r:installd:s0 tcontext=u:r:system_server:s0 tclass=process permissive=0
01-02 13:14:52.469 1186 1186 W binder:1186_1: type=1400 audit(0.0:670): avc: denied { getattr } for scontext=u:r:installd:s0 tcontext=u:r:system_server:s0 tclass=process permissive=0
01-02 13:14:52.469 1186 1186 W binder:1186_1: type=1400 audit(0.0:671): avc: denied { getattr } for scontext=u:r:installd:s0 tcontext=u:r:system_server:s0 tclass=process permissive=0
01-02 13:14:52.469 1186 1186 W binder:1186_1: type=1400 audit(0.0:672): avc: denied { getattr } for scontext=u:r:installd:s0 tcontext=u:r:system_server:s0 tclass=process permissive=0
01-02 13:14:52.469 1186 1186 W binder:1186_1: type=1400 audit(0.0:673): avc: denied { getattr } for scontext=u:r:installd:s0 tcontext=u:r:system_server:s0 tclass=process permissive=0
01-02 13:14:52.485 1586 1586 D ConditionProviders.SCP: new ScheduleConditionProvider()
01-02 13:14:52.469 1186 1186 W binder:1186_1: type=1400 audit(0.0:674): avc: denied { getattr } for scontext=u:r:installd:s0 tcontext=u:r:system_server:s0 tclass=process permissive=0
01-02 13:14:52.479 1186 1186 W binder:1186_1: type=1400 audit(0.0:675): avc: denied { getattr } for scontext=u:r:installd:s0 tcontext=u:r:system_server:s0 tclass=process permissive=0
01-02 13:14:52.479 1186 1186 W binder:1186_1: type=1400 audit(0.0:676): avc: denied { getattr } for scontext=u:r:installd:s0 tcontext=u:r:system_server:s0 tclass=process permissive=0
01-02 13:14:52.479 1186 1186 W binder:1186_1: type=1400 audit(0.0:677): avc: denied { getattr } for scontext=u:r:installd:s0 tcontext=u:r:system_server:s0 tclass=process permissive=0
01-02 13:14:52.479 1186 1186 W binder:1186_1: type=1400 audit(0.0:678): avc: denied { getattr } for scontext=u:r:installd:s0 tcontext=u:r:system_server:s0 tclass=process permissive=0
01-02 13:14:52.489 1186 1186 W binder:1186_1: type=1400 audit(0.0:679): avc: denied { getattr } for scontext=u:r:installd:s0 tcontext=u:r:system_server:s0 tclass=process permissive=0
01-02 13:14:52.489 1186 1186 W binder:1186_1: type=1400 audit(0.0:680): avc: denied { getattr } for scontext=u:r:installd:s0 tcontext=u:r:system_server:s0 tclass=process permissive=0
01-02 13:14:52.489 1186 1186 W binder:1186_1: type=1400 audit(0.0:681): avc: denied { getattr } for scontext=u:r:installd:s0 tcontext=u:r:system_server:s0 tclass=process permissive=0
01-02 13:14:52.489 1186 1186 W binder:1186_1: type=1400 audit(0.0:682): avc: denied { getattr } for scontext=u:r:installd:s0 tcontext=u:r:system_server:s0 tclass=process permissive=0
01-02 13:14:52.499 1186 1186 W binder:1186_1: type=1400 audit(0.0:683): avc: denied { getattr } for scontext=u:r:installd:s0 tcontext=u:r:system_server:s0 tclass=process permissive=0
01-02 13:14:52.508 1586 1586 E NotificationPrefHelper: createDefaultChannelIfNeededLocked - Exception: android.content.pm.PackageManager$NameNotFoundException: com.mixplorer.beta
01-02 13:14:52.499 1186 1186 W binder:1186_1: type=1400 audit(0.0:684): avc: denied { getattr } for scontext=u:r:installd:s0 tcontext=u:r:system_server:s0 tclass=process permissive=0
01-02 13:14:52.499 1186 1186 W binder:1186_1: type=1400 audit(0.0:685): avc: denied { getattr } for scontext=u:r:installd:s0 tcontext=u:r:system_server:s0 tclass=process permissive=0
01-02 13:14:52.499 1186 1186 W binder:1186_1: type=1400 audit(0.0:686): avc: denied { getattr } for scontext=u:r:installd:s0 tcontext=u:r:system_server:s0 tclass=process permissive=0
01-02 13:14:52.516 1586 1586 E NotificationPrefHelper: createDefaultChannelIfNeededLocked - Exception: android.content.pm.PackageManager$NameNotFoundException: com.huawei.camera
01-02 13:14:52.516 1586 1586 E NotificationPrefHelper: deleteDefaultChannelIfNeededLocked - Exception: android.content.pm.PackageManager$NameNotFoundException: com.huawei.camera
01-02 13:14:52.516 1586 1586 E NotificationPrefHelper: createDefaultChannelIfNeededLocked - Exception: android.content.pm.PackageManager$NameNotFoundException: sh.siava.AOSPMods
01-02 13:14:52.509 1186 1186 W binder:1186_1: type=1400 audit(0.0:687): avc: denied { getattr } for scontext=u:r:installd:s0 tcontext=u:r:system_server:s0 tclass=process permissive=0
01-02 13:14:52.518 1586 1586 E NotificationPrefHelper: createDefaultChannelIfNeededLocked - Exception: android.content.pm.PackageManager$NameNotFoundException: sh.siava.AOSPMods
01-02 13:14:52.509 1186 1186 W binder:1186_1: type=1400 audit(0.0:688): avc: denied { getattr } for scontext=u:r:installd:s0 tcontext=u:r:system_server:s0 tclass=process permissive=0
01-02 13:14:52.509 1186 1186 W binder:1186_1: type=1400 audit(0.0:689): avc: denied { getattr } for scontext=u:r:installd:s0 tcontext=u:r:system_server:s0 tclass=process permissive=0
01-02 13:14:52.509 1186 1186 W binder:1186_1: type=1400 audit(0.0:690): avc: denied { getattr } for scontext=u:r:installd:s0 tcontext=u:r:system_server:s0 tclass=process permissive=0
01-02 13:14:52.519 1186 1186 W binder:1186_1: type=1400 audit(0.0:691): avc: denied { getattr } for scontext=u:r:installd:s0 tcontext=u:r:system_server:s0 tclass=process permissive=0
01-02 13:14:52.519 1186 1186 W binder:1186_1: type=1400 audit(0.0:692): avc: denied { getattr } for scontext=u:r:installd:s0 tcontext=u:r:system_server:s0 tclass=process permissive=0
01-02 13:14:52.519 1186 1186 W binder:1186_1: type=1400 audit(0.0:693): avc: denied { getattr } for scontext=u:r:installd:s0 tcontext=u:r:system_server:s0 tclass=process permissive=0
01-02 13:14:52.519 1186 1186 W binder:1186_1: type=1400 audit(0.0:694): avc: denied { getattr } for scontext=u:r:installd:s0 tcontext=u:r:system_server:s0 tclass=process permissive=0
01-02 13:14:52.534 1586 1586 I NotificationListeners: Read notification listener permissions from xml
01-02 13:14:52.534 1586 1586 I NotificationAssistants: Read notification assistant permissions from xml
01-02 13:14:52.534 1586 1586 I ConditionProviders: Read condition provider permissions from xml
01-02 13:14:52.534 1586 1586 I ConditionProviders: Read condition provider permissions from xml
01-02 13:14:52.535 1586 1586 D NotificationAssistants: Approving default notification assistant for user 0
01-02 13:14:52.535 1586 1586 I ConditionProviders: Allowing condition provider android.ext.services/android.ext.services.notification.Assistant (userSet: true)
01-02 13:14:52.519 1186 1186 W binder:1186_1: type=1400 audit(0.0:695): avc: denied { getattr } for scontext=u:r:installd:s0 tcontext=u:r:system_server:s0 tclass=process permissive=0
01-02 13:14:52.529 1186 1186 W binder:1186_1: type=1400 audit(0.0:696): avc: denied { getattr } for scontext=u:r:installd:s0 tcontext=u:r:system_server:s0 tclass=process permissive=0
01-02 13:14:52.540 1586 1586 D CompatibilityChangeReporter: Compat change id reported: 147600208; UID 1000; state: ENABLED
01-02 13:14:52.529 1186 1186 W binder:1186_1: type=1400 audit(0.0:697): avc: denied { getattr } for scontext=u:r:installd:s0 tcontext=u:r:system_server:s0 tclass=process permissive=0
01-02 13:14:52.542 1586 1586 D CompatibilityChangeReporter: Compat change id reported: 157233955; UID 1000; state: ENABLED
01-02 13:14:52.529 1186 1186 W binder:1186_1: type=1400 audit(0.0:698): avc: denied { getattr } for scontext=u:r:installd:s0 tcontext=u:r:system_server:s0 tclass=process permissive=0
01-02 13:14:52.545 1586 1586 W SystemServiceManager: Service com.android.server.notification.NotificationManagerService took 75 ms in onStart
01-02 13:14:52.529 1186 1186 W binder:1186_1: type=1400 audit(0.0:699): avc: denied { getattr } for scontext=u:r:installd:s0 tcontext=u:r:system_server:s0 tclass=process permissive=0
01-02 13:14:52.529 1186 1186 W binder:1186_1: type=1400 audit(0.0:700): avc: denied { getattr } for scontext=u:r:installd:s0 tcontext=u:r:system_server:s0 tclass=process permissive=0
01-02 13:14:52.539 1186 1186 W binder:1186_1: type=1400 audit(0.0:701): avc: denied { getattr } for scontext=u:r:installd:s0 tcontext=u:r:system_server:s0 tclass=process permissive=0
01-02 13:14:52.539 1186 1186 W binder:1186_1: type=1400 audit(0.0:702): avc: denied { getattr } for scontext=u:r:installd:s0 tcontext=u:r:system_server:s0 tclass=process permissive=0
01-02 13:14:52.551 1586 1586 D SystemServerTiming: StartDeviceMonitor
01-02 13:14:52.551 1586 1586 I SystemServiceManager: Starting com.android.server.storage.DeviceStorageMonitorService
01-02 13:14:52.554 1586 1586 D SystemServerTiming: StartLocationManagerService
01-02 13:14:52.554 1586 1586 I SystemServiceManager: Starting com.android.server.location.LocationManagerService$Lifecycle
01-02 13:14:52.539 1186 1186 W binder:1186_1: type=1400 audit(0.0:703): avc: denied { getattr } for scontext=u:r:installd:s0 tcontext=u:r:system_server:s0 tclass=process permissive=0
01-02 13:14:52.539 1186 1186 W binder:1186_1: type=1400 audit(0.0:704): avc: denied { getattr } for scontext=u:r:installd:s0 tcontext=u:r:system_server:s0 tclass=process permissive=0
01-02 13:14:52.549 1186 1186 W binder:1186_1: type=1400 audit(0.0:705): avc: denied { getattr } for scontext=u:r:installd:s0 tcontext=u:r:system_server:s0 tclass=process permissive=0
01-02 13:14:52.560 1586 1586 D SystemServerTiming: StartCountryDetectorService
01-02 13:14:52.549 1186 1186 W binder:1186_1: type=1400 audit(0.0:706): avc: denied { getattr } for scontext=u:r:installd:s0 tcontext=u:r:system_server:s0 tclass=process permissive=0
01-02 13:14:52.561 1586 1586 D SystemServerTiming: StartTimeDetectorService
01-02 13:14:52.561 1586 1586 I SystemServiceManager: Starting com.android.server.timedetector.TimeDetectorService$Lifecycle
01-02 13:14:52.549 1186 1186 W binder:1186_1: type=1400 audit(0.0:707): avc: denied { getattr } for scontext=u:r:installd:s0 tcontext=u:r:system_server:s0 tclass=process permissive=0
01-02 13:14:52.564 1586 1586 D SystemServerTiming: StartTimeZoneDetectorService
01-02 13:14:52.565 1586 1586 I SystemServiceManager: Starting com.android.server.timezonedetector.TimeZoneDetectorService$Lifecycle
01-02 13:14:52.549 1186 1186 W binder:1186_1: type=1400 audit(0.0:708): avc: denied { getattr } for scontext=u:r:installd:s0 tcontext=u:r:system_server:s0 tclass=process permissive=0
01-02 13:14:52.559 1186 1186 W binder:1186_1: type=1400 audit(0.0:709): avc: denied { getattr } for scontext=u:r:installd:s0 tcontext=u:r:system_server:s0 tclass=process permissive=0
01-02 13:14:52.559 1186 1186 W binder:1186_1: type=1400 audit(0.0:710): avc: denied { getattr } for scontext=u:r:installd:s0 tcontext=u:r:system_server:s0 tclass=process permissive=0
01-02 13:14:52.572 1586 1586 D SystemServerTiming: StartLocationTimeZoneManagerService
01-02 13:14:52.573 1586 1586 I SystemServiceManager: Starting com.android.server.timezonedetector.location.LocationTimeZoneManagerService$Lifecycle
01-02 13:14:52.559 1186 1186 W binder:1186_1: type=1400 audit(0.0:711): avc: denied { getattr } for scontext=u:r:installd:s0 tcontext=u:r:system_server:s0 tclass=process permissive=0
01-02 13:14:52.574 1586 1586 D SystemServerTiming: StartSearchManagerService
01-02 13:14:52.574 1586 1586 I SystemServiceManager: Starting com.android.server.search.SearchManagerService$Lifecycle
01-02 13:14:52.559 1186 1186 W binder:1186_1: type=1400 audit(0.0:712): avc: denied { getattr } for scontext=u:r:installd:s0 tcontext=u:r:system_server:s0 tclass=process permissive=0
01-02 13:14:52.577 1586 1586 D SystemServerTiming: StartWallpaperManagerService
01-02 13:14:52.577 1586 1586 I SystemServiceManager: Starting com.android.server.wallpaper.WallpaperManagerService$Lifecycle
01-02 13:14:52.569 1186 1186 W binder:1186_1: type=1400 audit(0.0:713): avc: denied { getattr } for scontext=u:r:installd:s0 tcontext=u:r:system_server:s0 tclass=process permissive=0
01-02 13:14:52.569 1186 1186 W binder:1186_1: type=1400 audit(0.0:714): avc: denied { getattr } for scontext=u:r:installd:s0 tcontext=u:r:system_server:s0 tclass=process permissive=0
01-02 13:14:52.579 1586 1586 D SystemServerTiming: StartWallpaperEffectsGenerationService
01-02 13:14:52.579 1586 1586 I SystemServiceManager: Starting com.android.server.wallpapereffectsgeneration.WallpaperEffectsGenerationManagerService
01-02 13:14:52.569 1186 1186 W binder:1186_1: type=1400 audit(0.0:715): avc: denied { getattr } for scontext=u:r:installd:s0 tcontext=u:r:system_server:s0 tclass=process permissive=0
01-02 13:14:52.569 1186 1186 W binder:1186_1: type=1400 audit(0.0:716): avc: denied { getattr } for scontext=u:r:installd:s0 tcontext=u:r:system_server:s0 tclass=process permissive=0
01-02 13:14:52.583 1586 1586 D SystemServerTiming: StartAudioService
01-02 13:14:52.583 1586 1586 I SystemServiceManager: Starting com.android.server.audio.AudioService$Lifecycle
01-02 13:14:52.579 1186 1186 W binder:1186_1: type=1400 audit(0.0:717): avc: denied { getattr } for scontext=u:r:installd:s0 tcontext=u:r:system_server:s0 tclass=process permissive=0
01-02 13:14:52.579 1186 1186 W binder:1186_1: type=1400 audit(0.0:718): avc: denied { getattr } for scontext=u:r:installd:s0 tcontext=u:r:system_server:s0 tclass=process permissive=0
01-02 13:14:52.579 1186 1186 W binder:1186_1: type=1400 audit(0.0:719): avc: denied { getattr } for scontext=u:r:installd:s0 tcontext=u:r:system_server:s0 tclass=process permissive=0
01-02 13:14:52.579 1186 1186 W binder:1186_1: type=1400 audit(0.0:720): avc: denied { getattr } for scontext=u:r:installd:s0 tcontext=u:r:system_server:s0 tclass=process permissive=0
01-02 13:14:52.579 1186 1186 W binder:1186_1: type=1400 audit(0.0:721): avc: denied { getattr } for scontext=u:r:installd:s0 tcontext=u:r:system_server:s0 tclass=process permissive=0
01-02 13:14:52.579 1186 1186 W binder:1186_1: type=1400 audit(0.0:722): avc: denied { getattr } for scontext=u:r:installd:s0 tcontext=u:r:system_server:s0 tclass=process permissive=0
01-02 13:14:52.589 1186 1186 W binder:1186_1: type=1400 audit(0.0:723): avc: denied { getattr } for scontext=u:r:installd:s0 tcontext=u:r:system_server:s0 tclass=process permissive=0
01-02 13:14:52.589 1186 1186 W binder:1186_1: type=1400 audit(0.0:724): avc: denied { getattr } for scontext=u:r:installd:s0 tcontext=u:r:system_server:s0 tclass=process permissive=0
01-02 13:14:52.589 1186 1186 W binder:1186_1: type=1400 audit(0.0:725): avc: denied { getattr } for scontext=u:r:installd:s0 tcontext=u:r:system_server:s0 tclass=process permissive=0
01-02 13:14:52.589 1186 1186 W binder:1186_1: type=1400 audit(0.0:726): avc: denied { getattr } for scontext=u:r:installd:s0 tcontext=u:r:system_server:s0 tclass=process permissive=0
01-02 13:14:52.599 1186 1186 W binder:1186_1: type=1400 audit(0.0:727): avc: denied { getattr } for scontext=u:r:installd:s0 tcontext=u:r:system_server:s0 tclass=process permissive=0
01-02 13:14:52.599 1186 1186 W binder:1186_1: type=1400 audit(0.0:728): avc: denied { getattr } for scontext=u:r:installd:s0 tcontext=u:r:system_server:s0 tclass=process permissive=0
01-02 13:14:52.613 1586 1586 I AS.AudioService: Stream 5: using max vol of 7
01-02 13:14:52.613 1586 1586 I AS.AudioService: Stream 5: using default vol of 5
01-02 13:14:52.613 1586 1586 I AS.AudioService: Stream 2: using max vol of 7
01-02 13:14:52.613 1586 1586 I AS.AudioService: Stream 2: using default vol of 5
01-02 13:14:52.599 1186 1186 W binder:1186_1: type=1400 audit(0.0:729): avc: denied { getattr } for scontext=u:r:installd:s0 tcontext=u:r:system_server:s0 tclass=process permissive=0
01-02 13:14:52.599 1186 1186 W binder:1186_1: type=1400 audit(0.0:730): avc: denied { getattr } for scontext=u:r:installd:s0 tcontext=u:r:system_server:s0 tclass=process permissive=0
01-02 13:14:52.616 1586 1586 I android_os_HwBinder: HwBinder: Starting thread pool for getting: android.hidl.manager@1.0::IServiceManager/default
01-02 13:14:52.609 1186 1186 W binder:1186_1: type=1400 audit(0.0:731): avc: denied { getattr } for scontext=u:r:installd:s0 tcontext=u:r:system_server:s0 tclass=process permissive=0
01-02 13:14:52.609 1186 1186 W binder:1186_1: type=1400 audit(0.0:732): avc: denied { getattr } for scontext=u:r:installd:s0 tcontext=u:r:system_server:s0 tclass=process permissive=0
01-02 13:14:52.623 1586 1647 I PackageManager: Deferred reconcileAppsData finished 184 packages
01-02 13:14:52.624 1383 1513 W AudioFlinger: no wake lock to update, system not ready yet
01-02 13:14:52.633 1383 1383 D PermissionCache: checking android.permission.MODIFY_AUDIO_ROUTING for uid=1000 => granted (2379 us)
01-02 13:14:52.643 1383 1431 D PermissionCache: checking android.permission.MODIFY_AUDIO_SETTINGS for uid=1000 => granted (201 us)
01-02 13:14:52.645 1368 1400 W DeviceHAL: Error from HAL Device in function set_mic_mute: Function not implemented
01-02 13:14:52.645 1368 1400 W DeviceHAL: Error from HAL Device in function set_mic_mute: Function not implemented
01-02 13:14:52.648 1383 1431 D AudioFlinger: isLowRamDevice:false totalMemory:2910572544 mClientSharedHeapSize:8388608
01-02 13:14:52.650 1586 1586 D SystemServerTiming: StartSoundTriggerMiddlewareService
01-02 13:14:52.650 1586 1586 I SystemServiceManager: Starting com.android.server.soundtrigger_middleware.SoundTriggerMiddlewareService$Lifecycle
01-02 13:14:52.653 372 372 I servicemanager: Could not find android.hardware.soundtrigger3.ISoundTriggerHw/default in the VINTF manifest.
01-02 13:14:52.653 1383 1431 I CaptureStateNotifier: Registering a listener
01-02 13:14:52.653 1586 1586 I SoundTriggerMiddlewareDefaultHalFactory: Connecting to default soundtrigger-V2.x.ISoundTriggerHw
01-02 13:14:52.655 1586 1586 I android_os_HwBinder: HwBinder: Starting thread pool for getting: android.hardware.soundtrigger@2.0::ISoundTriggerHw/default
01-02 13:14:52.660 1586 1586 E SoundTriggerMiddlewareImpl: Failed to add a SoundTriggerModule instance
01-02 13:14:52.660 1586 1586 E SoundTriggerMiddlewareImpl: com.android.server.soundtrigger_middleware.HalException: getProperties (code -19)
01-02 13:14:52.660 1586 1586 E SoundTriggerMiddlewareImpl: at com.android.server.soundtrigger_middleware.SoundTriggerHw2Compat.handleHalStatus(SoundTriggerHw2Compat.java:156)
01-02 13:14:52.660 1586 1586 E SoundTriggerMiddlewareImpl: at com.android.server.soundtrigger_middleware.SoundTriggerHw2Compat.getProperties_2_0(SoundTriggerHw2Compat.java:428)
01-02 13:14:52.660 1586 1586 E SoundTriggerMiddlewareImpl: at com.android.server.soundtrigger_middleware.SoundTriggerHw2Compat.getPropertiesInternal(SoundTriggerHw2Compat.java:195)
01-02 13:14:52.660 1586 1586 E SoundTriggerMiddlewareImpl: at com.android.server.soundtrigger_middleware.SoundTriggerHw2Compat.(SoundTriggerHw2Compat.java:108)
01-02 13:14:52.660 1586 1586 E SoundTriggerMiddlewareImpl: at com.android.server.soundtrigger_middleware.SoundTriggerHw2Compat.create(SoundTriggerHw2Compat.java:93)
01-02 13:14:52.660 1586 1586 E SoundTriggerMiddlewareImpl: at com.android.server.soundtrigger_middleware.SoundTriggerHw2Compat.create(SoundTriggerHw2Compat.java:87)
01-02 13:14:52.660 1586 1586 E SoundTriggerMiddlewareImpl: at com.android.server.soundtrigger_middleware.DefaultHalFactory.create(DefaultHalFactory.java:77)
01-02 13:14:52.660 1586 1586 E SoundTriggerMiddlewareImpl: at com.android.server.soundtrigger_middleware.SoundTriggerModule.attachToHal(SoundTriggerModule.java:170)
01-02 13:14:52.660 1586 1586 E SoundTriggerMiddlewareImpl: at com.android.server.soundtrigger_middleware.SoundTriggerModule.(SoundTriggerModule.java:103)
01-02 13:14:52.660 1586 1586 E SoundTriggerMiddlewareImpl: at com.android.server.soundtrigger_middleware.SoundTriggerMiddlewareImpl.(SoundTriggerMiddlewareImpl.java:86)
01-02 13:14:52.660 1586 1586 E SoundTriggerMiddlewareImpl: at com.android.server.soundtrigger_middleware.SoundTriggerMiddlewareService$Lifecycle.onStart(SoundTriggerMiddlewareService.java:230)
01-02 13:14:52.660 1586 1586 E SoundTriggerMiddlewareImpl: at com.android.server.SystemServiceManager.startService(SystemServiceManager.java:258)
01-02 13:14:52.660 1586 1586 E SoundTriggerMiddlewareImpl: at com.android.server.SystemServiceManager.startService(SystemServiceManager.java:236)
01-02 13:14:52.660 1586 1586 E SoundTriggerMiddlewareImpl: at com.android.server.SystemServer.startOtherServices(SystemServer.java:2144)
01-02 13:14:52.660 1586 1586 E SoundTriggerMiddlewareImpl: at com.android.server.SystemServer.run(SystemServer.java:937)
01-02 13:14:52.660 1586 1586 E SoundTriggerMiddlewareImpl: at com.android.server.SystemServer.main(SystemServer.java:647)
01-02 13:14:52.660 1586 1586 E SoundTriggerMiddlewareImpl: at java.lang.reflect.Method.invoke(Native Method)
01-02 13:14:52.660 1586 1586 E SoundTriggerMiddlewareImpl: at com.android.internal.os.RuntimeInit$MethodAndArgsCaller.run(RuntimeInit.java:548)
01-02 13:14:52.660 1586 1586 E SoundTriggerMiddlewareImpl: at com.android.internal.os.ZygoteInit.main(ZygoteInit.java:914)
01-02 13:14:52.661 1586 1586 D SystemServerTiming: StartDockObserver
01-02 13:14:52.661 1586 1586 I SystemServiceManager: Starting com.android.server.DockObserver
01-02 13:14:52.661 1586 1586 I DockObserver: No extcon dock device found in this kernel.
01-02 13:14:52.662 1586 1586 D SystemServerTiming: StartWiredAccessoryManager
01-02 13:14:52.663 1586 1586 W WiredAccessoryManager: This kernel does not have usb audio support
01-02 13:14:52.664 1586 1586 W WiredAccessoryManager: This kernel does not have HDMI audio support
01-02 13:14:52.664 1586 1586 D SystemServerTiming: StartMidiManager
01-02 13:14:52.664 1586 1586 I SystemServiceManager: Starting com.android.server.midi.MidiService$Lifecycle
01-02 13:14:52.668 1586 1586 D SystemServerTiming: StartAdbService
01-02 13:14:52.668 1586 1586 I SystemServiceManager: Starting com.android.server.adb.AdbService$Lifecycle
01-02 13:14:52.670 1586 1586 D SystemServerTiming: StartUsbService
01-02 13:14:52.671 1586 1586 I SystemServiceManager: Starting com.android.server.usb.UsbService$Lifecycle
01-02 13:14:52.671 1586 1586 D SystemServerTiming: StartSerialService
01-02 13:14:52.672 1586 1719 D SystemServerTimingAsync: InitThreadPoolExec:UsbService$Lifecycle#onStart
01-02 13:14:52.673 1586 1586 D SystemServerTiming: StartHardwarePropertiesManagerService
01-02 13:14:52.674 373 373 I hwservicemanager: getTransport: Cannot find entry android.hardware.usb.gadget@1.0::IUsbGadget/default in either framework or device VINTF manifest.
01-02 13:14:52.675 1586 1586 D HardwarePropertiesManagerService-JNI: Link to death notification successful
01-02 13:14:52.677 373 373 E SELinux : avc: denied { find } for interface=vendor.oppo.hardware.biometrics.fingerprint::IBiometricsFingerprint sid=u:r:hal_fingerprint_oppo_compat:s0 pid=1215 scontext=u:r:hal_fingerprint_oppo_compat:s0 tcontext=u:object_r:default_android_hwservice:s0 tclass=hwservice_manager permissive=0
01-02 13:14:52.677 1586 1586 D SystemServerTiming: StartTwilightService
01-02 13:14:52.678 1586 1586 I SystemServiceManager: Starting com.android.server.twilight.TwilightService
01-02 13:14:52.678 1586 1586 D SystemServerTiming: StartColorDisplay
01-02 13:14:52.678 1586 1586 I SystemServiceManager: Starting com.android.server.display.color.ColorDisplayService
01-02 13:14:52.678 1586 1719 I UsbDeviceManager: USB GADGET HAL not present in the device
01-02 13:14:52.678 1586 1719 I UsbDeviceManager: java.util.NoSuchElementException
01-02 13:14:52.678 1586 1719 I UsbDeviceManager: at android.os.HwBinder.getService(Native Method)
01-02 13:14:52.678 1586 1719 I UsbDeviceManager: at android.hardware.usb.gadget.V1_0.IUsbGadget.getService(IUsbGadget.java:57)
01-02 13:14:52.678 1586 1719 I UsbDeviceManager: at android.hardware.usb.gadget.V1_0.IUsbGadget.getService(IUsbGadget.java:64)
01-02 13:14:52.678 1586 1719 I UsbDeviceManager: at com.android.server.usb.UsbDeviceManager.(UsbDeviceManager.java:302)
01-02 13:14:52.678 1586 1719 I UsbDeviceManager: at com.android.server.usb.UsbService.(UsbService.java:183)
01-02 13:14:52.678 1586 1719 I UsbDeviceManager: at com.android.server.usb.UsbService$Lifecycle.lambda$onStart$0(UsbService.java:97)
01-02 13:14:52.678 1586 1719 I UsbDeviceManager: at com.android.server.usb.UsbService$Lifecycle.$r8$lambda$CxV7IL0QHEjIgNnhuBbpakF4-Bg(Unknown Source:0)
01-02 13:14:52.678 1586 1719 I UsbDeviceManager: at com.android.server.usb.UsbService$Lifecycle$$ExternalSyntheticLambda2.run(Unknown Source:2)
01-02 13:14:52.678 1586 1719 I UsbDeviceManager: at com.android.server.SystemServerInitThreadPool.lambda$submitTask$0(SystemServerInitThreadPool.java:106)
01-02 13:14:52.678 1586 1719 I UsbDeviceManager: at com.android.server.SystemServerInitThreadPool.$r8$lambda$aGlXt69ihU44Qi7EB_RNeu8pnrY(Unknown Source:0)
01-02 13:14:52.678 1586 1719 I UsbDeviceManager: at com.android.server.SystemServerInitThreadPool$$ExternalSyntheticLambda0.run(Unknown Source:6)
01-02 13:14:52.678 1586 1719 I UsbDeviceManager: at java.util.concurrent.Executors$RunnableAdapter.call(Executors.java:463)
01-02 13:14:52.678 1586 1719 I UsbDeviceManager: at java.util.concurrent.FutureTask.run(FutureTask.java:264)
01-02 13:14:52.678 1586 1719 I UsbDeviceManager: at java.util.concurrent.ThreadPoolExecutor.runWorker(ThreadPoolExecutor.java:1137)
01-02 13:14:52.678 1586 1719 I UsbDeviceManager: at java.util.concurrent.ThreadPoolExecutor$Worker.run(ThreadPoolExecutor.java:637)
01-02 13:14:52.678 1586 1719 I UsbDeviceManager: at com.android.internal.util.ConcurrentUtils$1$1.run(ConcurrentUtils.java:65)
01-02 13:14:52.678 1586 1719 E UsbDeviceManagerJNI: could not open control for mtp Permission denied
01-02 13:14:52.679 1586 1719 E UsbDeviceManager: Failed to open control for mtp
01-02 13:14:52.679 1586 1719 E UsbDeviceManagerJNI: could not open control for ptp Permission denied
01-02 13:14:52.679 1586 1719 E UsbDeviceManager: Failed to open control for ptp
01-02 13:14:52.679 373 373 E SELinux : avc: denied { find } for interface=vendor.oplus.hardware.biometrics.fingerprint::IBiometricsFingerprint sid=u:r:hal_fingerprint_oppo_compat:s0 pid=1214 scontext=u:r:hal_fingerprint_oppo_compat:s0 tcontext=u:object_r:default_android_hwservice:s0 tclass=hwservice_manager permissive=0
01-02 13:14:52.681 1586 1586 D SystemServerTiming: StartJobScheduler
01-02 13:14:52.681 1586 1719 W StorageManagerService: No primary storage defined yet; hacking together a stub
01-02 13:14:52.681 1586 1586 I SystemServiceManager: Starting com.android.server.job.JobSchedulerService
01-02 13:14:52.684 1586 1719 D UsbPortManager: Querying USB HAL version
01-02 13:14:52.686 372 372 I servicemanager: Could not find android.hardware.usb.IUsb/default in the VINTF manifest.
01-02 13:14:52.689 1586 1719 I android_os_HwBinder: HwBinder: Starting thread pool for getting: android.hardware.usb@1.0::IUsb/default
01-02 13:14:52.690 1586 1586 D JobStore: Start tag: job-info
01-02 13:14:52.690 1586 1719 I UsbPortManager: USB HAL HIDL present
01-02 13:14:52.694 1586 1719 I android_os_HwBinder: HwBinder: Starting thread pool for getting: android.hidl.manager@1.0::IServiceManager/default
01-02 13:14:52.697 1586 1613 I UsbPortManager: Usb hal service started android.hardware.usb@1.0::IUsb default
01-02 13:14:52.699 1586 1719 I android_os_HwBinder: HwBinder: Starting thread pool for getting: android.hardware.usb@1.0::IUsb/default
01-02 13:14:52.700 1586 1719 D UsbPortManager: getInstance done
01-02 13:14:52.700 1016 1016 I android.hardware.usb@1.0-service: registering callback
01-02 13:14:52.701 1016 1016 I android.hardware.usb@1.0-service: otg_default
01-02 13:14:52.701 1016 1016 I android.hardware.usb@1.0-service: canChangeMode: 1 canChagedata: 0 canChangePower:0
01-02 13:14:52.702 1016 1724 E android.hardware.usb@1.0-service: creating thread
01-02 13:14:52.738 1586 1586 I JobStore: Read 83 jobs
01-02 13:14:52.743 1586 1700 D ConnectivityService: NetReassign [no changes]
01-02 13:14:52.747 1586 1586 V HistoricalRegistry: Interaction before persistence initialized
01-02 13:14:52.748 1586 1586 V HistoricalRegistry: Interaction before persistence initialized
01-02 13:14:52.749 1443 1527 D BootAnimation: Playing files = /system/media/bootanimation.zip/part1, Requested repeat = 0, playUntilComplete = false
01-02 13:14:52.754 1586 1586 D SystemServerTiming: StartSoundTrigger
01-02 13:14:52.756 1586 1586 I SystemServiceManager: Starting com.android.server.soundtrigger.SoundTriggerService
01-02 13:14:52.757 1586 1711 E AS.AudioService: error reading spatial audio device settings
01-02 13:14:52.757 1586 1711 I AS.SpatializerHelper: init effectExpected=false
01-02 13:14:52.757 1586 1711 I AS.SpatializerHelper: init(): setting state to STATE_NOT_SUPPORTED due to effect not expected
01-02 13:14:52.757 1586 1711 I AS.SpatializerHelper: setFeatureEnabled(false) was featureEnabled:false
01-02 13:14:52.759 1586 1586 D SystemServerTiming: StartTrustManager
01-02 13:14:52.759 1586 1586 I SystemServiceManager: Starting com.android.server.trust.TrustManagerService
01-02 13:14:52.762 1586 1586 D SystemServerTiming: StartBackupManager
01-02 13:14:52.763 1586 1586 I SystemServiceManager: Starting com.android.server.backup.BackupManagerService$Lifecycle
01-02 13:14:52.767 1586 1586 D SystemServerTiming: StartAppWidgetService
01-02 13:14:52.768 1586 1586 I SystemServiceManager: Starting com.android.server.appwidget.AppWidgetService
01-02 13:14:52.773 1586 1586 D SystemServerTiming: StartVoiceRecognitionManager
01-02 13:14:52.774 1586 1586 I SystemServiceManager: Starting com.android.server.voiceinteraction.VoiceInteractionManagerService
01-02 13:14:52.783 1586 1586 D SystemServerTiming: StartAppHibernationService
01-02 13:14:52.783 1586 1586 I SystemServiceManager: Starting com.android.server.apphibernation.AppHibernationService
01-02 13:14:52.787 1586 1586 D SystemServerTiming: StartGestureLauncher
01-02 13:14:52.787 1586 1586 I SystemServiceManager: Starting com.android.server.GestureLauncherService
01-02 13:14:52.787 1586 1586 D SystemServerTiming: StartSensorNotification
01-02 13:14:52.787 1586 1586 I SystemServiceManager: Starting com.android.server.SensorNotificationService
01-02 13:14:52.788 1586 1586 D SystemServerTiming: StartDiskStatsService
01-02 13:14:52.789 1586 1586 D CompatibilityChangeReporter: Compat change id reported: 194532703; UID 1000; state: ENABLED
01-02 13:14:52.790 1586 1586 D CompatibilityChangeReporter: Compat change id reported: 194532703; UID 1000; state: ENABLED
01-02 13:14:52.791 1586 1586 D CompatibilityChangeReporter: Compat change id reported: 194532703; UID 1000; state: DISABLED
01-02 13:14:52.794 1586 1586 D SystemServerTiming: RuntimeService
01-02 13:14:52.795 1586 1586 D SystemServerTiming: StartNetworkTimeUpdateService
01-02 13:14:52.798 1586 1586 D SystemServerTiming: CertBlacklister
01-02 13:14:52.800 1586 1586 D SystemServerTiming: StartEmergencyAffordanceService
01-02 13:14:52.800 1586 1586 I SystemServiceManager: Starting com.android.server.emergency.EmergencyAffordanceService
01-02 13:14:52.802 1586 1586 D SystemServerTiming: startBlobStoreManagerService
01-02 13:14:52.802 1586 1586 I SystemServiceManager: Starting com.android.server.blob.BlobStoreManagerService
01-02 13:14:52.805 1586 1596 I system_server: Background young concurrent copying GC freed 174385(10MB) AllocSpace objects, 24(672KB) LOS objects, 40% free, 14MB/25MB, paused 467us,122us total 114.367ms
01-02 13:14:52.808 1586 1586 D SystemServerTiming: StartDreamManager
01-02 13:14:52.808 1586 1586 I SystemServiceManager: Starting com.android.server.dreams.DreamManagerService
01-02 13:14:52.810 1586 1586 D SystemServerTiming: AddGraphicsStatsService
01-02 13:14:52.814 1586 1586 D SystemServerTiming: StartPrintManager
01-02 13:14:52.814 1586 1586 I SystemServiceManager: Starting com.android.server.print.PrintManagerService
01-02 13:14:52.817 1586 1586 D SystemServerTiming: StartAttestationVerificationService
01-02 13:14:52.817 1586 1586 I SystemServiceManager: Starting com.android.server.security.AttestationVerificationManagerService
01-02 13:14:52.818 1586 1586 D AVF : Started
01-02 13:14:52.820 1586 1586 D SystemServerTiming: StartCompanionDeviceManager
01-02 13:14:52.820 1586 1586 I SystemServiceManager: Starting com.android.server.companion.CompanionDeviceManagerService
01-02 13:14:52.821 1586 1586 I CompanionDevice_PersistentDataStore: Reading associations for user 0 from disk
01-02 13:14:52.824 1586 1586 D SystemServerTiming: StartVirtualDeviceManager
01-02 13:14:52.824 1586 1586 I SystemServiceManager: Starting com.android.server.companion.virtual.VirtualDeviceManagerService
01-02 13:14:52.827 1586 1586 D SystemServerTiming: StartRestrictionManager
01-02 13:14:52.827 1586 1586 I SystemServiceManager: Starting com.android.server.restrictions.RestrictionsManagerService
01-02 13:14:52.828 1586 1586 D SystemServerTiming: StartMediaSessionService
01-02 13:14:52.829 1586 1586 I SystemServiceManager: Starting com.android.server.media.MediaSessionService
01-02 13:14:52.833 1586 1586 D SystemServerTiming: StartMediaResourceMonitor
01-02 13:14:52.833 1586 1586 I SystemServiceManager: Starting com.android.server.media.MediaResourceMonitorService
01-02 13:14:52.834 1586 1586 D SystemServerTiming: StartMediaRouterService
01-02 13:14:52.834 1586 1586 V HistoricalRegistry: Interaction before persistence initialized
01-02 13:14:52.837 1586 1586 D SystemServerTiming: StartFingerprintSensor
01-02 13:14:52.837 1586 1586 I SystemServiceManager: Starting com.android.server.biometrics.sensors.fingerprint.FingerprintService
01-02 13:14:52.838 1586 1586 D SystemServerTiming: StartBiometricService
01-02 13:14:52.839 1586 1586 I SystemServiceManager: Starting com.android.server.biometrics.BiometricService
01-02 13:14:52.844 1586 1586 D SystemServerTiming: StartAuthService
01-02 13:14:52.844 1586 1586 I SystemServiceManager: Starting com.android.server.biometrics.AuthService
01-02 13:14:52.845 1586 1586 D AuthService: Registering HIDL ID: 0 Modality: 2 Strength: 15
01-02 13:14:52.850 1586 1586 D SystemServerTiming: StartDynamicCodeLoggingService
01-02 13:14:52.852 1586 1735 D BiometricService: Registering ID: 0 Modality: 2 Strength: 15
01-02 13:14:52.852 1586 1586 D SystemServerTiming: StartPruneInstantAppsJobService
01-02 13:14:52.853 1586 1735 D BiometricStrengthController: updateStrengths: revert sensorId=0 to oemStrength=15
01-02 13:14:52.853 1586 1735 D BiometricService/Sensor: updateStrength: Before(ID(0), oemStrength: 15, updatedStrength: 15, modality 2, state: 0, cookie: 0) After(ID(0), oemStrength: 15, updatedStrength: 15, modality 2, state: 0, cookie: 0)
01-02 13:14:52.853 1586 1586 D SystemServerTiming: StartShortcutServiceLifecycle
01-02 13:14:52.853 1586 1586 I SystemServiceManager: Starting com.android.server.pm.ShortcutService$Lifecycle
01-02 13:14:52.855 1586 1586 V HistoricalRegistry: Interaction before persistence initialized
01-02 13:14:52.857 1586 1586 D SystemServerTiming: StartLauncherAppsService
01-02 13:14:52.857 1586 1586 I SystemServiceManager: Starting com.android.server.pm.LauncherAppsService
01-02 13:14:52.860 1586 1586 D SystemServerTiming: StartCrossProfileAppsService
01-02 13:14:52.861 1586 1586 I SystemServiceManager: Starting com.android.server.pm.CrossProfileAppsService
01-02 13:14:52.862 1586 1586 D SystemServerTiming: StartPeopleService
01-02 13:14:52.862 1586 1586 I SystemServiceManager: Starting com.android.server.people.PeopleService
01-02 13:14:52.863 1586 1586 D SystemServerTiming: StartMediaMetricsManager
01-02 13:14:52.864 1586 1586 I SystemServiceManager: Starting com.android.server.media.metrics.MediaMetricsManagerService
01-02 13:14:52.865 1586 1586 D SystemServerTiming: StartMediaProjectionManager
01-02 13:14:52.865 1586 1586 I SystemServiceManager: Starting com.android.server.media.projection.MediaProjectionManagerService
01-02 13:14:52.872 1586 1586 V MediaRouter: Selecting route: RouteInfo{ name=Telefon, description=null, status=null, category=RouteCategory{ name=System types=ROUTE_TYPE_LIVE_AUDIO ROUTE_TYPE_LIVE_VIDEO groupable=false }, supportedTypes=ROUTE_TYPE_LIVE_AUDIO ROUTE_TYPE_LIVE_VIDEO , presentationDisplay=null }
01-02 13:14:52.872 1586 1586 I MediaRouter: Skip setBluetoothA2dpOn(): types=8388615, isPlaybackActive()=false, BT route=null
01-02 13:14:52.874 1586 1586 D SystemServerTiming: StartSliceManagerService
01-02 13:14:52.874 1586 1586 I SystemServiceManager: Starting com.android.server.slice.SliceManagerService$Lifecycle
01-02 13:14:52.877 1586 1586 D SystemServerTiming: StartStatsCompanion
01-02 13:14:52.878 1586 1586 I SystemServiceManager: Starting com.android.server.stats.StatsCompanion$Lifecycle
01-02 13:14:52.883 1586 1586 D SystemServerTiming: StartRebootReadinessManagerService
01-02 13:14:52.884 1586 1586 I SystemServiceManager: Starting com.android.server.scheduling.RebootReadinessManagerService$Lifecycle
