01-02 13:14:51.155 373 373 I hwservicemanager: getTransport: Cannot find entry android.hardware.sensors@2.0::ISensors/default in either framework or device VINTF manifest.
01-02 13:14:51.157 1208 1261 I Sensors@1.0-impl: activate-0 enabled-0 fwkOals-0 camOals-0 fwkOcolor-0 camOcolor-0 fwkOtof-0 camOtof-0
01-02 13:14:51.157 1208 1261 D SensorHub: enableSensor-> handle: 0 enable : 0
01-02 13:14:51.157 1208 1261 D SensorHub: Channel activate-> handle: 0, enabled:0, err: 0
01-02 13:14:51.158 1208 1261 D SensorHub: lib ver is 14
01-02 13:14:51.158 1208 1261 E SensorHub: get_acc_convert_coff = 1.000000
01-02 13:14:51.158 1208 1261 I Sensors@1.0-impl: activate-1 enabled-0 fwkOals-0 camOals-0 fwkOcolor-0 camOcolor-0 fwkOtof-0 camOtof-0
01-02 13:14:51.158 1208 1261 D SensorHub: enableSensor-> handle: 1 enable : 0
01-02 13:14:51.158 1208 1261 D SensorHub: Channel activate-> handle: 1, enabled:0, err: 0
01-02 13:14:51.158 1208 1208 I Sensors@1.0-impl: activate-2 enabled-0 fwkOals-0 camOals-0 fwkOcolor-0 camOcolor-0 fwkOtof-0 camOtof-0
01-02 13:14:51.158 1208 1208 D SensorHub: enableSensor-> handle: 2 enable : 0
01-02 13:14:51.158 1208 1208 D SensorHub: Channel activate-> handle: 2, enabled:0, err: 0
01-02 13:14:51.158 1586 1586 I android_os_HwBinder: HwBinder: Starting thread pool for getting: android.hardware.health@2.0::IHealth/default
01-02 13:14:51.158 1208 1208 I Sensors@1.0-impl: activate-3 enabled-0 fwkOals-0 camOals-0 fwkOcolor-0 camOcolor-0 fwkOtof-0 camOtof-0
01-02 13:14:51.159 1208 1208 D SensorHub: enableSensor-> handle: 3 enable : 0
01-02 13:14:51.159 1208 1208 D SensorHub: Channel activate-> handle: 3, enabled:0, err: 0
01-02 13:14:51.159 1208 1261 I Sensors@1.0-impl: activate-4 enabled-0 fwkOals-0 camOals-0 fwkOcolor-0 camOcolor-0 fwkOtof-0 camOtof-0
01-02 13:14:51.159 1208 1261 D SensorHub: enableSensor-> handle: 4 enable : 0
01-02 13:14:51.159 1208 1261 D SensorHub: Channel activate-> handle: 4, enabled:0, err: 0
01-02 13:14:51.159 1208 1261 E SensorHub: PS activate 0
01-02 13:14:51.159 1208 1261 I Sensors@1.0-impl: activate-5 enabled-0 fwkOals-0 camOals-0 fwkOcolor-0 camOcolor-0 fwkOtof-0 camOtof-0
01-02 13:14:51.159 1208 1261 D SensorHub: enableSensor-> handle: 5 enable : 0
01-02 13:14:51.159 1208 1261 D SensorHub: Channel activate-> handle: 5, enabled:0, err: 0
01-02 13:14:51.159 1208 1261 I Sensors@1.0-impl: activate-6 enabled-0 fwkOals-0 camOals-0 fwkOcolor-0 camOcolor-0 fwkOtof-0 camOtof-0
01-02 13:14:51.159 1208 1261 D SensorHub: enableSensor-> handle: 6 enable : 0
01-02 13:14:51.159 1208 1261 D SensorHub: Channel activate-> handle: 6, enabled:0, err: 0
01-02 13:14:51.159 1208 1261 I Sensors@1.0-impl: activate-7 enabled-0 fwkOals-0 camOals-0 fwkOcolor-0 camOcolor-0 fwkOtof-0 camOtof-0
01-02 13:14:51.159 1208 1261 D SensorHub: enableSensor-> handle: 7 enable : 0
01-02 13:14:51.159 1208 1261 D SensorHub: Channel activate-> handle: 7, enabled:0, err: 0
01-02 13:14:51.160 1208 1261 I Sensors@1.0-impl: activate-8 enabled-0 fwkOals-0 camOals-0 fwkOcolor-0 camOcolor-0 fwkOtof-0 camOtof-0
01-02 13:14:51.160 1208 1261 D SensorHub: enableSensor-> handle: 8 enable : 0
01-02 13:14:51.160 1208 1261 D SensorHub: Channel activate-> handle: 8, enabled:0, err: 0
01-02 13:14:51.161 1208 1208 I Sensors@1.0-impl: activate-15 enabled-0 fwkOals-0 camOals-0 fwkOcolor-0 camOcolor-0 fwkOtof-0 camOtof-0
01-02 13:14:51.161 1208 1208 D SensorHub: enableSensor-> handle: 15 enable : 0
01-02 13:14:51.161 1208 1208 D SensorHub: Channel activate-> handle: 15, enabled:0, err: 0
01-02 13:14:51.161 1208 1261 I Sensors@1.0-impl: activate-17 enabled-0 fwkOals-0 camOals-0 fwkOcolor-0 camOcolor-0 fwkOtof-0 camOtof-0
01-02 13:14:51.161 1208 1261 D SensorHub: enableSensor-> handle: 17 enable : 0
01-02 13:14:51.161 1208 1261 D SensorHub: Channel activate-> handle: 17, enabled:0, err: 0
01-02 13:14:51.161 1208 1261 I SensorHub: Couldn't open /sys/class/sensors/step_counter/step_counter_info (No such file or directory)
01-02 13:14:51.161 1208 1261 I SensorHub: get_dcm_product_pedometer failed
01-02 13:14:51.162 1208 1261 I Sensors@1.0-impl: activate-18 enabled-0 fwkOals-0 camOals-0 fwkOcolor-0 camOcolor-0 fwkOtof-0 camOtof-0
01-02 13:14:51.162 1208 1261 D SensorHub: enableSensor-> handle: 18 enable : 0
01-02 13:14:51.162 1208 1261 D SensorHub: Channel activate-> handle: 18, enabled:0, err: 0
01-02 13:14:51.162 1208 1261 I Sensors@1.0-impl: activate-20 enabled-0 fwkOals-0 camOals-0 fwkOcolor-0 camOcolor-0 fwkOtof-0 camOtof-0
01-02 13:14:51.162 1208 1261 D SensorHub: enableSensor-> handle: 20 enable : 0
01-02 13:14:51.162 1208 1261 D SensorHub: Channel activate-> handle: 20, enabled:0, err: 0
01-02 13:14:51.162 1208 1261 I Sensors@1.0-impl: activate-0 enabled-0 fwkOals-0 camOals-0 fwkOcolor-0 camOcolor-0 fwkOtof-0 camOtof-0
01-02 13:14:51.162 1208 1261 D SensorHub: enableSensor-> handle: 0 enable : 0
01-02 13:14:51.163 1208 1261 D SensorHub: Channel activate-> handle: 0, enabled:0, err: 0
01-02 13:14:51.163 1208 1261 D SensorHub: lib ver is 14
01-02 13:14:51.163 1208 1261 E SensorHub: get_acc_convert_coff = 1.000000
01-02 13:14:51.163 1208 1208 I Sensors@1.0-impl: activate-1 enabled-0 fwkOals-0 camOals-0 fwkOcolor-0 camOcolor-0 fwkOtof-0 camOtof-0
01-02 13:14:51.163 1208 1208 D SensorHub: enableSensor-> handle: 1 enable : 0
01-02 13:14:51.163 1208 1208 D SensorHub: Channel activate-> handle: 1, enabled:0, err: 0
01-02 13:14:51.163 1208 1208 I Sensors@1.0-impl: activate-2 enabled-0 fwkOals-0 camOals-0 fwkOcolor-0 camOcolor-0 fwkOtof-0 camOtof-0
01-02 13:14:51.163 1208 1208 D SensorHub: enableSensor-> handle: 2 enable : 0
01-02 13:14:51.163 1208 1208 D SensorHub: Channel activate-> handle: 2, enabled:0, err: 0
01-02 13:14:51.164 1208 1208 I Sensors@1.0-impl: activate-3 enabled-0 fwkOals-0 camOals-0 fwkOcolor-0 camOcolor-0 fwkOtof-0 camOtof-0
01-02 13:14:51.164 1208 1208 D SensorHub: enableSensor-> handle: 3 enable : 0
01-02 13:14:51.164 1208 1208 D SensorHub: Channel activate-> handle: 3, enabled:0, err: 0
01-02 13:14:51.164 1208 1208 I Sensors@1.0-impl: activate-4 enabled-0 fwkOals-0 camOals-0 fwkOcolor-0 camOcolor-0 fwkOtof-0 camOtof-0
01-02 13:14:51.164 1208 1208 D SensorHub: enableSensor-> handle: 4 enable : 0
01-02 13:14:51.164 1208 1208 D SensorHub: Channel activate-> handle: 4, enabled:0, err: 0
01-02 13:14:51.164 1208 1208 E SensorHub: PS activate 0
01-02 13:14:51.164 1208 1208 I Sensors@1.0-impl: activate-5 enabled-0 fwkOals-0 camOals-0 fwkOcolor-0 camOcolor-0 fwkOtof-0 camOtof-0
01-02 13:14:51.164 1208 1208 D SensorHub: enableSensor-> handle: 5 enable : 0
01-02 13:14:51.164 1208 1208 D SensorHub: Channel activate-> handle: 5, enabled:0, err: 0
01-02 13:14:51.164 1208 1208 I Sensors@1.0-impl: activate-6 enabled-0 fwkOals-0 camOals-0 fwkOcolor-0 camOcolor-0 fwkOtof-0 camOtof-0
01-02 13:14:51.164 1208 1208 D SensorHub: enableSensor-> handle: 6 enable : 0
01-02 13:14:51.164 1208 1208 D SensorHub: Channel activate-> handle: 6, enabled:0, err: 0
01-02 13:14:51.165 1028 1028 D lights : set_light_battery colorRGB=FF00FF00, onMS=0, offMS=0
01-02 13:14:51.165 1028 1028 E lights : failed to open /sys/class/led_config/led_config/led_config_status, fd=-1
01-02 13:14:51.166 1028 1028 E lights : product_version_mode = 0
01-02 13:14:51.166 1208 1208 I Sensors@1.0-impl: activate-7 enabled-0 fwkOals-0 camOals-0 fwkOcolor-0 camOcolor-0 fwkOtof-0 camOtof-0
01-02 13:14:51.166 1208 1208 D SensorHub: enableSensor-> handle: 7 enable : 0
01-02 13:14:51.166 1208 1208 D SensorHub: Channel activate-> handle: 7, enabled:0, err: 0
01-02 13:14:51.166 1208 1208 I Sensors@1.0-impl: activate-8 enabled-0 fwkOals-0 camOals-0 fwkOcolor-0 camOcolor-0 fwkOtof-0 camOtof-0
01-02 13:14:51.166 1208 1208 D SensorHub: enableSensor-> handle: 8 enable : 0
01-02 13:14:51.166 1208 1208 D SensorHub: Channel activate-> handle: 8, enabled:0, err: 0
01-02 13:14:51.167 1208 1208 I Sensors@1.0-impl: activate-15 enabled-0 fwkOals-0 camOals-0 fwkOcolor-0 camOcolor-0 fwkOtof-0 camOtof-0
01-02 13:14:51.167 1208 1208 D SensorHub: enableSensor-> handle: 15 enable : 0
01-02 13:14:51.167 1208 1208 D SensorHub: Channel activate-> handle: 15, enabled:0, err: 0
01-02 13:14:51.167 1208 1208 I Sensors@1.0-impl: activate-17 enabled-0 fwkOals-0 camOals-0 fwkOcolor-0 camOcolor-0 fwkOtof-0 camOtof-0
01-02 13:14:51.168 1208 1208 D SensorHub: enableSensor-> handle: 17 enable : 0
01-02 13:14:51.168 1208 1208 D SensorHub: Channel activate-> handle: 17, enabled:0, err: 0
01-02 13:14:51.168 1208 1208 I SensorHub: Couldn't open /sys/class/sensors/step_counter/step_counter_info (No such file or directory)
01-02 13:14:51.168 1208 1208 I SensorHub: get_dcm_product_pedometer failed
01-02 13:14:51.168 1208 1208 I Sensors@1.0-impl: activate-18 enabled-0 fwkOals-0 camOals-0 fwkOcolor-0 camOcolor-0 fwkOtof-0 camOtof-0
01-02 13:14:51.168 1208 1208 D SensorHub: enableSensor-> handle: 18 enable : 0
01-02 13:14:51.168 1208 1208 D SensorHub: Channel activate-> handle: 18, enabled:0, err: 0
01-02 13:14:51.168 1208 1208 I Sensors@1.0-impl: activate-20 enabled-0 fwkOals-0 camOals-0 fwkOcolor-0 camOcolor-0 fwkOtof-0 camOtof-0
01-02 13:14:51.168 1208 1208 D SensorHub: enableSensor-> handle: 20 enable : 0
01-02 13:14:51.168 1208 1208 D SensorHub: Channel activate-> handle: 20, enabled:0, err: 0
01-02 13:14:51.168 1586 1586 I android_os_HwBinder: HwBinder: Starting thread pool for getting: android.hidl.manager@1.0::IServiceManager/default
01-02 13:14:51.169 1586 1622 W KernelCpuProcStringReader: File not found. It's normal if not implemented: /proc/uid_time_in_state
01-02 13:14:51.169 1586 1622 W KernelCpuProcStringReader: File not found. It's normal if not implemented: /proc/uid_concurrent_active_time
01-02 13:14:51.169 1586 1622 W KernelCpuProcStringReader: File not found. It's normal if not implemented: /proc/uid_concurrent_policy_time
01-02 13:14:51.170 1586 1586 I HealthServiceWrapperHidl: health: HealthServiceWrapper listening to instance default
01-02 13:14:51.170 1586 1586 I BatteryService: health: Waited 0ms and received the update.
01-02 13:14:51.171 1586 1622 E system_server: Cannot read thread CPU times for PID 1586
01-02 13:14:51.172 1586 1653 I android_os_HwBinder: HwBinder: Starting thread pool for getting: android.hardware.health@2.0::IHealth/default
01-02 13:14:51.172 1586 1622 E system_server: Cannot read thread CPU times for PID 1586
01-02 13:14:51.174 1586 1586 D SystemServerTiming: StartUsageService
01-02 13:14:51.174 1586 1586 I SystemServiceManager: Starting com.android.server.usage.UsageStatsService
01-02 13:14:51.175 1383 1383 D audioserver: Do not init aaudio service, status 0, policy info size 1
01-02 13:14:51.175 1188 1639 W AudioAnalytics: onAudioServerStart: (key=audio.policy) AudioPolicy ctor, loadTimeMs:7135.354004
01-02 13:14:51.178 1586 1652 E SensorService: Couldn't set SCHED_FIFO for SensorService thread
01-02 13:14:51.178 1586 1655 D SensorService: new thread SensorEventAckReceiver
01-02 13:14:51.178 1586 1656 D SensorService: nuSensorService thread starting...
01-02 13:14:51.179 1586 1652 V HistoricalRegistry: Interaction before persistence initialized
01-02 13:14:51.179 1167 1167 I HidlServiceManagement: Registered android.frameworks.cameraservice.service@2.2::ICameraService/default
01-02 13:14:51.181 1586 1586 D SystemServerTiming: StartWebViewUpdateService
01-02 13:14:51.181 1586 1586 I SystemServiceManager: Starting com.android.server.webkit.WebViewUpdateService
01-02 13:14:51.182 1167 1167 I CameraService: CameraService pinged cameraservice proxy
01-02 13:14:51.184 1167 1167 I cameraserver: ServiceManager: 0x7b454c5400 done instantiate
01-02 13:14:51.187 1586 1586 D SystemServerTiming: StartCachedDeviceStateService
01-02 13:14:51.187 1586 1586 I SystemServiceManager: Starting com.android.server.CachedDeviceStateService
01-02 13:14:51.187 1586 1586 D SystemServerTiming: StartBinderCallsStatsService
01-02 13:14:51.187 1586 1586 I SystemServiceManager: Starting com.android.server.BinderCallsStatsService$LifeCycle
01-02 13:14:51.188 1383 1408 I ServiceManager: Waiting for service 'media.audio_policy' on '/dev/binder' successful after waiting 1608ms
01-02 13:14:51.191 1586 1586 D SystemServerTiming: StartLooperStatsService
01-02 13:14:51.191 1586 1586 I SystemServiceManager: Starting com.android.server.LooperStatsService$Lifecycle
01-02 13:14:51.193 1586 1586 D SystemServerTiming: StartRollbackManagerService
01-02 13:14:51.193 1586 1586 I SystemServiceManager: Starting com.android.server.rollback.RollbackManagerService
01-02 13:14:51.179 1186 1186 W binder:1186_2: type=1400 audit(0.0:293): avc: denied { getattr } for scontext=u:r:installd:s0 tcontext=u:r:system_server:s0 tclass=process permissive=0
01-02 13:14:51.196 1186 1186 D installd: Found quota mount /dev/block/by-name/userdata at /data
01-02 13:14:51.196 1186 1186 D installd: Found quota mount /dev/block/by-name/userdata at /data/user/0
01-02 13:14:51.199 1586 1586 I PackageWatchdog: Syncing state, reason: added new observer
01-02 13:14:51.199 1586 1586 I PackageWatchdog: Not pruning observers, elapsed time: 0ms
01-02 13:14:51.203 1586 1614 I PackageWatchdog: Saving observer state to file
01-02 13:14:51.205 1586 1647 W PackageManager: Skipping preparing app data for com.android.sdksandbox
01-02 13:14:51.189 1186 1186 W binder:1186_1: type=1400 audit(0.0:294): avc: denied { getattr } for scontext=u:r:installd:s0 tcontext=u:r:system_server:s0 tclass=process permissive=0
01-02 13:14:51.206 1186 1193 E installd: Failed to mark default storage /data/data/com.android.sdksandbox: No such file or directory
01-02 13:14:51.207 1586 1647 W PackageManager: Failed to migrate com.android.sdksandbox: android.os.ServiceSpecificException: Failed to mark default storage /data/data/com.android.sdksandbox (code 2)
01-02 13:14:51.208 1586 1647 W PackageManager: Skipping preparing app data for com.android.sdksandbox
01-02 13:14:51.199 1186 1186 W binder:1186_1: type=1400 audit(0.0:295): avc: denied { getattr } for scontext=u:r:installd:s0 tcontext=u:r:system_server:s0 tclass=process permissive=0
01-02 13:14:51.212 1586 1586 D SystemServerTiming: StartNativeTombstoneManagerService
01-02 13:14:51.212 1586 1586 I SystemServiceManager: Starting com.android.server.os.NativeTombstoneManagerService
01-02 13:14:51.213 1586 1586 D SystemServerTiming: StartBugreportManagerService
01-02 13:14:51.213 1586 1586 I SystemServiceManager: Starting com.android.server.os.BugreportManagerService
01-02 13:14:51.215 1586 1586 D SystemServerTiming: GpuService
01-02 13:14:51.215 1586 1586 I SystemServiceManager: Starting com.android.server.gpu.GpuService
01-02 13:14:51.215 1586 1586 D SystemServerTiming: startOtherServices
01-02 13:14:51.215 1586 1586 D SystemServerTiming: StartKeyAttestationApplicationIdProviderService
01-02 13:14:51.216 1586 1663 D SystemServerTimingAsync: InitThreadPoolExec:SecondaryZygotePreload
01-02 13:14:51.216 1586 1663 I SystemServer: SecondaryZygotePreload
01-02 13:14:51.216 1586 1663 D SystemServerTimingAsync: SecondaryZygotePreload
01-02 13:14:51.217 1586 1586 D SystemServerTiming: StartKeyChainSystemService
01-02 13:14:51.218 1586 1586 I SystemServiceManager: Starting com.android.server.security.KeyChainSystemService
01-02 13:14:51.218 1586 1586 D SystemServerTiming: StartBinaryTransparencyService
01-02 13:14:51.218 1586 1586 I SystemServiceManager: Starting com.android.server.BinaryTransparencyService
01-02 13:14:51.219 1177 1177 I Zygote : Lazily preloading resources.
01-02 13:14:51.219 1177 1177 D Zygote : begin preload
01-02 13:14:51.219 1177 1177 I Zygote : Calling ZygoteHooks.beginPreload()
01-02 13:14:51.221 1586 1586 I TransparencyService: Started BinaryTransparencyService
01-02 13:14:51.221 1586 1586 D SystemServerTiming: StartSchedulingPolicyService
01-02 13:14:51.221 1175 1646 W adbd : timed out while waiting for FUNCTIONFS_BIND, trying again
01-02 13:14:51.221 1175 1646 I adbd : UsbFfs: connection terminated: monitor thread finished
01-02 13:14:51.221 1175 1175 I adbd : UsbFfs: already offline
01-02 13:14:51.221 1175 1175 I adbd : destroying transport UsbFfs
01-02 13:14:51.221 1175 1175 I adbd : UsbFfsConnection being destroyed
01-02 13:14:51.222 1586 1664 D SystemServerTimingAsync: InitThreadPoolExec:SchedulingPolicyService.
01-02 13:14:51.224 1586 1586 D SystemServerTiming: StartTelecomLoaderService
01-02 13:14:51.224 1586 1586 I SystemServiceManager: Starting com.android.server.telecom.TelecomLoaderService
01-02 13:14:51.226 1586 1586 D SystemServerTiming: StartTelephonyRegistry
01-02 13:14:51.230 1586 1586 D SystemServerTiming: StartEntropyMixer
01-02 13:14:51.231 1586 1586 I EntropyMixer: Loaded existing seed file
01-02 13:14:51.234 1586 1664 I SchedulingPolicyService: Moving 1211 back to group default
01-02 13:14:51.319 1586 1586 I EntropyMixer: Updated seed file
01-02 13:14:51.319 1586 1586 D SystemServerTiming: StartAccountManagerService
01-02 13:14:51.319 1586 1586 I SystemServiceManager: Starting com.android.server.accounts.AccountManagerService$Lifecycle
01-02 13:14:51.324 1586 1586 D CompatibilityChangeReporter: Compat change id reported: 148180766; UID 1000; state: ENABLED
01-02 13:14:51.325 1177 1177 I Zygote : Preloading classes...
01-02 13:14:51.327 1586 1586 D SystemServerTiming: StartContentService
01-02 13:14:51.327 1586 1586 I SystemServiceManager: Starting com.android.server.content.ContentService$Lifecycle
01-02 13:14:51.331 1586 1586 D SystemServerTiming: InstallSystemProviders
01-02 13:14:51.344 1177 1177 W Zygote : Class not found for preloading: android.app.SystemServiceRegistry$137
01-02 13:14:51.346 1186 1193 W cutils : Expected path /data/data/com.whatsapp with mode 700 but found 777
01-02 13:14:51.349 1175 1182 I adbd : opening control endpoint /dev/usb-ffs/adb/ep0
01-02 13:14:51.352 1175 1182 I adbd : UsbFfsConnection constructed
01-02 13:14:51.353 1175 1666 I adbd : UsbFfs-monitor thread spawned
01-02 13:14:51.391 1586 1586 W SettingsState: No settings state /data/system/users/0/settings_config.xml
01-02 13:14:51.415 1186 1193 W cutils : Expected path /data/data/com.android.vendinf with mode 700 but found 777
01-02 13:14:51.420 1586 1586 W ActivityManager: cgroup.freeze not present
01-02 13:14:51.421 1586 1615 D ActivityManager: Freezer disabled
01-02 13:14:51.421 1586 1586 D SystemServerTiming: UpdateWatchdogTimeout
01-02 13:14:51.421 1586 1586 I Watchdog: Watchdog timeout updated to 60000 millis
01-02 13:14:51.422 1586 1586 D SystemServerTiming: StartDropBoxManager
01-02 13:14:51.422 1586 1586 I SystemServiceManager: Starting com.android.server.DropBoxManagerService
01-02 13:14:51.423 1586 1586 D SystemServerTiming: StartRoleManagerService
01-02 13:14:51.424 1586 1586 I SystemServiceManager: Starting com.android.role.RoleService
01-02 13:14:51.424 1177 1177 I Typeface: Preloading /system/fonts/Roboto-Regular.ttf
01-02 13:14:51.426 1177 1177 I Typeface: Preloading /system/fonts/RobotoStatic-Regular.ttf
01-02 13:14:51.429 1586 1586 D SystemServerTiming: StartVibratorManagerService
01-02 13:14:51.429 1586 1586 I SystemServiceManager: Starting com.android.server.vibrator.VibratorManagerService$Lifecycle
01-02 13:14:51.433 372 372 I servicemanager: Could not find android.hardware.vibrator.IVibratorManager/default in the VINTF manifest.
01-02 13:14:51.434 372 372 I servicemanager: Could not find android.hardware.vibrator.IVibrator/default in the VINTF manifest.
01-02 13:14:51.435 372 372 E SELinux : avc: denied { find } for pid=1586 uid=1000 name=android.hardware.vibrator.IVibrator/vibratorfeature scontext=u:r:system_server:s0 tcontext=u:object_r:default_android_service:s0 tclass=service_manager permissive=0
01-02 13:14:51.435 1586 1586 W ServiceManager: Failed to get isDeclard for android.hardware.vibrator.IVibrator/vibratorfeature: Status(-1, EX_SECURITY): ''
01-02 13:14:51.436 372 372 E SELinux : avc: denied { find } for pid=1586 uid=1000 name=android.hardware.vibrator.IVibrator/vibratorfeature scontext=u:r:system_server:s0 tcontext=u:object_r:default_android_service:s0 tclass=service_manager permissive=0
01-02 13:14:51.436 1586 1586 W ServiceManager: Failed to get isDeclard for android.hardware.vibrator.IVibrator/vibratorfeature: Status(-1, EX_SECURITY): ''
01-02 13:14:51.442 1586 1586 D SystemServerTiming: StartDynamicSystemService
01-02 13:14:51.443 1586 1586 D SystemServerTiming: StartConsumerIrService
01-02 13:14:51.443 372 372 I servicemanager: Could not find android.hardware.ir.IConsumerIr/default in the VINTF manifest.
01-02 13:14:51.444 373 373 I hwservicemanager: getTransport: Cannot find entry android.hardware.ir@1.0::IConsumerIr/default in either framework or device VINTF manifest.
01-02 13:14:51.446 1586 1586 D SystemServerTiming: StartResourceEconomy
01-02 13:14:51.446 1586 1586 I SystemServiceManager: Starting com.android.server.tare.InternalResourceService
01-02 13:14:51.450 1586 1586 D SystemServerTiming: StartAlarmManagerService
01-02 13:14:51.451 1586 1586 I SystemServiceManager: Starting com.android.server.alarm.AlarmManagerService
01-02 13:14:51.455 1586 1586 D AlarmManagerService: Kernel timezone updated to -60 minutes west of GMT
01-02 13:14:51.455 1586 1586 D CompatibilityChangeReporter: Compat change id reported: 160794467; UID 1000; state: ENABLED
01-02 13:14:51.458 1586 1586 D SystemServerTiming: StartInputManagerService
01-02 13:14:51.462 926 932 I ServiceManager: Waiting for service 'statscompanion' on '/dev/binder'...
01-02 13:14:51.465 1586 1586 I InputManager: Initializing input manager, mUseDevInputEventForAudioJack=false
01-02 13:14:51.466 1586 1586 D SystemServerTiming: DeviceStateManagerService
01-02 13:14:51.466 1586 1586 I SystemServiceManager: Starting com.android.server.devicestate.DeviceStateManagerService
01-02 13:14:51.473 1586 1586 D SystemServerTiming: StartCameraServiceProxy
01-02 13:14:51.473 1586 1586 I SystemServiceManager: Starting com.android.server.camera.CameraServiceProxy
01-02 13:14:51.475 1443 1527 D BootAnimation: Playing files = /system/media/bootanimation.zip/part1, Requested repeat = 0, playUntilComplete = false
01-02 13:14:51.477 1586 1586 D SystemServerTiming: StartWindowManagerService
01-02 13:14:51.477 1586 1586 I SystemServiceManager: Starting phase 200
01-02 13:14:51.477 1586 1586 D SystemServerTiming: OnBootPhase_200
01-02 13:14:51.477 1586 1586 D SystemServerTiming: OnBootPhase_200_com.android.server.security.FileIntegrityService
01-02 13:14:51.477 1586 1586 D SystemServerTiming: OnBootPhase_200_com.android.server.pm.Installer
01-02 13:14:51.477 1586 1586 D SystemServerTiming: OnBootPhase_200_com.android.server.os.DeviceIdentifiersPolicyService
01-02 13:14:51.477 1586 1586 D SystemServerTiming: OnBootPhase_200_com.android.server.uri.UriGrantsManagerService$Lifecycle
01-02 13:14:51.477 1586 1586 D SystemServerTiming: OnBootPhase_200_com.android.server.powerstats.PowerStatsService
01-02 13:14:51.477 1586 1586 D SystemServerTiming: OnBootPhase_200_com.android.server.wm.ActivityTaskManagerService$Lifecycle
01-02 13:14:51.477 1586 1586 D SystemServerTiming: OnBootPhase_200_com.android.server.am.ActivityManagerService$Lifecycle
01-02 13:14:51.477 1586 1586 D SystemServerTiming: OnBootPhase_200_com.android.server.pm.DataLoaderManagerService
01-02 13:14:51.477 1586 1586 D SystemServerTiming: OnBootPhase_200_com.android.server.power.PowerManagerService
01-02 13:14:51.477 1586 1586 D SystemServerTiming: OnBootPhase_200_com.android.server.power.ThermalManagerService
01-02 13:14:51.477 1586 1586 D SystemServerTiming: OnBootPhase_200_com.android.server.power.hint.HintManagerService
01-02 13:14:51.477 1586 1586 D SystemServerTiming: OnBootPhase_200_com.android.server.recoverysystem.RecoverySystemService$Lifecycle
01-02 13:14:51.477 1586 1586 D SystemServerTiming: OnBootPhase_200_com.android.server.lights.LightsService
01-02 13:14:51.477 1586 1586 D SystemServerTiming: OnBootPhase_200_com.android.server.display.DisplayManagerService
01-02 13:14:51.477 1586 1586 D SystemServerTiming: OnBootPhase_200_com.android.server.pm.verify.domain.DomainVerificationService
01-02 13:14:51.477 1586 1586 D SystemServerTiming: OnBootPhase_200_com.android.server.pm.PackageInstallerService$Lifecycle
01-02 13:14:51.477 1586 1586 D SystemServerTiming: OnBootPhase_200_com.android.server.pm.UserManagerService$LifeCycle
01-02 13:14:51.477 1586 1586 D SystemServerTiming: OnBootPhase_200_com.android.server.om.OverlayManagerService
01-02 13:14:51.477 1586 1586 D SystemServerTiming: OnBootPhase_200_com.android.server.resources.ResourcesManagerService
01-02 13:14:51.477 1586 1586 D SystemServerTiming: OnBootPhase_200_com.android.server.sensorprivacy.SensorPrivacyService
01-02 13:14:51.477 1586 1586 D SystemServerTiming: OnBootPhase_200_com.android.server.sensors.SensorService
01-02 13:14:51.477 1586 1586 D SystemServerTiming: OnBootPhase_200_com.android.server.SystemConfigService
01-02 13:14:51.477 1586 1586 D SystemServerTiming: OnBootPhase_200_com.android.server.BatteryService
01-02 13:14:51.477 1586 1586 D SystemServerTiming: OnBootPhase_200_com.android.server.usage.UsageStatsService
01-02 13:14:51.477 1586 1586 D SystemServerTiming: OnBootPhase_200_com.android.server.webkit.WebViewUpdateService
01-02 13:14:51.477 1586 1586 D SystemServerTiming: OnBootPhase_200_com.android.server.CachedDeviceStateService
01-02 13:14:51.477 1586 1586 D SystemServerTiming: OnBootPhase_200_com.android.server.BinderCallsStatsService$LifeCycle
01-02 13:14:51.477 1586 1586 D SystemServerTiming: OnBootPhase_200_com.android.server.LooperStatsService$Lifecycle
01-02 13:14:51.477 1586 1586 D SystemServerTiming: OnBootPhase_200_com.android.server.rollback.RollbackManagerService
01-02 13:14:51.477 1586 1586 D SystemServerTiming: OnBootPhase_200_com.android.server.os.NativeTombstoneManagerService
01-02 13:14:51.477 1586 1586 D SystemServerTiming: OnBootPhase_200_com.android.server.os.BugreportManagerService
01-02 13:14:51.477 1586 1586 D SystemServerTiming: OnBootPhase_200_com.android.server.gpu.GpuService
01-02 13:14:51.478 1586 1586 D SystemServerTiming: OnBootPhase_200_com.android.server.security.KeyChainSystemService
01-02 13:14:51.478 1586 1586 D SystemServerTiming: OnBootPhase_200_com.android.server.BinaryTransparencyService
01-02 13:14:51.478 1586 1586 D SystemServerTiming: OnBootPhase_200_com.android.server.telecom.TelecomLoaderService
01-02 13:14:51.478 1586 1586 D SystemServerTiming: OnBootPhase_200_com.android.server.accounts.AccountManagerService$Lifecycle
01-02 13:14:51.478 1586 1586 D SystemServerTiming: OnBootPhase_200_com.android.server.content.ContentService$Lifecycle
01-02 13:14:51.478 1586 1586 D SystemServerTiming: OnBootPhase_200_com.android.server.DropBoxManagerService
01-02 13:14:51.478 1586 1586 D SystemServerTiming: OnBootPhase_200_com.android.role.RoleService
01-02 13:14:51.478 1586 1586 D SystemServerTiming: OnBootPhase_200_com.android.server.vibrator.VibratorManagerService$Lifecycle
01-02 13:14:51.478 1586 1586 D SystemServerTiming: OnBootPhase_200_com.android.server.tare.InternalResourceService
01-02 13:14:51.478 1586 1586 D SystemServerTiming: OnBootPhase_200_com.android.server.alarm.AlarmManagerService
01-02 13:14:51.478 1586 1586 D SystemServerTiming: OnBootPhase_200_com.android.server.devicestate.DeviceStateManagerService
01-02 13:14:51.478 1586 1586 D SystemServerTiming: OnBootPhase_200_com.android.server.camera.CameraServiceProxy
01-02 13:14:51.479 1586 1586 I WindowManager: No existing display settings, starting empty
01-02 13:14:51.488 1586 1608 I WindowTracing: Setting window tracing log level to 1
01-02 13:14:51.488 1586 1608 I WindowTracing: Setting window tracing buffer capacity to 10485760bytes
01-02 13:14:51.502 1586 1586 D SystemServerTiming: SetWindowManagerService
01-02 13:14:51.502 1177 1177 E ActivityRecognitionHardware: activity_recognition HAL is deprecated. class_init is effectively a no-op
01-02 13:14:51.552 1586 1586 I ActivityTaskManager: Loaded persisted task ids for user 0
01-02 13:14:51.555 1586 1586 D SystemServerTiming: WindowManagerServiceOnInitReady
01-02 13:14:51.565 1586 1606 W ExtconUEventObserver: /sys/class/extcon exists false isDir false but listFiles returns null.This probably means the selinux policies need to be changed.
01-02 13:14:51.567 1586 1586 D SystemServerTiming: StartInputManager
01-02 13:14:51.568 1586 1586 I InputManager: Starting input manager
01-02 13:14:51.568 1586 1675 D SystemServerTimingAsync: InitThreadPoolExec:StartHidlServices
01-02 13:14:51.568 1586 1675 D SystemServerTimingAsync: StartHidlServices
01-02 13:14:51.570 1586 1675 I HidlServiceManagement: Registered android.frameworks.sensorservice@1.0::ISensorManager/default
01-02 13:14:51.570 1186 1193 W cutils : Expected path /data/data/com.alex193a.watweaker with mode 700 but found 755
01-02 13:14:51.571 1586 1677 D EventHub: No input device configuration file found for device 'huawei,ts_kit'.
01-02 13:14:51.572 1586 1675 I HidlServiceManagement: Registered android.frameworks.schedulerservice@1.0::ISchedulingPolicyService/default
01-02 13:14:51.573 1586 1586 I InputManager: Enabling motion classifier because just booted: feature enabled, long press timeout = 400
01-02 13:14:51.573 1586 1586 I InputClassifier: Enabling motion classifier
01-02 13:14:51.574 1586 1586 D SystemServerTiming: DisplayManagerWindowManagerAndInputReady
01-02 13:14:51.575 1586 1586 D SystemServerTiming: StartBluetoothService
01-02 13:14:51.575 372 372 I servicemanager: Could not find android.hardware.input.processor.IInputProcessor/default in the VINTF manifest.
01-02 13:14:51.575 1586 1678 I InputClassifier: HAL android.hardware.input.processor.IInputProcessor/default is not declared
01-02 13:14:51.576 1586 1608 I LogicalDisplayMapper: Requesting Transition to state: 0, from state=-1, interactive=true
01-02 13:14:51.576 1586 1608 I LogicalDisplayMapper: Applying layout: [{addr: {port=0}, dispId: 0(ON)}], Previous layout: [{addr: {port=0}, dispId: 0(ON)}]
01-02 13:14:51.581 1586 1586 I SystemServiceManager: Starting com.android.server.bluetooth.BluetoothService
01-02 13:14:51.583 1586 1677 W EventHub: Unable to disable kernel key repeat for /dev/input/event4: Function not implemented
01-02 13:14:51.583 1586 1677 I EventHub: usingClockIoctl=true
01-02 13:14:51.583 1586 1677 I EventHub: New device: id=1, fd=176, path='/dev/input/event4', name='huawei,ts_kit', classes=KEYBOARD | TOUCH | TOUCH_MT, configuration='', keyLayout='/system/usr/keylayout/Generic.kl', keyCharacterMap='/system/usr/keychars/Generic.kcm', builtinKeyboard=false,
01-02 13:14:51.583 1586 1677 E EventHub: Could not get device name for /dev/input/mice: Inappropriate ioctl for device
01-02 13:14:51.583 1586 1677 E EventHub: could not get driver version for /dev/input/mice, Inappropriate ioctl for device
01-02 13:14:51.587 1586 1586 D BluetoothManagerService: Loading stored name and address
01-02 13:14:51.587 1586 1586 D BluetoothManagerService: Stored bluetooth Name=ANE-LX1,Address=98:9C:57:12:C0:65
01-02 13:14:51.588 1586 1586 D BluetoothManagerService: Bluetooth persisted state: 0
01-02 13:14:51.589 1586 1586 D BluetoothManagerService: Detected SystemUiUid: 10104
01-02 13:14:51.589 1586 1586 D SystemServerTiming: IpConnectivityMetrics
01-02 13:14:51.589 1586 1586 I SystemServiceManager: Starting com.android.server.connectivity.IpConnectivityMetrics
01-02 13:14:51.590 1586 1586 D SystemServerTiming: NetworkWatchlistService
01-02 13:14:51.590 1586 1586 I SystemServiceManager: Starting com.android.server.net.watchlist.NetworkWatchlistService$Lifecycle
01-02 13:14:51.594 1586 1586 I WatchlistSettings: Reload watchlist settings done
01-02 13:14:51.595 1586 1680 I WatchlistLoggingHandler: No need to aggregate record yet.
01-02 13:14:51.595 1586 1680 I WatchlistLoggingHandler: Milliseconds spent on tryAggregateRecords(): 0
01-02 13:14:51.596 1586 1586 D SystemServerTiming: PinnerService
01-02 13:14:51.596 1586 1586 I SystemServiceManager: Starting com.android.server.PinnerService
01-02 13:14:51.597 1586 1586 V HistoricalRegistry: Interaction before persistence initialized
01-02 13:14:51.599 1586 1586 D SystemServerTiming: SignedConfigService
01-02 13:14:51.599 1586 1586 D SystemServerTiming: AppIntegrityService
01-02 13:14:51.599 1586 1586 I SystemServiceManager: Starting com.android.server.integrity.AppIntegrityManagerService
01-02 13:14:51.601 1586 1586 E IntegrityFileManager: Error creating staging and rules directory
01-02 13:14:51.603 1586 1586 D SystemServerTiming: StartLogcatManager
01-02 13:14:51.603 1586 1586 I SystemServiceManager: Starting com.android.server.logcat.LogcatManagerService
01-02 13:14:51.620 1586 1677 E KeyLayoutMap: /vendor/usr/keylayout/fingerprint.kl:15: Expected key code label, got 'KEYCODE_FINGERPRINT_FINGER_UP'.
01-02 13:14:51.620 1586 1677 E Tokenizer: Error opening file '': No such file or directory
01-02 13:14:51.620 1586 1677 E KeyLayoutMap: Error -2 opening key layout map file .
01-02 13:14:51.620 1586 1677 E KeyLayoutMap: /vendor/usr/keylayout/fingerprint.kl:15: Expected key code label, got 'KEYCODE_FINGERPRINT_FINGER_UP'.
01-02 13:14:51.620 1586 1677 E Tokenizer: Error opening file '': No such file or directory
01-02 13:14:51.620 1586 1677 E KeyLayoutMap: Error -2 opening key layout map file .
01-02 13:14:51.622 1586 1677 W EventHub: Unable to disable kernel key repeat for /dev/input/event2: Function not implemented
01-02 13:14:51.622 1586 1677 I EventHub: usingClockIoctl=true
01-02 13:14:51.622 1586 1677 I EventHub: New device: id=2, fd=183, path='/dev/input/event2', name='fingerprint', classes=KEYBOARD, configuration='/vendor/usr/idc/fingerprint.idc', keyLayout='/system/usr/keylayout/Generic.kl', keyCharacterMap='/system/usr/keychars/Generic.kcm', builtinKeyboard=true,
01-02 13:14:51.623 1586 1677 D EventHub: No input device configuration file found for device 'HI6250_hi6555c_CARD Headset Jack'.
01-02 13:14:51.625 1586 1677 W EventHub: Unable to disable kernel key repeat for /dev/input/event3: Function not implemented
01-02 13:14:51.625 1586 1677 I EventHub: usingClockIoctl=true
01-02 13:14:51.625 1586 1677 I EventHub: New device: id=3, fd=184, path='/dev/input/event3', name='HI6250_hi6555c_CARD Headset Jack', classes=KEYBOARD | SWITCH, configuration='', keyLayout='/system/usr/keylayout/Generic.kl', keyCharacterMap='/system/usr/keychars/Generic.kcm', builtinKeyboard=false,
01-02 13:14:51.626 1586 1677 D EventHub: No input device configuration file found for device 'hisi_gpio_key'.
01-02 13:14:51.628 1586 1677 W EventHub: Unable to disable kernel key repeat for /dev/input/event0: Function not implemented
01-02 13:14:51.628 1586 1677 I EventHub: usingClockIoctl=true
01-02 13:14:51.628 1586 1677 I EventHub: New device: id=4, fd=185, path='/dev/input/event0', name='hisi_gpio_key', classes=KEYBOARD, configuration='', keyLayout='/system/usr/keylayout/Generic.kl', keyCharacterMap='/system/usr/keychars/Generic.kcm', builtinKeyboard=false,
01-02 13:14:51.628 1586 1677 D EventHub: No input device configuration file found for device 'hisi_on'.
01-02 13:14:51.631 1586 1677 W EventHub: Unable to disable kernel key repeat for /dev/input/event1: Function not implemented
01-02 13:14:51.631 1586 1677 I EventHub: usingClockIoctl=true
01-02 13:14:51.631 1586 1677 I EventHub: New device: id=5, fd=186, path='/dev/input/event1', name='hisi_on', classes=KEYBOARD, configuration='', keyLayout='/system/usr/keylayout/Generic.kl', keyCharacterMap='/system/usr/keychars/Generic.kcm', builtinKeyboard=false,
01-02 13:14:51.635 1586 1677 I InputReader: Device added: id=-1, eventHubId=-1, name='Virtual', descriptor='a718a782d34bc767f4689c232d64d527998ea7fd',sources=KEYBOARD | DPAD
01-02 13:14:51.635 1586 1677 I InputReader: Device added: id=2, eventHubId=5, name='hisi_on', descriptor='0b8880f3bfb9b8911feb1902fa64f3914ea4e084',sources=KEYBOARD
01-02 13:14:51.635 1586 1677 I InputReader: Device added: id=3, eventHubId=4, name='hisi_gpio_key', descriptor='2ffdd6a1bf8a4cbe7b5de5f4d03609f3340c4c76',sources=KEYBOARD
01-02 13:14:51.635 1586 1677 I InputReader: Device added: id=4, eventHubId=3, name='HI6250_hi6555c_CARD Headset Jack', descriptor='6e67329d3764f9011b821e8d0c344600ce5721f9',sources=KEYBOARD
01-02 13:14:51.636 1586 1677 I InputReader: Device added: id=0, eventHubId=0, name='fingerprint', descriptor='94605cc6d11050165b0e47ce7d8b3046d370abd5',sources=KEYBOARD
01-02 13:14:51.636 1586 1677 I InputReader: Touch device 'huawei,ts_kit' could not query the properties of its associated display. The device will be inoperable until the display size becomes available.
01-02 13:14:51.636 1586 1677 I InputReader: Device added: id=5, eventHubId=1, name='huawei,ts_kit', descriptor='44e714118b8ef2f71c12250d7321ced2278524d5',sources=KEYBOARD | TOUCHSCREEN
01-02 13:14:51.638 1586 1586 I WindowManager: SAFE MODE not enabled
01-02 13:14:51.638 1586 1586 D SystemServerTiming: StartInputMethodManagerLifecycle
01-02 13:14:51.638 1586 1586 I SystemServiceManager: Starting com.android.server.inputmethod.InputMethodManagerService$Lifecycle
01-02 13:14:51.645 1586 1586 D SystemServerTiming: StartAccessibilityManagerService
01-02 13:14:51.645 1586 1586 I SystemServiceManager: Starting com.android.server.accessibility.AccessibilityManagerService$Lifecycle
01-02 13:14:51.650 1586 1586 D SystemServerTiming: MakeDisplayReady
01-02 13:14:51.655 1586 1586 I ActivityTaskManager: Config changes=20005df8 {1.0 ?mcc?mnc [de_DE] ldltr sw424dp w424dp h847dp 408dpi nrml long port ?uimode ?night -touch -keyb/v/h -nav/h winConfig={ mBounds=Rect(0, 0 - 1080, 2160) mAppBounds=Rect(0, 0 - 1080, 2160) mMaxBounds=Rect(0, 0 - 1080, 2160) mDisplayRotation=ROTATION_0 mWindowingMode=fullscreen mDisplayWindowingMode=fullscreen mActivityType=undefined mAlwaysOnTop=undefined mRotation=ROTATION_0} s.2 ?fontWeightAdjustment}
01-02 13:14:51.658 1586 1586 I WindowManager: Override config changes=60007dfc {1.0 ?mcc?mnc [de_DE] ldltr sw424dp w424dp h847dp 408dpi nrml long port ?uimode ?night -touch -keyb/v/h -nav/h winConfig={ mBounds=Rect(0, 0 - 1080, 2160) mAppBounds=Rect(0, 0 - 1080, 2160) mMaxBounds=Rect(0, 0 - 1080, 2160) mDisplayRotation=ROTATION_0 mWindowingMode=fullscreen mDisplayWindowingMode=fullscreen mActivityType=undefined mAlwaysOnTop=undefined mRotation=ROTATION_0} s.2 ?fontWeightAdjustment} for displayId=0
01-02 13:14:51.669 1586 1608 I InputManager-JNI: Viewport [0] to add: local:0, isActive: false
01-02 13:14:51.670 1586 1677 I InputReader: Reconfiguring input devices, changes=DISPLAY_INFO |
01-02 13:14:51.670 1586 1677 I InputReader: Disabling huawei,ts_kit (device 5) because the associated viewport is not active
01-02 13:14:51.670 1586 1677 I InputReader: Device reconfigured: id=5, name='huawei,ts_kit', size 1081x2161, orientation 0, mode 0, display id 0
01-02 13:14:51.671 1586 1586 I ActivityTaskManager: Config changes=8 {1.0 ?mcc?mnc [de_DE] ldltr sw424dp w424dp h847dp 408dpi nrml long port ?uimode ?night finger -keyb/v/h -nav/h winConfig={ mBounds=Rect(0, 0 - 1080, 2160) mAppBounds=Rect(0, 0 - 1080, 2160) mMaxBounds=Rect(0, 0 - 1080, 2160) mDisplayRotation=ROTATION_0 mWindowingMode=fullscreen mDisplayWindowingMode=fullscreen mActivityType=undefined mAlwaysOnTop=undefined mRotation=ROTATION_0} s.4 ?fontWeightAdjustment}
01-02 13:14:51.671 1186 1193 W cutils : Expected path /data/data/com.google.android.gms with mode 700 but found 711
01-02 13:14:51.673 1186 1193 W cutils : Expected path /data/user_de/0/com.google.android.gms with mode 700 but found 711
01-02 13:14:51.674 1586 1586 I WindowManager: Override config changes=8 {1.0 ?mcc?mnc [de_DE] ldltr sw424dp w424dp h847dp 408dpi nrml long port ?uimode ?night finger -keyb/v/h -nav/h winConfig={ mBounds=Rect(0, 0 - 1080, 2160) mAppBounds=Rect(0, 0 - 1080, 2160) mMaxBounds=Rect(0, 0 - 1080, 2160) mDisplayRotation=ROTATION_0 mWindowingMode=fullscreen mDisplayWindowingMode=fullscreen mActivityType=undefined mAlwaysOnTop=undefined mRotation=ROTATION_0} s.4 ?fontWeightAdjustment} for displayId=0
01-02 13:14:51.678 1586 1586 D SystemServerTiming: StartStorageManagerService
01-02 13:14:51.678 1586 1586 I SystemServiceManager: Starting com.android.server.StorageManagerService$Lifecycle
01-02 13:14:51.669 1683 1683 W extra_free_kbyt: type=1400 audit(0.0:296): avc: denied { sys_admin } for capability=21 scontext=u:r:extra_free_kbytes:s0 tcontext=u:r:extra_free_kbytes:s0 tclass=capability permissive=0
01-02 13:14:51.669 1186 1186 W binder:1186_2: type=1400 audit(0.0:297): avc: denied { getattr } for scontext=u:r:installd:s0 tcontext=u:r:system_server:s0 tclass=process permissive=0
01-02 13:14:51.683 1186 1186 D installd: Found quota mount /dev/block/by-name/userdata at /data
01-02 13:14:51.683 1186 1186 D installd: Found quota mount /dev/block/by-name/userdata at /data/user/0
01-02 13:14:51.689 381 381 W binder:381_2: type=1400 audit(0.0:298): avc: denied { getattr } for scontext=u:r:vold:s0 tcontext=u:r:system_server:s0 tclass=process permissive=0
01-02 13:14:51.689 381 381 W binder:381_2: type=1400 audit(0.0:299): avc: denied { getattr } for scontext=u:r:vold:s0 tcontext=u:r:system_server:s0 tclass=process permissive=0
01-02 13:14:51.699 1586 1586 D SystemServerTiming: StartStorageStatsService
01-02 13:14:51.699 1586 1586 I SystemServiceManager: Starting com.android.server.usage.StorageStatsService$Lifecycle
01-02 13:14:51.700 1586 1684 D StorageManagerService: Thinking about init, mBootCompleted=false, mDaemonConnected=true
01-02 13:14:51.701 1586 1684 D StorageManagerService: Thinking about reset, mBootCompleted=false, mDaemonConnected=true
01-02 13:14:51.701 1586 1684 D StorageManagerService: Thinking about init, mBootCompleted=false, mDaemonConnected=true
01-02 13:14:51.701 1586 1684 D StorageManagerService: Thinking about reset, mBootCompleted=false, mDaemonConnected=true
01-02 13:14:51.689 1186 1186 W binder:1186_2: type=1400 audit(0.0:300): avc: denied { getattr } for scontext=u:r:installd:s0 tcontext=u:r:system_server:s0 tclass=process permissive=0
01-02 13:14:51.702 1186 1186 D installd: Found quota mount /dev/block/by-name/userdata at /data
01-02 13:14:51.702 1186 1186 D installd: Found quota mount /dev/block/by-name/userdata at /data/user/0
01-02 13:14:51.704 1186 1186 D installd: Found quota mount /dev/block/by-name/userdata at /data
01-02 13:14:51.704 1186 1186 D installd: Found quota mount /dev/block/by-name/userdata at /data/user/0
01-02 13:14:51.689 1186 1186 W binder:1186_2: type=1400 audit(0.0:301): avc: denied { getattr } for scontext=u:r:installd:s0 tcontext=u:r:system_server:s0 tclass=process permissive=0
01-02 13:14:51.708 1586 1586 D SystemServerTiming: StartUiModeManager
01-02 13:14:51.708 1586 1586 I SystemServiceManager: Starting com.android.server.UiModeManagerService
01-02 13:14:51.709 1586 1685 D SystemServerTimingAsync: InitThreadPoolExec:UiModeManager.onStart
01-02 13:14:51.699 1186 1186 W binder:1186_2: type=1400 audit(0.0:302): avc: denied { getattr } for scontext=u:r:installd:s0 tcontext=u:r:system_server:s0 tclass=process permissive=0
01-02 13:14:51.699 1186 1186 W binder:1186_2: type=1400 audit(0.0:303): avc: denied { getattr } for scontext=u:r:installd:s0 tcontext=u:r:system_server:s0 tclass=process permissive=0
01-02 13:14:51.699 1186 1186 W binder:1186_2: type=1400 audit(0.0:304): avc: denied { getattr } for scontext=u:r:installd:s0 tcontext=u:r:system_server:s0 tclass=process permissive=0
01-02 13:14:51.699 1186 1186 W binder:1186_2: type=1400 audit(0.0:305): avc: denied { getattr } for scontext=u:r:installd:s0 tcontext=u:r:system_server:s0 tclass=process permissive=0
01-02 13:14:51.699 1186 1186 W binder:1186_2: type=1400 audit(0.0:306): avc: denied { getattr } for scontext=u:r:installd:s0 tcontext=u:r:system_server:s0 tclass=process permissive=0
01-02 13:14:51.699 1186 1186 W binder:1186_4: type=1400 audit(0.0:307): avc: denied { getattr } for scontext=u:r:installd:s0 tcontext=u:r:system_server:s0 tclass=process permissive=0
01-02 13:14:51.699 1186 1186 W binder:1186_4: type=1400 audit(0.0:308): avc: denied { getattr } for scontext=u:r:installd:s0 tcontext=u:r:system_server:s0 tclass=process permissive=0
01-02 13:14:51.711 1586 1586 D SystemServerTiming: StartLocaleManagerService
01-02 13:14:51.711 1586 1586 I SystemServiceManager: Starting com.android.server.locales.LocaleManagerService
01-02 13:14:51.699 1186 1186 W binder:1186_4: type=1400 audit(0.0:309): avc: denied { getattr } for scontext=u:r:installd:s0 tcontext=u:r:system_server:s0 tclass=process permissive=0
01-02 13:14:51.699 1186 1186 W binder:1186_4: type=1400 audit(0.0:310): avc: denied { getattr } for scontext=u:r:installd:s0 tcontext=u:r:system_server:s0 tclass=process permissive=0
01-02 13:14:51.699 1186 1186 W binder:1186_4: type=1400 audit(0.0:311): avc: denied { getattr } for scontext=u:r:installd:s0 tcontext=u:r:system_server:s0 tclass=process permissive=0
01-02 13:14:51.699 1186 1186 W binder:1186_4: type=1400 audit(0.0:312): avc: denied { getattr } for scontext=u:r:installd:s0 tcontext=u:r:system_server:s0 tclass=process permissive=0
01-02 13:14:51.699 1186 1186 W binder:1186_4: type=1400 audit(0.0:313): avc: denied { getattr } for scontext=u:r:installd:s0 tcontext=u:r:system_server:s0 tclass=process permissive=0
01-02 13:14:51.699 1186 1186 W binder:1186_4: type=1400 audit(0.0:314): avc: denied { getattr } for scontext=u:r:installd:s0 tcontext=u:r:system_server:s0 tclass=process permissive=0
01-02 13:14:51.699 1186 1186 W binder:1186_4: type=1400 audit(0.0:315): avc: denied { getattr } for scontext=u:r:installd:s0 tcontext=u:r:system_server:s0 tclass=process permissive=0
01-02 13:14:51.699 1186 1186 W binder:1186_4: type=1400 audit(0.0:316): avc: denied { getattr } for scontext=u:r:installd:s0 tcontext=u:r:system_server:s0 tclass=process permissive=0
01-02 13:14:51.716 1586 1586 D SystemServerTiming: UpdatePackagesIfNeeded
01-02 13:14:51.699 1186 1186 W binder:1186_4: type=1400 audit(0.0:317): avc: denied { getattr } for scontext=u:r:installd:s0 tcontext=u:r:system_server:s0 tclass=process permissive=0
01-02 13:14:51.716 1586 1586 I Watchdog: Pausing HandlerChecker: main thread for reason: dexopt. Pause count: 1
01-02 13:14:51.699 1186 1186 W binder:1186_4: type=1400 audit(0.0:318): avc: denied { getattr } for scontext=u:r:installd:s0 tcontext=u:r:system_server:s0 tclass=process permissive=0
01-02 13:14:51.699 1186 1186 W binder:1186_4: type=1400 audit(0.0:319): avc: denied { getattr } for scontext=u:r:installd:s0 tcontext=u:r:system_server:s0 tclass=process permissive=0
01-02 13:14:51.709 1186 1186 W binder:1186_4: type=1400 audit(0.0:320): avc: denied { getattr } for scontext=u:r:installd:s0 tcontext=u:r:system_server:s0 tclass=process permissive=0
01-02 13:14:51.709 1186 1186 W binder:1186_4: type=1400 audit(0.0:321): avc: denied { getattr } for scontext=u:r:installd:s0 tcontext=u:r:system_server:s0 tclass=process permissive=0
01-02 13:14:51.709 1186 1186 W binder:1186_4: type=1400 audit(0.0:322): avc: denied { getattr } for scontext=u:r:installd:s0 tcontext=u:r:system_server:s0 tclass=process permissive=0
01-02 13:14:51.709 1186 1186 W binder:1186_4: type=1400 audit(0.0:323): avc: denied { getattr } for scontext=u:r:installd:s0 tcontext=u:r:system_server:s0 tclass=process permissive=0
01-02 13:14:51.709 1186 1186 W binder:1186_4: type=1400 audit(0.0:324): avc: denied { getattr } for scontext=u:r:installd:s0 tcontext=u:r:system_server:s0 tclass=process permissive=0
01-02 13:14:51.709 1186 1186 W binder:1186_4: type=1400 audit(0.0:325): avc: denied { getattr } for scontext=u:r:installd:s0 tcontext=u:r:system_server:s0 tclass=process permissive=0
01-02 13:14:51.718 1586 1586 I Watchdog: Resuming HandlerChecker: main thread for reason: dexopt. Pause count: 0
01-02 13:14:51.718 1586 1586 D SystemServerTiming: PerformFstrimIfNeeded
01-02 13:14:51.709 1186 1186 W binder:1186_4: type=1400 audit(0.0:326): avc: denied { getattr } for scontext=u:r:installd:s0 tcontext=u:r:system_server:s0 tclass=process permissive=0
01-02 13:14:51.709 1186 1186 W binder:1186_4: type=1400 audit(0.0:327): avc: denied { getattr } for scontext=u:r:installd:s0 tcontext=u:r:system_server:s0 tclass=process permissive=0
01-02 13:14:51.709 1186 1186 W binder:1186_4: type=1400 audit(0.0:328): avc: denied { getattr } for scontext=u:r:installd:s0 tcontext=u:r:system_server:s0 tclass=process permissive=0
01-02 13:14:51.709 1186 1186 W binder:1186_4: type=1400 audit(0.0:329): avc: denied { getattr } for scontext=u:r:installd:s0 tcontext=u:r:system_server:s0 tclass=process permissive=0
01-02 13:14:51.709 1186 1186 W binder:1186_4: type=1400 audit(0.0:330): avc: denied { getattr } for scontext=u:r:installd:s0 tcontext=u:r:system_server:s0 tclass=process permissive=0
01-02 13:14:51.709 1186 1186 W binder:1186_4: type=1400 audit(0.0:331): avc: denied { getattr } for scontext=u:r:installd:s0 tcontext=u:r:system_server:s0 tclass=process permissive=0
01-02 13:14:51.719 1586 1586 D SystemServerTiming: StartLockSettingsService
01-02 13:14:51.719 1586 1586 I SystemServiceManager: Starting com.android.server.locksettings.LockSettingsService$Lifecycle
01-02 13:14:51.709 1186 1186 W binder:1186_4: type=1400 audit(0.0:332): avc: denied { getattr } for scontext=u:r:installd:s0 tcontext=u:r:system_server:s0 tclass=process permissive=0
01-02 13:14:51.709 1186 1186 W binder:1186_4: type=1400 audit(0.0:333): avc: denied { getattr } for scontext=u:r:installd:s0 tcontext=u:r:system_server:s0 tclass=process permissive=0
01-02 13:14:51.709 1186 1186 W binder:1186_4: type=1400 audit(0.0:334): avc: denied { getattr } for scontext=u:r:installd:s0 tcontext=u:r:system_server:s0 tclass=process permissive=0
01-02 13:14:51.709 1186 1186 W binder:1186_4: type=1400 audit(0.0:335): avc: denied { getattr } for scontext=u:r:installd:s0 tcontext=u:r:system_server:s0 tclass=process permissive=0
01-02 13:14:51.709 1186 1186 W binder:1186_4: type=1400 audit(0.0:336): avc: denied { getattr } for scontext=u:r:installd:s0 tcontext=u:r:system_server:s0 tclass=process permissive=0
