01-02 13:14:45.007 1565 1565 I OAM : [ini_get_log_str_cfg:1838]log_path_device_bfg not get set to default:/data/vendor/log/hi110x/bfg_log/:
01-02 13:14:45.007 1565 1565 I OAM : [ini_get_log_str_cfg:1856]log_path_device_bfg=/data/vendor/log/hi110x/bfg_log/:
01-02 13:14:45.009 1565 1565 I OAM : [get_former_log_num:2010]pc_directory:/data/vendor/log/hi110x/bfg_log/
01-02 13:14:45.009 1565 1565 I OAM :
01-02 13:14:45.009 1566 1566 E INI_SO : [ini_find_var:569]not find time!!!, check if var in correct mode
01-02 13:14:45.010 1566 1566 E INI_SO : [ini_find_var:569]not find time!!!, check if var in correct mode
01-02 13:14:45.011 1566 1566 E INI_SO : [ini_find_var:569]not find location!!!, check if var in correct mode
01-02 13:14:45.013 1566 1566 E INI_SO : [ini_find_var:569]not find location!!!, check if var in correct mode
01-02 13:14:45.014 1566 1566 E INI_SO : [ini_find_var:569]not find stub_position!!!, check if var in correct mode
01-02 13:14:45.015 1566 1566 E INI_SO : [ini_find_var:569]not find stub_position!!!, check if var in correct mode
01-02 13:14:45.017 1566 1566 E INI_SO : [ini_find_var:569]not find leap_second!!!, check if var in correct mode
01-02 13:14:45.019 1566 1566 E INI_SO : [ini_find_var:569]not find leap_second!!!, check if var in correct mode
01-02 13:14:45.026 1566 1566 E INI_SO : [ini_find_var:569]not find stub_delete_sv!!!, check if var in correct mode
01-02 13:14:45.027 1566 1566 E INI_SO : [ini_find_var:569]not find stub_delete_sv!!!, check if var in correct mode
01-02 13:14:45.028 1568 1568 I INI_SO : [ini_module_init:758]ini module init func
01-02 13:14:45.029 1566 1566 E INI_SO : [ini_find_var:569]not find stub_rawpower_weight!!!, check if var in correct mode
01-02 13:14:45.029 1567 1567 I INI_SO : [ini_module_init:758]ini module init func
01-02 13:14:45.030 1566 1566 E INI_SO : [ini_find_var:569]not find stub_rawpower_weight!!!, check if var in correct mode
01-02 13:14:45.031 1568 1568 I : SUPL Config Path:/data/vendor/gnss/gnss_suplconfig_hisi.xml
01-02 13:14:45.032 1567 1567 D GNSS_CONTROL: CTRL version: CTRL.002.020.008.118, 20180408, Info: Porting to Android P for Hi1102
01-02 13:14:45.036 1567 1567 D GNSS_CONTROL: hslp mode:1
01-02 13:14:45.036 1567 1567 D GNSS_CONTROL: fqdn:supl.google.com
01-02 13:14:45.036 1567 1567 D GNSS_CONTROL: ip addr:74.125.31.192
01-02 13:14:45.036 1567 1567 D GNSS_CONTROL: slp port:7275
01-02 13:14:45.036 1567 1567 D GNSS_CONTROL: secure:1
01-02 13:14:45.036 1567 1567 D GNSS_CONTROL: pgps switch: 1, rmdl switch: 1
01-02 13:14:45.037 1567 1567 D GNSS_CONTROL: del mode:0
01-02 13:14:45.037 1567 1567 D GNSS_CONTROL: stub 1 position, lat:35.000000, lon:105.000000
01-02 13:14:45.037 1567 1567 D GNSS_CONTROL: set_cdma_apn_list: ctwap,ctnet,ctlte
01-02 13:14:45.037 1567 1567 D GNSS_CONTROL: set_at_port_name: /dev/appvcom9
01-02 13:14:45.037 1567 1567 D GNSS_CONTROL: set_ref_clk_type: gu
01-02 13:14:45.037 1567 1567 D GNSS_CONTROL: set_cdma_modem_type: balong
01-02 13:14:45.037 1567 1567 D GNSS_CONTROL: set_stub_network_type: not stub
01-02 13:14:45.037 1567 1567 D GNSS_CONTROL: ip_addr=10.199.22.165, port=6066
01-02 13:14:45.037 1567 1567 D GNSS_CONTROL: ip_addr=10.199.22.165, port=6066
01-02 13:14:45.037 1567 1567 D GNSS_CONTROL: rpt_pde_fix_result_switch: 0
01-02 13:14:45.037 1567 1567 D GNSS_CONTROL: gnss2logcat:1, gnss2file:1, agnss2logcat:1, agnss2file:0
01-02 13:14:45.037 1567 1567 D GNSS_CONTROL: gnssdebuglevel:1, gnssinfolevel:1, gnsswarninglevel:1, gnsserrorlevel:1
01-02 13:14:45.037 1567 1567 D GNSS_CONTROL: agnssdebuglevel:0, agnssinfolevel:0, agnsswarninglevel:1, agnsserrorlevel:1
01-02 13:14:45.037 1567 1567 D GNSS_CONTROL: emergency call mode switch:2
01-02 13:14:45.039 1567 1567 E INI_SO : [ini_find_var:569]not find cp_fix_report_mode!!!, check if var in correct mode
01-02 13:14:45.040 1567 1567 E INI_SO : [ini_find_var:569]not find cp_fix_report_mode!!!, check if var in correct mode
01-02 13:14:45.041 1567 1567 W GNSS_CONTROL: can not find cp_fix_report_mode item
01-02 13:14:45.042 1567 1567 E INI_SO : [ini_find_var:569]not find xmode_ni_switch!!!, check if var in correct mode
01-02 13:14:45.044 1567 1567 E INI_SO : [ini_find_var:569]not find xmode_ni_switch!!!, check if var in correct mode
01-02 13:14:45.044 1567 1567 W GNSS_CONTROL: can not find xmode_ni_switch item
01-02 13:14:45.045 1566 1566 E INI_SO : [ini_find_var:569]not find extern_lna!!!, check if var in correct mode
01-02 13:14:45.045 1565 1565 I OAM : [get_former_log_num:2040]bfg_log_ log num : 50
01-02 13:14:45.045 1565 1565 I OAM :
01-02 13:14:45.045 1565 1565 D OAM : [ini_get_log_int_cfg:1781]---------------in ini_get_log_int_cfg func
01-02 13:14:45.046 1566 1566 E INI_SO : [ini_find_var:569]not find extern_lna!!!, check if var in correct mode
01-02 13:14:45.046 1565 1565 I OAM : [ini_get_log_int_cfg:1793]get ini var log_switch_device_wifi :1:
01-02 13:14:45.046 1565 1565 I OAM : [ini_get_log_int_cfg:1801]log_switch_device_wifi=1:
01-02 13:14:45.046 1565 1565 D OAM : [ini_get_log_int_cfg:1781]---------------in ini_get_log_int_cfg func
01-02 13:14:45.047 1567 1567 E INI_SO : [ini_find_var:569]not find pgps_switch!!!, check if var in correct mode
01-02 13:14:45.048 1565 1565 I OAM : [ini_get_log_int_cfg:1793]get ini var log_size_device_wifi :500:
01-02 13:14:45.048 1565 1565 I OAM : [ini_get_log_int_cfg:1801]log_size_device_wifi=500:
01-02 13:14:45.048 1565 1565 D OAM : [ini_get_log_int_cfg:1781]---------------in ini_get_log_int_cfg func
01-02 13:14:45.048 1567 1567 E INI_SO : [ini_find_var:569]not find pgps_switch!!!, check if var in correct mode
01-02 13:14:45.049 1567 1567 W GNSS_CONTROL: can not find pgps_switch item
01-02 13:14:45.049 1567 1567 D GNSS_CONTROL: log write file thread create successfully
01-02 13:14:45.049 1565 1565 I OAM : [ini_get_log_int_cfg:1793]get ini var log_num_device_wifi :150:
01-02 13:14:45.049 1565 1565 I OAM : [ini_get_log_int_cfg:1801]log_num_device_wifi=150:
01-02 13:14:45.049 1565 1565 D OAM : [ini_get_log_str_cfg:1826]---------------in ini_get_log_str_cfg func
01-02 13:14:45.051 1565 1565 E INI_SO : [ini_find_var:569]not find log_path_device_wifi!!!, check if var in correct mode
01-02 13:14:45.052 1565 1565 E INI_SO : [ini_find_var:569]not find log_path_device_wifi!!!, check if var in correct mode
01-02 13:14:45.052 1565 1565 I OAM : [ini_get_log_str_cfg:1838]log_path_device_wifi not get set to default:/data/vendor/log/wifi/:
01-02 13:14:45.052 1565 1565 I OAM : [ini_get_log_str_cfg:1856]log_path_device_wifi=/data/vendor/log/wifi/:
01-02 13:14:45.053 1565 1565 I OAM : [get_former_log_num:2010]pc_directory:/data/vendor/log/wifi/
01-02 13:14:45.053 1565 1565 I OAM :
01-02 13:14:45.057 1566 1566 E INI_SO : [ini_find_var:569]not find antijam_gps_mp_spur_freq!!!, check if var in correct mode
01-02 13:14:45.058 1566 1566 E INI_SO : [ini_find_var:569]not find antijam_gps_mp_spur_freq!!!, check if var in correct mode
01-02 13:14:45.059 1566 1566 E INI_SO : [ini_find_var:569]not find search_threshold!!!, check if var in correct mode
01-02 13:14:45.060 1566 1566 E INI_SO : [ini_find_var:569]not find search_threshold!!!, check if var in correct mode
01-02 13:14:45.061 1566 1566 E INI_SO : [ini_find_var:569]not find confirm_threshold!!!, check if var in correct mode
01-02 13:14:45.062 1566 1566 E INI_SO : [ini_find_var:569]not find confirm_threshold!!!, check if var in correct mode
01-02 13:14:45.064 1566 1566 E INI_SO : [ini_find_var:569]not find track_to_acq_threshold!!!, check if var in correct mode
01-02 13:14:45.065 1566 1566 E INI_SO : [ini_find_var:569]not find track_to_acq_threshold!!!, check if var in correct mode
01-02 13:14:45.065 1565 1565 I OAM : [get_former_log_num:2040]wifi_log_ log num : 25
01-02 13:14:45.065 1565 1565 I OAM :
01-02 13:14:45.065 1565 1565 I OAM : [is_user_type:2300]is user type
01-02 13:14:45.065 1565 1565 I OAM :
01-02 13:14:45.065 1565 1565 I OAM : [main:2515]is user type, wifi device log set to 10240KB
01-02 13:14:45.065 1565 1565 I OAM :
01-02 13:14:45.065 1565 1565 I OAM : [main:2519]is user type, bfg device log set to 10240KB
01-02 13:14:45.065 1565 1565 I OAM :
01-02 13:14:45.065 1565 1565 I OAM : [main:2522]is user type,dumpfile limit:10
01-02 13:14:45.065 1565 1565 I OAM :
01-02 13:14:45.065 1565 1565 I OAM : [oam_netlink_create:1654] inter oam_netlink_create
01-02 13:14:45.065 1565 1565 I OAM :
01-02 13:14:45.065 1565 1565 I OAM : [oam_netlink_create:1664] socket over
01-02 13:14:45.065 1565 1565 I OAM :
01-02 13:14:45.065 1565 1565 I OAM : [oam_netlink_create:1680] bind over
01-02 13:14:45.065 1565 1565 I OAM :
01-02 13:14:45.065 1565 1565 I OAM : [oam_netlink_send:1629] Netlink Sending message 32 bytes....
01-02 13:14:45.065 1565 1565 I OAM :
01-02 13:14:45.065 1565 1565 I OAM : [oam_pthread_create:1456]oam_pthread_create:: entry
01-02 13:14:45.065 1565 1565 I OAM :
01-02 13:14:45.067 1565 1575 I OAM : [oam_bfg_recv_pthread:890]oam_bfg_recv_pthread
01-02 13:14:45.067 1565 1575 I OAM :
01-02 13:14:45.067 1565 1574 I OAM : [oam_netlink_recv_pthread:728]oam_netlink_recv_pthread
01-02 13:14:45.067 1565 1574 I OAM :
01-02 13:14:45.067 1565 1565 I oam_hisi: property_get,hisi subchiptype:ro.boot.odm.conn.schiptype={hi1102}
01-02 13:14:45.067 1565 1565 I OAM : [bfgx_cali_init:1952]hi1102 ignore bfgx cali
01-02 13:14:45.067 1565 1565 I OAM :
01-02 13:14:45.068 1565 1576 I OAM : [memdump_bfgx_rotate_pthread:1255]memdump bfgx rotate pthread create
01-02 13:14:45.068 1565 1576 I OAM :
01-02 13:14:45.068 1565 1576 I OAM : [memdump_bfgx_rotate_pthread:1273]get sub_chiptype 0, choose len:2
01-02 13:14:45.070 1566 1566 E INI_SO : [ini_find_var:569]not find refclk_switch!!!, check if var in correct mode
01-02 13:14:45.071 1566 1566 E INI_SO : [ini_find_var:569]not find refclk_switch!!!, check if var in correct mode
01-02 13:14:45.072 1565 1565 I OAM : [main:2630]plat dfr and beatTimer timeOut reset cfg set sucess
01-02 13:14:45.072 1565 1565 I OAM :
01-02 13:14:45.072 1566 1566 E INI_SO : [ini_find_var:569]not find pgps_switch!!!, check if var in correct mode
01-02 13:14:45.072 1565 1577 I OAM : [memdump_wifi_rotate_pthread:1292]memdump wifi rotate pthread create
01-02 13:14:45.072 1565 1577 I OAM :
01-02 13:14:45.072 1565 1577 I OAM : [memdump_wifi_rotate_pthread:1307]get sub_chiptype 0, choose len:4
01-02 13:14:45.073 1566 1566 E INI_SO : [ini_find_var:569]not find pgps_switch!!!, check if var in correct mode
01-02 13:14:45.079 1566 1566 E INI_SO : [ini_find_var:569]not find bd_mask!!!, check if var in correct mode
01-02 13:14:45.080 1566 1566 E INI_SO : [ini_find_var:569]not find bd_mask!!!, check if var in correct mode
01-02 13:14:45.084 1566 1566 E INI_SO : [ini_find_var:569]not find log_path_gnss_baseband!!!, check if var in correct mode
01-02 13:14:45.086 1566 1566 E INI_SO : [ini_find_var:569]not find log_path_gnss_baseband!!!, check if var in correct mode
01-02 13:14:45.090 1566 1566 E INI_SO : [ini_find_var:569]not find log_path_gnss_host!!!, check if var in correct mode
01-02 13:14:45.091 1566 1566 E INI_SO : [ini_find_var:569]not find log_path_gnss_host!!!, check if var in correct mode
01-02 13:14:45.093 1566 1566 E INI_SO : [ini_find_var:569]not find xmode_chip_compensate!!!, check if var in correct mode
01-02 13:14:45.094 1566 1566 E INI_SO : [ini_find_var:569]not find xmode_chip_compensate!!!, check if var in correct mode
01-02 13:14:45.094 1566 1566 I GNSS_ENGINE: read config file finish!
01-02 13:14:45.094 1566 1566 I GNSS_ENGINE: enter the gnss engine main func!
01-02 13:14:45.094 1566 1566 I GNSS_ENGINE: config info init succ!
01-02 13:14:45.095 1566 1566 I GNSS_ENGINE: enter the accept function!
01-02 13:14:45.102 1176 1332 I zygote64: Background young concurrent copying GC freed 195078(8262KB) AllocSpace objects, 14(460KB) LOS objects, 47% free, 9621KB/17MB, paused 82us,20us total 102.331ms
01-02 13:14:45.730 1175 1552 W adbd : timed out while waiting for FUNCTIONFS_BIND, trying again
01-02 13:14:45.730 1175 1552 I adbd : UsbFfs: connection terminated: monitor thread finished
01-02 13:14:45.730 1175 1175 I adbd : UsbFfs: already offline
01-02 13:14:45.730 1175 1175 I adbd : destroying transport UsbFfs
01-02 13:14:45.730 1175 1175 I adbd : UsbFfsConnection being destroyed
01-02 13:14:45.859 1176 1176 I Zygote : ...preloaded 16251 classes in 2551ms.
01-02 13:14:45.868 1176 1176 D ApplicationLoaders: Created zygote-cached class loader: /system/framework/android.hidl.base-V1.0-java.jar
01-02 13:14:45.874 1176 1176 D ApplicationLoaders: Created zygote-cached class loader: /system/framework/android.hidl.manager-V1.0-java.jar
01-02 13:14:45.876 1175 1182 I adbd : opening control endpoint /dev/usb-ffs/adb/ep0
01-02 13:14:45.877 1175 1182 I adbd : UsbFfsConnection constructed
01-02 13:14:45.878 1175 1585 I adbd : UsbFfs-monitor thread spawned
01-02 13:14:45.880 1176 1176 D ApplicationLoaders: Created zygote-cached class loader: /system/framework/android.test.base.jar
01-02 13:14:45.880 1176 1176 I Zygote : Preloading resources...
01-02 13:14:45.896 1176 1176 W Resources: Preloaded drawable resource #0x1080287 (android:drawable/dialog_background_material) that varies with configuration!!
01-02 13:14:45.916 1176 1176 I Zygote : ...preloaded 64 resources in 35ms.
01-02 13:14:45.920 1176 1176 I Zygote : ...preloaded 41 resources in 4ms.
01-02 13:14:45.942 1176 1176 D libEGL : loaded /vendor/lib64/egl/libGLES_mali.so
01-02 13:14:45.972 1176 1176 I Zygote : Preloading shared libraries...
01-02 13:14:45.981 1176 1176 E zygote64: Unable to find pattern file or unable to map it for am
01-02 13:14:45.985 1176 1176 I Zygote : Called ZygoteHooks.endPreload()
01-02 13:14:45.985 1176 1176 I Zygote : Installed AndroidKeyStoreProvider in 1ms.
01-02 13:14:45.988 1176 1176 I Zygote : Warmed up JCA providers in 2ms.
01-02 13:14:45.988 1176 1176 D Zygote : end preload
01-02 13:14:46.093 1176 1176 I zygote64: Explicit concurrent copying GC freed 43008(2448KB) AllocSpace objects, 4(80KB) LOS objects, 55% free, 9812KB/21MB, paused 63us,20us total 104.701ms
01-02 13:14:46.189 1176 1176 I zygote64: Explicit concurrent copying GC freed 4936(219KB) AllocSpace objects, 1(28KB) LOS objects, 56% free, 9596KB/21MB, paused 38us,22us total 93.328ms
01-02 13:14:46.663 1176 1176 D Zygote : Forked child process 1586
01-02 13:14:46.663 1176 1176 I Zygote : System server process 1586 has been created
01-02 13:14:46.666 1176 1176 I Zygote : Accepting command socket connections
01-02 13:14:46.879 1175 1585 W adbd : timed out while waiting for FUNCTIONFS_BIND, trying again
01-02 13:14:46.879 1175 1585 I adbd : UsbFfs: connection terminated: monitor thread finished
01-02 13:14:46.879 1175 1175 I adbd : UsbFfs: already offline
01-02 13:14:46.879 1175 1175 I adbd : destroying transport UsbFfs
01-02 13:14:46.879 1175 1175 I adbd : UsbFfsConnection being destroyed
01-02 13:14:46.986 1175 1182 I adbd : opening control endpoint /dev/usb-ffs/adb/ep0
01-02 13:14:46.987 1175 1182 I adbd : UsbFfsConnection constructed
01-02 13:14:46.988 1175 1592 I adbd : UsbFfs-monitor thread spawned
01-02 13:14:46.994 1586 1586 W system_server: Failed to upload odrefresh metrics: metrics file '/data/misc/odrefresh/odrefresh-metrics.txt' could not be opened: No such file or directory
01-02 13:14:46.996 1586 1586 E system_server: Not starting debugger since process cannot load the jdwp agent.
01-02 13:14:47.030 1209 1406 I CameraDaemon: getTotalMemoryFromDDRInfo, buffer = 0x301
01-02 13:14:47.030 1209 1406 I CameraDaemon: , len = 6
01-02 13:14:47.031 1209 1406 I CameraDaemon: [getTotalMemoryFromDDRInfo] total memory =3145728KB
01-02 13:14:47.042 1586 1586 D SystemServerTiming: InitBeforeStartServices
01-02 13:14:47.046 1586 1586 I SystemServer: Entered the Android system server!
01-02 13:14:47.050 1209 1406 I CameraDaemon: HwCamMem mempoolcfg dumpMemInfo Free=2040308, Total=3145728, Pss=19129 mTimeOutCount=1
01-02 13:14:47.050 1209 1406 I CameraDaemon: HwCamMem checkMemPool dumpMemInfo CHECK_INTERVAL:5000 ms, passTime:43754 ms
01-02 13:14:47.253 873 893 I keystore2: keystore2::watchdog: Watchdog thread idle -> terminating. Have a great day.
01-02 13:14:47.317 1586 1586 I SystemServerInitThreadPool: Creating instance with 8 threads
01-02 13:14:47.607 1195 1195 W ServiceManager: Service package_native didn't start. Returning NULL
01-02 13:14:47.608 1195 1195 E storaged: getService package_native failed
01-02 13:14:47.612 1195 1603 I storaged: storaged: Start
01-02 13:14:47.617 1195 1603 I ServiceManager: Waiting for service 'package_native' on '/dev/binder'...
01-02 13:14:47.814 1586 1586 D SystemServerTiming: StartServices
01-02 13:14:47.814 1586 1586 D SystemServerTiming: startBootstrapServices
01-02 13:14:47.814 1586 1586 D SystemServerTiming: StartWatchdog
01-02 13:14:47.823 1586 1586 I SystemServer: Reading configuration...
01-02 13:14:47.823 1586 1586 D SystemServerTiming: ReadingSystemConfig
01-02 13:14:47.824 1586 1586 D SystemServerTiming: PlatformCompat
01-02 13:14:47.824 1586 1612 D SystemServerTimingAsync: InitThreadPoolExec:ReadingSystemConfig
01-02 13:14:47.826 1586 1586 D CompatConfig: Found a config file: /system/etc/compatconfig/icu4j-platform-compat-config.xml
01-02 13:14:47.826 1586 1612 I SystemConfig: Reading permissions from /system/etc/sysconfig/com.android.deskclock_whitelist.xml
01-02 13:14:47.827 1586 1586 D CompatConfig: Adding: com.android.server.compat.config.Change@f6eb405
01-02 13:14:47.828 1586 1612 I incfs : Initial API level of the device: 26
01-02 13:14:47.828 1586 1612 I incfs : ro.incremental.enable:
01-02 13:14:47.829 1586 1612 I SystemConfig: Reading permissions from /system/etc/sysconfig/hiddenapi-package-whitelist.xml
01-02 13:14:47.830 1586 1586 D CompatConfig: Found a config file: /system/etc/compatconfig/TeleService-platform-compat-config.xml
01-02 13:14:47.831 1586 1586 D CompatConfig: Adding: com.android.server.compat.config.Change@2ee1b68
01-02 13:14:47.831 1586 1586 D CompatConfig: Adding: com.android.server.compat.config.Change@62b8b81
01-02 13:14:47.831 1586 1586 D CompatConfig: Adding: com.android.server.compat.config.Change@bd1e426
01-02 13:14:47.831 1586 1586 D CompatConfig: Adding: com.android.server.compat.config.Change@745e867
01-02 13:14:47.831 1586 1586 D CompatConfig: Adding: com.android.server.compat.config.Change@c3d8614
01-02 13:14:47.831 1586 1586 D CompatConfig: Adding: com.android.server.compat.config.Change@c845ebd
01-02 13:14:47.832 1586 1612 I SystemConfig: Reading permissions from /system/etc/sysconfig/framework-sysconfig.xml
01-02 13:14:47.832 1586 1586 D CompatConfig: Found a config file: /system/etc/compatconfig/framework-platform-compat-config.xml
01-02 13:14:47.835 1586 1612 I SystemConfig: Reading permissions from /system/etc/sysconfig/preinstalled-packages-com.android.providers.media.module.xml
01-02 13:14:47.837 1586 1612 I SystemConfig: Reading permissions from /system/etc/sysconfig/preinstalled-packages-platform.xml
01-02 13:14:47.838 1586 1586 D CompatConfig: Adding: com.android.server.compat.config.Change@7b751fe
01-02 13:14:47.838 1586 1586 D CompatConfig: Adding: com.android.server.compat.config.Change@c7d7d5f
01-02 13:14:47.838 1586 1586 D CompatConfig: Adding: com.android.server.compat.config.Change@41b83ac
01-02 13:14:47.838 1586 1586 D CompatConfig: Adding: com.android.server.compat.config.Change@4dda875
01-02 13:14:47.838 1586 1586 D CompatConfig: Adding: com.android.server.compat.config.Change@b32900a
01-02 13:14:47.839 1586 1586 D CompatConfig: Adding: com.android.server.compat.config.Change@e26907b
01-02 13:14:47.839 1586 1586 D CompatConfig: Adding: com.android.server.compat.config.Change@932e98
01-02 13:14:47.839 1586 1586 D CompatConfig: Adding: com.android.server.compat.config.Change@86d56f1
01-02 13:14:47.839 1586 1586 D CompatConfig: Adding: com.android.server.compat.config.Change@671a2d6
01-02 13:14:47.839 1586 1586 D CompatConfig: Adding: com.android.server.compat.config.Change@583b957
01-02 13:14:47.839 1586 1586 D CompatConfig: Adding: com.android.server.compat.config.Change@bd89c44
01-02 13:14:47.839 1586 1586 D CompatConfig: Adding: com.android.server.compat.config.Change@b6f712d
01-02 13:14:47.839 1586 1586 D CompatConfig: Adding: com.android.server.compat.config.Change@8bd1662
01-02 13:14:47.839 1586 1586 D CompatConfig: Adding: com.android.server.compat.config.Change@72093f3
01-02 13:14:47.839 1586 1586 D CompatConfig: Adding: com.android.server.compat.config.Change@6e538b0
01-02 13:14:47.839 1586 1586 D CompatConfig: Adding: com.android.server.compat.config.Change@efef329
01-02 13:14:47.839 1586 1586 D CompatConfig: Adding: com.android.server.compat.config.Change@b5a36ae
01-02 13:14:47.839 1586 1586 D CompatConfig: Adding: com.android.server.compat.config.Change@aa67c4f
01-02 13:14:47.839 1586 1586 D CompatConfig: Adding: com.android.server.compat.config.Change@6dd2fdc
01-02 13:14:47.839 1586 1586 D CompatConfig: Adding: com.android.server.compat.config.Change@ea98e5
01-02 13:14:47.839 1586 1586 D CompatConfig: Adding: com.android.server.compat.config.Change@4970fba
01-02 13:14:47.839 1586 1586 D CompatConfig: Adding: com.android.server.compat.config.Change@ef88e6b
01-02 13:14:47.839 1586 1586 D CompatConfig: Adding: com.android.server.compat.config.Change@cfb6dc8
01-02 13:14:47.839 1586 1586 D CompatConfig: Adding: com.android.server.compat.config.Change@330de61
01-02 13:14:47.839 1586 1586 D CompatConfig: Adding: com.android.server.compat.config.Change@f966d86
01-02 13:14:47.839 1586 1586 D CompatConfig: Adding: com.android.server.compat.config.Change@40fa647
01-02 13:14:47.839 1586 1586 D CompatConfig: Adding: com.android.server.compat.config.Change@13d9e74
01-02 13:14:47.839 1586 1586 D CompatConfig: Adding: com.android.server.compat.config.Change@f3bff9d
01-02 13:14:47.839 1586 1586 D CompatConfig: Adding: com.android.server.compat.config.Change@4dbdc12
01-02 13:14:47.839 1586 1586 D CompatConfig: Adding: com.android.server.compat.config.Change@6965fe3
01-02 13:14:47.839 1586 1586 D CompatConfig: Adding: com.android.server.compat.config.Change@ddf899
01-02 13:14:47.839 1586 1586 D CompatConfig: Adding: com.android.server.compat.config.Change@f97a75e
01-02 13:14:47.839 1586 1586 D CompatConfig: Adding: com.android.server.compat.config.Change@945173f
01-02 13:14:47.839 1586 1586 D CompatConfig: Adding: com.android.server.compat.config.Change@93a480c
01-02 13:14:47.839 1586 1586 D CompatConfig: Adding: com.android.server.compat.config.Change@50c8555
01-02 13:14:47.839 1586 1586 D CompatConfig: Adding: com.android.server.compat.config.Change@bb2db6a
01-02 13:14:47.839 1586 1612 I SystemConfig: Reading permissions from /system/etc/sysconfig/preinstalled-packages-platform-full-base.xml
01-02 13:14:47.839 1586 1586 D CompatConfig: Adding: com.android.server.compat.config.Change@7fde85b
01-02 13:14:47.839 1586 1586 D CompatConfig: Adding: com.android.server.compat.config.Change@549d8f8
01-02 13:14:47.839 1586 1586 D CompatConfig: Adding: com.android.server.compat.config.Change@85d21d1
01-02 13:14:47.839 1586 1586 D CompatConfig: Adding: com.android.server.compat.config.Change@89b4436
01-02 13:14:47.839 1586 1586 D CompatConfig: Adding: com.android.server.compat.config.Change@a8af37
01-02 13:14:47.839 1586 1586 D CompatConfig: Adding: com.android.server.compat.config.Change@8bf8ca4
01-02 13:14:47.839 1586 1586 D CompatConfig: Adding: com.android.server.compat.config.Change@1410a0d
01-02 13:14:47.839 1586 1586 D CompatConfig: Adding: com.android.server.compat.config.Change@ccf6dc2
01-02 13:14:47.839 1586 1586 D CompatConfig: Adding: com.android.server.compat.config.Change@dcf07d3
01-02 13:14:47.839 1586 1586 D CompatConfig: Adding: com.android.server.compat.config.Change@5bacf10
01-02 13:14:47.839 1586 1586 D CompatConfig: Adding: com.android.server.compat.config.Change@2013a09
01-02 13:14:47.839 1586 1586 D CompatConfig: Adding: com.android.server.compat.config.Change@62aa40e
01-02 13:14:47.840 1586 1586 D CompatConfig: Adding: com.android.server.compat.config.Change@ef84e2f
01-02 13:14:47.840 1586 1586 D CompatConfig: Adding: com.android.server.compat.config.Change@ee5cc3c
01-02 13:14:47.840 1586 1586 D CompatConfig: Adding: com.android.server.compat.config.Change@e7a6dc5
01-02 13:14:47.840 1586 1586 D CompatConfig: Adding: com.android.server.compat.config.Change@2f0f31a
01-02 13:14:47.840 1586 1586 D CompatConfig: Adding: com.android.server.compat.config.Change@ac59e4b
01-02 13:14:47.840 1586 1586 D CompatConfig: Adding: com.android.server.compat.config.Change@5617028
01-02 13:14:47.840 1586 1586 D CompatConfig: Adding: com.android.server.compat.config.Change@1992141
01-02 13:14:47.840 1586 1586 D CompatConfig: Adding: com.android.server.compat.config.Change@f9b26e6
01-02 13:14:47.840 1586 1586 D CompatConfig: Adding: com.android.server.compat.config.Change@6cdd427
01-02 13:14:47.840 1586 1586 D CompatConfig: Adding: com.android.server.compat.config.Change@97166d4
01-02 13:14:47.840 1586 1586 D CompatConfig: Adding: com.android.server.compat.config.Change@e95907d
01-02 13:14:47.840 1586 1586 D CompatConfig: Adding: com.android.server.compat.config.Change@562cb72
01-02 13:14:47.840 1586 1586 D CompatConfig: Adding: com.android.server.compat.config.Change@1398bc3
01-02 13:14:47.840 1586 1586 D CompatConfig: Adding: com.android.server.compat.config.Change@9e81c40
01-02 13:14:47.840 1586 1586 D CompatConfig: Adding: com.android.server.compat.config.Change@9efb779
01-02 13:14:47.840 1586 1586 D CompatConfig: Adding: com.android.server.compat.config.Change@58e2cbe
01-02 13:14:47.840 1586 1586 D CompatConfig: Adding: com.android.server.compat.config.Change@81f211f
01-02 13:14:47.840 1586 1586 D CompatConfig: Adding: com.android.server.compat.config.Change@e52bc6c
01-02 13:14:47.840 1586 1586 D CompatConfig: Adding: com.android.server.compat.config.Change@62b5235
01-02 13:14:47.840 1586 1586 D CompatConfig: Adding: com.android.server.compat.config.Change@d7c56ca
01-02 13:14:47.840 1586 1586 D CompatConfig: Adding: com.android.server.compat.config.Change@a9eb03b
01-02 13:14:47.840 1586 1586 D CompatConfig: Adding: com.android.server.compat.config.Change@7e53358
01-02 13:14:47.840 1586 1586 D CompatConfig: Adding: com.android.server.compat.config.Change@4bdcb1
01-02 13:14:47.840 1586 1586 D CompatConfig: Adding: com.android.server.compat.config.Change@f711596
01-02 13:14:47.840 1586 1586 D CompatConfig: Adding: com.android.server.compat.config.Change@fbe1517
01-02 13:14:47.840 1586 1586 D CompatConfig: Adding: com.android.server.compat.config.Change@5262d04
01-02 13:14:47.840 1586 1586 D CompatConfig: Adding: com.android.server.compat.config.Change@81092ed
01-02 13:14:47.840 1586 1586 D CompatConfig: Adding: com.android.server.compat.config.Change@c20f522
01-02 13:14:47.840 1586 1586 D CompatConfig: Adding: com.android.server.compat.config.Change@f04ebb3
01-02 13:14:47.840 1586 1586 D CompatConfig: Adding: com.android.server.compat.config.Change@45b1570
01-02 13:14:47.840 1586 1586 D CompatConfig: Adding: com.android.server.compat.config.Change@ff070e9
01-02 13:14:47.840 1586 1586 D CompatConfig: Adding: com.android.server.compat.config.Change@8fd416e
01-02 13:14:47.840 1586 1586 D CompatConfig: Adding: com.android.server.compat.config.Change@6d8900f
01-02 13:14:47.840 1586 1586 D CompatConfig: Adding: com.android.server.compat.config.Change@b4189c
01-02 13:14:47.840 1586 1586 D CompatConfig: Adding: com.android.server.compat.config.Change@d632a5
01-02 13:14:47.840 1586 1586 D CompatConfig: Adding: com.android.server.compat.config.Change@f40067a
01-02 13:14:47.840 1586 1586 D CompatConfig: Adding: com.android.server.compat.config.Change@c981e2b
01-02 13:14:47.841 1586 1586 D CompatConfig: Found a config file: /system/etc/compatconfig/contacts-provider-platform-compat-config.xml
01-02 13:14:47.842 1586 1612 I SystemConfig: Reading permissions from /system/etc/permissions/android.hardware.nfc.xml
01-02 13:14:47.843 1586 1586 D CompatConfig: Found a config file: /system/etc/compatconfig/documents-ui-compat-config.xml
01-02 13:14:47.844 1586 1586 D CompatConfig: Adding: com.android.server.compat.config.Change@2787207
01-02 13:14:47.845 1586 1586 D CompatConfig: Found a config file: /system/etc/compatconfig/services-platform-compat-config.xml
01-02 13:14:47.845 1586 1612 I SystemConfig: Reading permissions from /system/etc/permissions/com.android.nfc_extras.xml
01-02 13:14:47.848 1586 1612 I SystemConfig: Reading permissions from /system/etc/permissions/com.android.media.remotedisplay.xml
01-02 13:14:47.850 1586 1586 D CompatConfig: Adding: com.android.server.compat.config.Change@f2027a3
01-02 13:14:47.850 1586 1586 D CompatConfig: Adding: com.android.server.compat.config.Change@7d6baa0
01-02 13:14:47.850 1586 1586 D CompatConfig: Adding: com.android.server.compat.config.Change@b0a6659
01-02 13:14:47.850 1586 1586 D CompatConfig: Adding: com.android.server.compat.config.Change@72e21e
01-02 13:14:47.850 1586 1586 D CompatConfig: Adding: com.android.server.compat.config.Change@3039aff
01-02 13:14:47.850 1586 1586 D CompatConfig: Adding: com.android.server.compat.config.Change@1fce0cc
01-02 13:14:47.850 1586 1586 D CompatConfig: Adding: com.android.server.compat.config.Change@ef20f15
01-02 13:14:47.850 1586 1586 D CompatConfig: Adding: com.android.server.compat.config.Change@ce7022a
01-02 13:14:47.850 1586 1586 D CompatConfig: Adding: com.android.server.compat.config.Change@780e81b
01-02 13:14:47.850 1586 1586 D CompatConfig: Adding: com.android.server.compat.config.Change@87d3db8
01-02 13:14:47.850 1586 1586 D CompatConfig: Adding: com.android.server.compat.config.Change@a718791
01-02 13:14:47.850 1586 1586 D CompatConfig: Adding: com.android.server.compat.config.Change@4cb16f6
01-02 13:14:47.850 1586 1586 D CompatConfig: Adding: com.android.server.compat.config.Change@3bbeaf7
01-02 13:14:47.850 1586 1586 D CompatConfig: Adding: com.android.server.compat.config.Change@aa47d64
01-02 13:14:47.850 1586 1586 D CompatConfig: Adding: com.android.server.compat.config.Change@5960bcd
01-02 13:14:47.850 1586 1586 D CompatConfig: Adding: com.android.server.compat.config.Change@609ac82
01-02 13:14:47.850 1586 1586 D CompatConfig: Adding: com.android.server.compat.config.Change@33a3f93
01-02 13:14:47.850 1586 1586 D CompatConfig: Adding: com.android.server.compat.config.Change@dde0bd0
01-02 13:14:47.850 1586 1586 D CompatConfig: Adding: com.android.server.compat.config.Change@20497c9
01-02 13:14:47.850 1586 1586 D CompatConfig: Adding: com.android.server.compat.config.Change@aa0ece
01-02 13:14:47.850 1586 1586 D CompatConfig: Adding: com.android.server.compat.config.Change@a3f41ef
01-02 13:14:47.850 1586 1586 D CompatConfig: Adding: com.android.server.compat.config.Change@e014fc
01-02 13:14:47.850 1586 1586 D CompatConfig: Adding: com.android.server.compat.config.Change@cb5e785
01-02 13:14:47.850 1586 1586 D CompatConfig: Adding: com.android.server.compat.config.Change@bdc49da
01-02 13:14:47.850 1586 1586 D CompatConfig: Adding: com.android.server.compat.config.Change@3e80e0b
01-02 13:14:47.850 1586 1586 D CompatConfig: Adding: com.android.server.compat.config.Change@59784e8
01-02 13:14:47.850 1586 1586 D CompatConfig: Adding: com.android.server.compat.config.Change@f727701
01-02 13:14:47.850 1586 1586 D CompatConfig: Adding: com.android.server.compat.config.Change@fc529a6
01-02 13:14:47.850 1586 1586 D CompatConfig: Adding: com.android.server.compat.config.Change@6077fe7
01-02 13:14:47.850 1586 1586 D CompatConfig: Adding: com.android.server.compat.config.Change@dd40794
01-02 13:14:47.850 1586 1586 D CompatConfig: Adding: com.android.server.compat.config.Change@e0e823d
01-02 13:14:47.850 1586 1586 D CompatConfig: Adding: com.android.server.compat.config.Change@a3a32
01-02 13:14:47.850 1586 1586 D CompatConfig: Adding: com.android.server.compat.config.Change@6c23383
01-02 13:14:47.851 1586 1586 D CompatConfig: Adding: com.android.server.compat.config.Change@6b40900
01-02 13:14:47.851 1586 1586 D CompatConfig: Adding: com.android.server.compat.config.Change@b660539
01-02 13:14:47.851 1586 1586 D CompatConfig: Adding: com.android.server.compat.config.Change@31dc77e
01-02 13:14:47.851 1586 1586 D CompatConfig: Adding: com.android.server.compat.config.Change@fea84df
01-02 13:14:47.851 1586 1586 D CompatConfig: Adding: com.android.server.compat.config.Change@ed0b52c
01-02 13:14:47.851 1586 1586 D CompatConfig: Adding: com.android.server.compat.config.Change@218bbf5
01-02 13:14:47.851 1586 1586 D CompatConfig: Adding: com.android.server.compat.config.Change@24add8a
01-02 13:14:47.851 1586 1586 D CompatConfig: Adding: com.android.server.compat.config.Change@c1c8ffb
01-02 13:14:47.851 1586 1586 D CompatConfig: Adding: com.android.server.compat.config.Change@329f818
01-02 13:14:47.851 1586 1586 D CompatConfig: Adding: com.android.server.compat.config.Change@d062271
01-02 13:14:47.851 1586 1586 D CompatConfig: Adding: com.android.server.compat.config.Change@e814856
01-02 13:14:47.851 1586 1586 D CompatConfig: Adding: com.android.server.compat.config.Change@99a30d7
01-02 13:14:47.851 1586 1586 D CompatConfig: Adding: com.android.server.compat.config.Change@b8974ad
01-02 13:14:47.851 1586 1586 D CompatConfig: Adding: com.android.server.compat.config.Change@5e193e2
01-02 13:14:47.851 1586 1586 D CompatConfig: Adding: com.android.server.compat.config.Change@ee70373
01-02 13:14:47.851 1586 1586 D CompatConfig: Adding: com.android.server.compat.config.Change@95bb230
01-02 13:14:47.851 1586 1586 D CompatConfig: Adding: com.android.server.compat.config.Change@d75aea9
01-02 13:14:47.851 1586 1586 D CompatConfig: Adding: com.android.server.compat.config.Change@6090c2e
01-02 13:14:47.851 1586 1586 D CompatConfig: Adding: com.android.server.compat.config.Change@d2463cf
01-02 13:14:47.851 1586 1586 D CompatConfig: Adding: com.android.server.compat.config.Change@1c15c
01-02 13:14:47.851 1586 1586 D CompatConfig: Adding: com.android.server.compat.config.Change@2d18c65
01-02 13:14:47.851 1586 1586 D CompatConfig: Adding: com.android.server.compat.config.Change@71dbd3a
01-02 13:14:47.851 1586 1586 D CompatConfig: Adding: com.android.server.compat.config.Change@c2d6deb
01-02 13:14:47.851 1586 1586 D CompatConfig: Adding: com.android.server.compat.config.Change@5979748
01-02 13:14:47.851 1586 1612 I SystemConfig: Reading permissions from /system/etc/permissions/com.android.mediadrm.signer.xml
01-02 13:14:47.851 1586 1586 D CompatConfig: Adding: com.android.server.compat.config.Change@b5389e1
01-02 13:14:47.851 1586 1586 D CompatConfig: Adding: com.android.server.compat.config.Change@b9a7306
01-02 13:14:47.851 1586 1586 D CompatConfig: Adding: com.android.server.compat.config.Change@c72fdc7
01-02 13:14:47.851 1586 1586 D CompatConfig: Adding: com.android.server.compat.config.Change@532dff4
01-02 13:14:47.851 1586 1586 D CompatConfig: Adding: com.android.server.compat.config.Change@19de31d
01-02 13:14:47.851 1586 1586 D CompatConfig: Adding: com.android.server.compat.config.Change@dab992
01-02 13:14:47.852 1586 1586 D CompatConfig: Found a config file: /system/etc/compatconfig/calendar-provider-compat-config.xml
01-02 13:14:47.853 1586 1586 D CompatConfig: Adding: com.android.server.compat.config.Change@3980760
01-02 13:14:47.853 1586 1612 I SystemConfig: Reading permissions from /system/etc/permissions/android.sofware.nfc.beam.xml
01-02 13:14:47.855 1586 1612 I SystemConfig: Reading permissions from /system/etc/permissions/android.hardware.bluetooth.xml
01-02 13:14:47.855 1586 1586 D CompatConfig: Found a config file: /system/system_ext/etc/compatconfig/settings-platform-compat-config.xml
01-02 13:14:47.855 1586 1586 D CompatConfig: Adding: com.android.server.compat.config.Change@b66398c
01-02 13:14:47.856 1586 1612 I SystemConfig: Reading permissions from /system/etc/permissions/android.test.mock.xml
01-02 13:14:47.858 1586 1612 I SystemConfig: Reading permissions from /system/etc/permissions/android.software.webview.xml
01-02 13:14:47.859 1586 1586 D CompatConfig: Found a config file: /apex/com.android.wifi/etc/compatconfig/wifi-compat-config.xml
01-02 13:14:47.860 1586 1612 I SystemConfig: Reading permissions from /system/etc/permissions/privapp_allowlist_com.android.adservices.api.xml
01-02 13:14:47.860 1586 1586 D CompatConfig: Adding: com.android.server.compat.config.Change@a41ad51
01-02 13:14:47.860 1586 1586 D CompatConfig: Adding: com.android.server.compat.config.Change@e6ba9b6
01-02 13:14:47.862 1586 1586 D CompatConfig: No directory /apex/com.android.vndk.v28/etc/compatconfig, skipping
01-02 13:14:47.862 1586 1586 D CompatConfig: No directory /apex/com.android.vndk.v33/etc/compatconfig, skipping
01-02 13:14:47.862 1586 1586 D CompatConfig: No directory /apex/com.android.uwb/etc/compatconfig, skipping
01-02 13:14:47.862 1586 1586 D CompatConfig: No directory /apex/com.android.tzdata/etc/compatconfig, skipping
01-02 13:14:47.862 1586 1612 I SystemConfig: Reading permissions from /system/etc/permissions/privapp_allowlist_com.android.providers.media.module.xml
01-02 13:14:47.863 1586 1586 D CompatConfig: Found a config file: /apex/com.android.tethering/etc/compatconfig/connectivity-platform-compat-config.xml
01-02 13:14:47.863 1586 1586 D CompatConfig: Adding: com.android.server.compat.config.Change@7a2cd8d
01-02 13:14:47.864 1586 1612 I SystemConfig: Reading permissions from /system/etc/permissions/com.android.networkstack.xml
01-02 13:14:47.864 1586 1586 D CompatConfig: No directory /apex/com.android.sdkext/etc/compatconfig, skipping
01-02 13:14:47.864 1586 1586 D CompatConfig: No directory /apex/com.android.scheduling/etc/compatconfig, skipping
01-02 13:14:47.865 1586 1586 D CompatConfig: No directory /apex/com.android.runtime/etc/compatconfig, skipping
01-02 13:14:47.865 1586 1586 D CompatConfig: No directory /apex/com.android.resolv/etc/compatconfig, skipping
01-02 13:14:47.865 1586 1586 D CompatConfig: No directory /apex/com.android.permission/etc/compatconfig, skipping
01-02 13:14:47.865 1586 1586 D CompatConfig: No directory /apex/com.android.os.statsd/etc/compatconfig, skipping
01-02 13:14:47.865 1586 1586 D CompatConfig: No directory /apex/com.android.ondevicepersonalization/etc/compatconfig, skipping
01-02 13:14:47.865 1586 1586 D CompatConfig: No directory /apex/com.android.neuralnetworks/etc/compatconfig, skipping
01-02 13:14:47.865 1586 1586 D CompatConfig: Found a config file: /apex/com.android.mediaprovider/etc/compatconfig/media-provider-platform-compat-config.xml
01-02 13:14:47.865 1586 1612 I SystemConfig: Reading permissions from /system/etc/permissions/javax.obex.xml
01-02 13:14:47.866 1586 1586 D CompatConfig: Adding: com.android.server.compat.config.Change@37bb589
01-02 13:14:47.866 1586 1586 D CompatConfig: Adding: com.android.server.compat.config.Change@df2398e
01-02 13:14:47.866 1586 1586 D CompatConfig: Adding: com.android.server.compat.config.Change@f7ff5af
01-02 13:14:47.866 1586 1586 D CompatConfig: Adding: com.android.server.compat.config.Change@ab11dbc
01-02 13:14:47.866 1586 1586 D CompatConfig: Adding: com.android.server.compat.config.Change@fe12145
01-02 13:14:47.867 1586 1586 D CompatConfig: Adding: com.android.server.compat.config.Change@b5c609a
01-02 13:14:47.867 1586 1586 D CompatConfig: Adding: com.android.server.compat.config.Change@ce03dcb
01-02 13:14:47.867 1586 1612 I SystemConfig: Reading permissions from /system/etc/permissions/interfaces.xml
01-02 13:14:47.867 1586 1586 D CompatConfig: No directory /apex/com.android.media.swcodec/etc/compatconfig, skipping
01-02 13:14:47.867 1586 1586 D CompatConfig: No directory /apex/com.android.media/etc/compatconfig, skipping
01-02 13:14:47.867 1586 1586 D CompatConfig: No directory /apex/com.android.ipsec/etc/compatconfig, skipping
01-02 13:14:47.868 1586 1586 D CompatConfig: No directory /apex/com.android.i18n/etc/compatconfig, skipping
01-02 13:14:47.868 1586 1586 D CompatConfig: No directory /apex/com.android.extservices/etc/compatconfig, skipping
01-02 13:14:47.868 1586 1586 D CompatConfig: No directory /apex/com.android.conscrypt/etc/compatconfig, skipping
01-02 13:14:47.868 1586 1586 D CompatConfig: No directory /apex/com.android.cellbroadcast/etc/compatconfig, skipping
01-02 13:14:47.868 1586 1586 D CompatConfig: Found a config file: /apex/com.android.btservices/etc/compatconfig/bluetooth-compat-config.xml
01-02 13:14:47.869 1586 1612 I SystemConfig: Reading permissions from /system/etc/permissions/android.software.controls.xml
01-02 13:14:47.869 1586 1586 D CompatConfig: Adding: com.android.server.compat.config.Change@cb2eba7
01-02 13:14:47.870 1586 1612 I SystemConfig: Reading permissions from /system/etc/permissions/privapp-permissions-me.phh.treble.app.xml
01-02 13:14:47.870 1586 1586 D CompatConfig: Found a config file: /apex/com.android.art/etc/compatconfig/libcore-platform-compat-config.xml
01-02 13:14:47.871 1586 1586 D CompatConfig: Adding: com.android.server.compat.config.Change@71e68f2
01-02 13:14:47.871 1586 1586 D CompatConfig: Adding: com.android.server.compat.config.Change@9189b43
01-02 13:14:47.871 1586 1586 D CompatConfig: Adding: com.android.server.compat.config.Change@79ab5c0
01-02 13:14:47.871 1586 1586 D CompatConfig: Adding: com.android.server.compat.config.Change@2c012f9
01-02 13:14:47.871 1586 1586 D CompatConfig: Adding: com.android.server.compat.config.Change@726223e
01-02 13:14:47.871 1586 1586 D CompatConfig: Adding: com.android.server.compat.config.Change@39fa89f
01-02 13:14:47.871 1586 1612 I SystemConfig: Reading permissions from /system/etc/permissions/android.hardware.fingerprint.xml
01-02 13:14:47.872 1586 1586 D CompatConfig: No directory /apex/com.android.appsearch/etc/compatconfig, skipping
01-02 13:14:47.872 1586 1586 D CompatConfig: No directory /apex/com.android.apex.cts.shim/etc/compatconfig, skipping
01-02 13:14:47.872 1586 1586 D CompatConfig: No directory /apex/com.android.adservices/etc/compatconfig, skipping
01-02 13:14:47.872 1586 1586 D CompatConfig: No directory /apex/com.android.adbd/etc/compatconfig, skipping
01-02 13:14:47.873 1586 1612 I SystemConfig: Reading permissions from /system/etc/permissions/android.hardware.usb.host.xml
01-02 13:14:47.874 1586 1612 I SystemConfig: Reading permissions from /system/etc/permissions/android.software.live_wallpaper.xml
01-02 13:14:47.875 1586 1612 I SystemConfig: Reading permissions from /system/etc/permissions/com.android.intentresolver.xml
01-02 13:14:47.877 1586 1612 I SystemConfig: Reading permissions from /system/etc/permissions/privapp-permissions-platform.xml
01-02 13:14:47.879 1586 1586 D SystemServerTiming: StartFileIntegrityService
01-02 13:14:47.879 1586 1586 I SystemServiceManager: Starting com.android.server.security.FileIntegrityService
01-02 13:14:47.890 1586 1586 D SystemServerTiming: StartInstaller
01-02 13:14:47.890 1586 1586 I SystemServiceManager: Starting com.android.server.pm.Installer
01-02 13:14:47.890 1586 1612 I SystemConfig: Reading permissions from /system/etc/permissions/com.android.location.provider.xml
01-02 13:14:47.892 1586 1612 I SystemConfig: Reading permissions from /system/etc/permissions/android.hardware.telephony.gsm.xml
01-02 13:14:47.879 1186 1186 W binder:1186_1: type=1400 audit(0.0:241): avc: denied { getattr } for scontext=u:r:installd:s0 tcontext=u:r:system_server:s0 tclass=process permissive=0
01-02 13:14:47.894 1186 1193 D installd: Found quota mount /dev/block/by-name/userdata at /data
01-02 13:14:47.894 1586 1612 I SystemConfig: Reading permissions from /system/etc/permissions/android.test.base.xml
01-02 13:14:47.894 1186 1193 D installd: Found quota mount /dev/block/by-name/userdata at /data/user/0
01-02 13:14:47.896 1586 1586 D SystemServerTiming: DeviceIdentifiersPolicyService
01-02 13:14:47.896 1586 1586 I SystemServiceManager: Starting com.android.server.os.DeviceIdentifiersPolicyService
01-02 13:14:47.896 1586 1612 I SystemConfig: Reading permissions from /system/etc/permissions/android.hardware.telephony.ims.xml
01-02 13:14:47.897 1586 1586 D SystemServerTiming: UriGrantsManagerService
01-02 13:14:47.897 1586 1586 I SystemServiceManager: Starting com.android.server.uri.UriGrantsManagerService$Lifecycle
01-02 13:14:47.898 1586 1612 I SystemConfig: Reading permissions from /system/etc/permissions/android.test.runner.xml
01-02 13:14:47.900 1586 1612 I SystemConfig: Reading permissions from /system/etc/permissions/com.android.documentsui.xml
01-02 13:14:47.901 1586 1586 D SystemServerTiming: StartPowerStatsService
01-02 13:14:47.901 1586 1586 I SystemServiceManager: Starting com.android.server.powerstats.PowerStatsService
01-02 13:14:47.902 1586 1612 I SystemConfig: Reading permissions from /system/etc/permissions/android.software.secure_lock_screen.xml
01-02 13:14:47.904 1586 1612 I SystemConfig: Reading permissions from /system/etc/permissions/org.apache.http.legacy.xml
01-02 13:14:47.904 372 372 I servicemanager: Could not find android.hardware.power.stats.IPowerStats/default in the VINTF manifest.
01-02 13:14:47.906 1586 1612 I SystemConfig: Reading permissions from /system/etc/permissions/android.hardware.nfc.hce.xml
01-02 13:14:47.907 1586 1612 I SystemConfig: Reading permissions from /system/etc/permissions/android.hardware.bluetooth_le.xml
01-02 13:14:47.908 373 373 I hwservicemanager: getTransport: Cannot find entry android.hardware.power.stats@1.0::IPowerStats/default in either framework or device VINTF manifest.
01-02 13:14:47.908 1586 1586 E PowerStatsService: Unable to get power.stats HAL service.
01-02 13:14:47.908 1586 1586 E PowerStatsService: nativeInit failed to connect to power.stats HAL
01-02 13:14:47.910 1586 1586 D SystemServerTiming: StartIStatsService
01-02 13:14:47.911 1586 1612 I SystemConfig: Reading permissions from /system/etc/permissions/com.android.future.usb.accessory.xml
01-02 13:14:47.913 1586 1586 I HidlServiceManagement: Registered android.frameworks.stats@1.0::IStats/default
01-02 13:14:47.913 1586 1612 I SystemConfig: Reading permissions from /system/etc/permissions/android.hardware.nfc.hcef.xml
01-02 13:14:47.915 372 372 I servicemanager: Found android.frameworks.stats.IStats/default in framework VINTF manifest.
01-02 13:14:47.915 1586 1612 I SystemConfig: Reading permissions from /system/etc/permissions/platform.xml
01-02 13:14:47.915 1586 1586 D SystemServerTiming: MemtrackProxyService
01-02 13:14:47.920 372 372 I servicemanager: Could not find android.hardware.memtrack.IMemtrack/default in the VINTF manifest.
01-02 13:14:47.921 1586 1586 I Stability: Interface set with vintf stability downgraded to system stability stability
01-02 13:14:47.923 1586 1586 D SystemServerTiming: StartActivityManager
01-02 13:14:47.923 1586 1586 I SystemServiceManager: Starting com.android.server.wm.ActivityTaskManagerService$Lifecycle
01-02 13:14:47.924 1586 1612 I SystemConfig: Reading permissions from /vendor/etc/permissions/android.hardware.vulkan.level.xml
01-02 13:14:47.927 1586 1612 I SystemConfig: Reading permissions from /vendor/etc/permissions/android.hardware.camera.xml
01-02 13:14:47.928 1586 1612 I SystemConfig: Reading permissions from /vendor/etc/permissions/android.hardware.sensor.light.xml
01-02 13:14:47.930 1586 1612 I SystemConfig: Reading permissions from /vendor/etc/permissions/android.software.midi.xml
01-02 13:14:47.931 1586 1586 I SystemServiceManager: Starting com.android.server.am.ActivityManagerService$Lifecycle
01-02 13:14:47.932 1586 1612 I SystemConfig: Reading permissions from /vendor/etc/permissions/android.hardware.camera.front.xml
01-02 13:14:47.934 1586 1612 I SystemConfig: Reading permissions from /vendor/etc/permissions/android.hardware.vulkan.version.xml
01-02 13:14:47.935 1586 1612 I SystemConfig: Reading permissions from /vendor/etc/permissions/android.hardware.bluetooth_le.xml
01-02 13:14:47.937 1586 1612 I SystemConfig: Reading permissions from /vendor/etc/permissions/android.hardware.sensor.proximity.xml
01-02 13:14:47.938 1586 1612 I SystemConfig: Reading permissions from /vendor/etc/permissions/android.hardware.touchscreen.multitouch.jazzhand.xml
01-02 13:14:47.938 1586 1586 I ActivityManager: Memory class: 384
01-02 13:14:47.939 1586 1612 I SystemConfig: Reading permissions from /vendor/etc/permissions/android.hardware.camera.flash-autofocus.xml
01-02 13:14:47.941 1586 1615 I Binder : Setting heavy hitter watcher config: false, 0, 0.0
01-02 13:14:47.941 1586 1612 I SystemConfig: Reading permissions from /vendor/etc/permissions/android.hardware.usb.accessory.xml
01-02 13:14:47.943 1586 1612 I SystemConfig: Reading permissions from /vendor/etc/permissions/android.hardware.wifi.direct.xml
01-02 13:14:47.944 1586 1612 I SystemConfig: Reading permissions from /vendor/etc/permissions/android.software.backup.xml
01-02 13:14:47.946 1586 1612 I SystemConfig: Reading permissions from /vendor/etc/permissions/android.hardware.location.gps.xml
01-02 13:14:47.947 1586 1612 I SystemConfig: Reading permissions from /vendor/etc/permissions/android.software.app_widgets.xml
01-02 13:14:47.949 1586 1612 I SystemConfig: Reading permissions from /vendor/etc/permissions/android.hardware.sensor.compass.xml
01-02 13:14:47.950 1586 1612 I SystemConfig: Reading permissions from /vendor/etc/permissions/com.android.nfc_extras.xml
01-02 13:14:47.951 1586 1612 I SystemConfig: Reading permissions from /vendor/etc/permissions/android.hardware.sensor.gyroscope.xml
01-02 13:14:47.952 1586 1612 I SystemConfig: Reading permissions from /vendor/etc/permissions/android.hardware.faketouch.xml
01-02 13:14:47.953 1586 1612 I SystemConfig: Reading permissions from /vendor/etc/permissions/android.hardware.sensor.stepcounter.xml
01-02 13:14:47.954 1586 1612 I SystemConfig: Reading permissions from /vendor/etc/permissions/android.hardware.vulkan.compute.xml
01-02 13:14:47.955 1586 1612 I SystemConfig: Reading permissions from /vendor/etc/permissions/handheld_core_hardware.xml
01-02 13:14:47.957 1586 1612 I SystemConfig: Reading permissions from /vendor/etc/permissions/android.hardware.sensor.accelerometer.xml
