01-02 13:14:44.234 1209 1209 D PpFrameCallbackImpl: [HWA_CAM3]enter PpFrameCallbackImpl()
01-02 13:14:44.234 1209 1209 D PpMemStatListenerImpl: [HWA_CAM3]enter PpMemStatListenerImpl()
01-02 13:14:44.234 1209 1209 D PpAlgo : [HWA_CAM3]algo=ForePp post=0 KEY_CA_CAM3 SNAP enter PpAlgo
01-02 13:14:44.234 1209 1209 D AlgoFilterManager: [HWA_CAM3]STAGELIFECTRL enter AlgoFilterManager(), mPipeLineId=1
01-02 13:14:44.234 1209 1209 W SensorStage: getFilterManager: failed to find sensor device node(10).
01-02 13:14:44.234 1209 1209 D AlgoFilterManager: [HWA_CAM3]getStructLightSupportStatus(), failed to get sensor module
01-02 13:14:44.234 1209 1209 D AlgoFilterManager: [HWA_CAM3]initAlgoDevice() Isp Info = 2
01-02 13:14:44.234 1209 1209 D AlgoFilterManager: [HWA_CAM3]KEY_CA_CAM3 enter create, mPipeLineId=1, mIsPlugInCreated=0
01-02 13:14:44.234 1209 1209 D HwaCore : [8932ef2_64D] enter newHwaPlugin()
01-02 13:14:44.234 1209 1209 D HwaCore : [8932ef2_64D] enter HwaCore(), HwaCore=0x7327e5ac90, product(LELAND), edition()
01-02 13:14:44.234 1209 1209 I HwaUtils: [8932ef2_64I] getOneCfgFile() path=NULL
01-02 13:14:44.234 1209 1209 I HwaCameraMonitor: [8932ef2_64I] enter newMonitor()
01-02 13:14:44.235 1209 1209 I CameraDaemon: getTotalMemoryFromDDRInfo, buffer = 0x301
01-02 13:14:44.235 1209 1209 I CameraDaemon: , len = 6
01-02 13:14:44.235 1209 1209 I CameraDaemon: [getTotalMemoryFromDDRInfo] total memory =3145728KB
01-02 13:14:44.235 1209 1209 D HwaCore : [8932ef2_64D] enter initialize(), HwaCore=0x7327e5ac90
01-02 13:14:44.235 1209 1209 I HwaUtils: [8932ef2_64I] DMWaterMarkPpAlgo ro.build.hide hide result is , commerical=true
01-02 13:14:44.235 1209 1209 I HwaStatInfo: [8932ef2_64I] isStatisticEnable(), statisticEnable = 0, commercialReportEnable=0, isCommercial = 1
01-02 13:14:44.235 1209 1209 I HwaUtils: [8932ef2_64I] DMWaterMarkPpAlgo ro.build.hide hide result is , commerical=true
01-02 13:14:44.235 1209 1209 I HwaStatInfo: [8932ef2_64I] isHdrpDataEnable(), isCommercial = 1, hdrpDataEnable = 0, hdrpCommercialReport=0
01-02 13:14:44.235 1209 1209 D HwaIppPluginImpl: [8932ef2_64D] KEY_CA_ALGO PREV this=0x7417e78d10, ipptype=0, enter HwaIppPluginImpl()
01-02 13:14:44.235 1209 1209 D HwaIppPluginImpl: [8932ef2_64D] KEY_CA_ALGO PREV mIppAlgoInfos: LOG START
01-02 13:14:44.235 1209 1209 D WiredSyncTest: [8932ef2_64D] enter checkIppalgo()
01-02 13:14:44.235 1209 1209 I CameraDaemon: getTotalMemoryFromDDRInfo, buffer = 0x301
01-02 13:14:44.235 1209 1209 I CameraDaemon: , len = 6
01-02 13:14:44.235 1209 1209 I CameraDaemon: [getTotalMemoryFromDDRInfo] total memory =3145728KB
01-02 13:14:44.235 1209 1209 I HwaUtils: [8932ef2_64I] getProductExtendName() path=LELAND
01-02 13:14:44.235 1209 1209 I CameraDaemon: getTotalMemoryFromDDRInfo, buffer = 0x301
01-02 13:14:44.235 1209 1209 I CameraDaemon: , len = 6
01-02 13:14:44.235 1209 1209 I CameraDaemon: [getTotalMemoryFromDDRInfo] total memory =3145728KB
01-02 13:14:44.235 1209 1209 I HwaUtils: [8932ef2_64I] getProductExtendName() path=LELAND
01-02 13:14:44.235 1209 1209 D SdkDepthIppAlgo: [8932ef2_64D] enter checkIppalgo()
01-02 13:14:44.236 1209 1209 I CameraDaemon: getTotalMemoryFromDDRInfo, buffer = 0x301
01-02 13:14:44.236 1209 1209 I CameraDaemon: , len = 6
01-02 13:14:44.236 1209 1209 I CameraDaemon: [getTotalMemoryFromDDRInfo] total memory =3145728KB
01-02 13:14:44.236 1368 1400 I cust_interface: cust_open: exit
01-02 13:14:44.236 1209 1209 I HwaUtils: [8932ef2_64I] getProductExtendName() path=LELAND
01-02 13:14:44.236 1368 1400 D audio_custom: dev_init:
01-02 13:14:44.236 1209 1209 D DmapSdkDepthIppAlgo: [8932ef2_64D] enter checkIppalgo()
01-02 13:14:44.236 1368 1400 E spk_dev_interface: get smartpa lib name error, use default
01-02 13:14:44.236 1209 1209 I CameraDaemon: getTotalMemoryFromDDRInfo, buffer = 0x301
01-02 13:14:44.236 1209 1209 I CameraDaemon: , len = 6
01-02 13:14:44.236 1209 1209 I CameraDaemon: [getTotalMemoryFromDDRInfo] total memory =3145728KB
01-02 13:14:44.236 1209 1209 I HwaUtils: [8932ef2_64I] getProductExtendName() path=LELAND
01-02 13:14:44.236 1209 1209 I CameraDaemon: getTotalMemoryFromDDRInfo, buffer = 0x301
01-02 13:14:44.236 1209 1209 I CameraDaemon: , len = 6
01-02 13:14:44.236 1209 1209 I CameraDaemon: [getTotalMemoryFromDDRInfo] total memory =3145728KB
01-02 13:14:44.236 1209 1209 I HwaUtils: [8932ef2_64I] getProductExtendName() path=LELAND
01-02 13:14:44.236 1209 1209 I CameraDaemon: getTotalMemoryFromDDRInfo, buffer = 0x301
01-02 13:14:44.236 1209 1209 I CameraDaemon: , len = 6
01-02 13:14:44.236 1209 1209 I CameraDaemon: [getTotalMemoryFromDDRInfo] total memory =3145728KB
01-02 13:14:44.236 1209 1209 I HwaUtils: [8932ef2_64I] getProductExtendName() path=LELAND
01-02 13:14:44.236 1209 1209 I CameraDaemon: getTotalMemoryFromDDRInfo, buffer = 0x301
01-02 13:14:44.236 1209 1209 I CameraDaemon: , len = 6
01-02 13:14:44.236 1368 1400 W spk_dev_interface: Unknown device name, use default
01-02 13:14:44.236 1209 1209 I CameraDaemon: [getTotalMemoryFromDDRInfo] total memory =3145728KB
01-02 13:14:44.236 1368 1400 E spk_dev_interface: get earpa lib name error, use default
01-02 13:14:44.236 1209 1209 I HwaUtils: [8932ef2_64I] getProductExtendName() path=LELAND
01-02 13:14:44.236 1368 1400 W spk_dev_interface: Unknown device name, use default
01-02 13:14:44.236 1368 1400 E spk_dev_interface: load_hs_pa:get hs_pa lib name error, use default
01-02 13:14:44.236 1209 1209 I CameraDaemon: getTotalMemoryFromDDRInfo, buffer = 0x301
01-02 13:14:44.236 1209 1209 I CameraDaemon: , len = 6
01-02 13:14:44.236 1209 1209 I CameraDaemon: [getTotalMemoryFromDDRInfo] total memory =3145728KB
01-02 13:14:44.236 1209 1209 I HwaUtils: [8932ef2_64I] getProductExtendName() path=LELAND
01-02 13:14:44.236 1368 1400 W spk_dev_interface: load_hs_pa:Unknown device name, use default
01-02 13:14:44.236 1368 1400 I dsp_interface: dsp_open:product_name = LELAND
01-02 13:14:44.236 1368 1400 I dsp_interface: dsp_open: enter
01-02 13:14:44.236 1209 1209 I CameraDaemon: getTotalMemoryFromDDRInfo, buffer = 0x301
01-02 13:14:44.236 1209 1209 I CameraDaemon: , len = 6
01-02 13:14:44.236 1209 1209 I CameraDaemon: [getTotalMemoryFromDDRInfo] total memory =3145728KB
01-02 13:14:44.236 1209 1209 I HwaUtils: [8932ef2_64I] getProductExtendName() path=LELAND
01-02 13:14:44.236 1209 1209 I CameraDaemon: getTotalMemoryFromDDRInfo, buffer = 0x301
01-02 13:14:44.236 1209 1209 I CameraDaemon: , len = 6
01-02 13:14:44.236 1209 1209 I CameraDaemon: [getTotalMemoryFromDDRInfo] total memory =3145728KB
01-02 13:14:44.236 1209 1209 I HwaUtils: [8932ef2_64I] getProductExtendName() path=LELAND
01-02 13:14:44.237 1209 1209 I CameraDaemon: getTotalMemoryFromDDRInfo, buffer = 0x301
01-02 13:14:44.237 1209 1209 I CameraDaemon: , len = 6
01-02 13:14:44.237 1209 1209 I CameraDaemon: [getTotalMemoryFromDDRInfo] total memory =3145728KB
01-02 13:14:44.237 1368 1400 I dsp_soc : soc_dsp_open: product_name = LELAND, dsp_name = hi62x0
01-02 13:14:44.237 1209 1209 I HwaUtils: [8932ef2_64I] getProductExtendName() path=LELAND
01-02 13:14:44.237 1368 1400 I dsp_soc_ctl: dsp_soc_ctl_open++
01-02 13:14:44.237 1209 1209 I CameraDaemon: getTotalMemoryFromDDRInfo, buffer = 0x301
01-02 13:14:44.237 1209 1209 I CameraDaemon: , len = 6
01-02 13:14:44.237 1209 1209 I CameraDaemon: [getTotalMemoryFromDDRInfo] total memory =3145728KB
01-02 13:14:44.237 1209 1209 I HwaUtils: [8932ef2_64I] getProductExtendName() path=LELAND
01-02 13:14:44.237 1368 1400 I dsp_soc_ctl: open /dev/hifi_misc.
01-02 13:14:44.237 1368 1400 I dsp_soc_ctl: dsp_soc_ctl_open--
01-02 13:14:44.237 1209 1209 I CameraDaemon: getTotalMemoryFromDDRInfo, buffer = 0x301
01-02 13:14:44.237 1209 1209 I CameraDaemon: , len = 6
01-02 13:14:44.237 1368 1400 I dsp_common: dsp_common_open: product_name = LELAND, dsp_name = hissc
01-02 13:14:44.237 1209 1209 I CameraDaemon: [getTotalMemoryFromDDRInfo] total memory =3145728KB
01-02 13:14:44.237 1209 1209 I HwaUtils: [8932ef2_64I] getProductExtendName() path=LELAND
01-02 13:14:44.237 1209 1209 I CameraDaemon: getTotalMemoryFromDDRInfo, buffer = 0x301
01-02 13:14:44.237 1209 1209 I CameraDaemon: , len = 6
01-02 13:14:44.237 1209 1209 I CameraDaemon: [getTotalMemoryFromDDRInfo] total memory =3145728KB
01-02 13:14:44.237 1209 1209 I HwaUtils: [8932ef2_64I] getProductExtendName() path=LELAND
01-02 13:14:44.237 1209 1209 I CameraDaemon: getTotalMemoryFromDDRInfo, buffer = 0x301
01-02 13:14:44.237 1209 1209 I CameraDaemon: , len = 6
01-02 13:14:44.237 1209 1209 I CameraDaemon: [getTotalMemoryFromDDRInfo] total memory =3145728KB
01-02 13:14:44.237 1209 1209 I HwaUtils: [8932ef2_64I] getProductExtendName() path=LELAND
01-02 13:14:44.237 1209 1209 I CameraDaemon: getTotalMemoryFromDDRInfo, buffer = 0x301
01-02 13:14:44.237 1209 1209 I CameraDaemon: , len = 6
01-02 13:14:44.237 1209 1209 I CameraDaemon: [getTotalMemoryFromDDRInfo] total memory =3145728KB
01-02 13:14:44.237 1209 1209 I HwaUtils: [8932ef2_64I] getProductExtendName() path=LELAND
01-02 13:14:44.237 1209 1209 I CameraDaemon: getTotalMemoryFromDDRInfo, buffer = 0x301
01-02 13:14:44.237 1209 1209 I CameraDaemon: , len = 6
01-02 13:14:44.237 1209 1209 I CameraDaemon: [getTotalMemoryFromDDRInfo] total memory =3145728KB
01-02 13:14:44.237 1368 1400 I dsp_interface: dsp_init:
01-02 13:14:44.237 1209 1209 I HwaUtils: [8932ef2_64I] getProductExtendName() path=LELAND
01-02 13:14:44.237 1209 1209 I CameraDaemon: getTotalMemoryFromDDRInfo, buffer = 0x301
01-02 13:14:44.237 1209 1209 I CameraDaemon: , len = 6
01-02 13:14:44.237 1209 1209 I CameraDaemon: [getTotalMemoryFromDDRInfo] total memory =3145728KB
01-02 13:14:44.237 1209 1209 I HwaUtils: [8932ef2_64I] getProductExtendName() path=LELAND
01-02 13:14:44.237 1368 1400 I dsp_codec_ctl: get_spk_smart_pa_num_stereo_status: get pa_num: 1
01-02 13:14:44.237 1209 1209 I CameraDaemon: getTotalMemoryFromDDRInfo, buffer = 0x301
01-02 13:14:44.237 1209 1209 I CameraDaemon: , len = 6
01-02 13:14:44.237 1209 1209 I CameraDaemon: [getTotalMemoryFromDDRInfo] total memory =3145728KB
01-02 13:14:44.237 1209 1209 I HwaUtils: [8932ef2_64I] getProductExtendName() path=LELAND
01-02 13:14:44.237 1368 1400 I dsp_codec_ctl: get_spk_smart_pa_num_stereo_status: get pa_type: 1
01-02 13:14:44.237 1368 1400 I dsp_soc_para_ctl: dsp_nv_init:begin
01-02 13:14:44.237 1209 1209 I CameraDaemon: getTotalMemoryFromDDRInfo, buffer = 0x301
01-02 13:14:44.237 1209 1209 I CameraDaemon: , len = 6
01-02 13:14:44.237 1209 1209 I CameraDaemon: [getTotalMemoryFromDDRInfo] total memory =3145728KB
01-02 13:14:44.237 1209 1209 I HwaUtils: [8932ef2_64I] getProductExtendName() path=LELAND
01-02 13:14:44.237 1368 1400 I dsp_soc_para_ctl: ap_param_init: dsp_nv_size: 309608, dsp_nv_param: 0x7402719690
01-02 13:14:44.237 1209 1209 I CameraDaemon: getTotalMemoryFromDDRInfo, buffer = 0x301
01-02 13:14:44.237 1209 1209 I CameraDaemon: , len = 6
01-02 13:14:44.237 1209 1209 I CameraDaemon: [getTotalMemoryFromDDRInfo] total memory =3145728KB
01-02 13:14:44.237 1209 1209 I HwaUtils: [8932ef2_64I] getProductExtendName() path=LELAND
01-02 13:14:44.237 1209 1209 I CameraDaemon: getTotalMemoryFromDDRInfo, buffer = 0x301
01-02 13:14:44.237 1209 1209 I CameraDaemon: , len = 6
01-02 13:14:44.237 1209 1209 I CameraDaemon: [getTotalMemoryFromDDRInfo] total memory =3145728KB
01-02 13:14:44.237 1209 1209 I HwaUtils: [8932ef2_64I] getProductExtendName() path=LELAND
01-02 13:14:44.238 1209 1209 I CameraDaemon: getTotalMemoryFromDDRInfo, buffer = 0x301
01-02 13:14:44.238 1209 1209 I CameraDaemon: , len = 6
01-02 13:14:44.238 1209 1209 I CameraDaemon: [getTotalMemoryFromDDRInfo] total memory =3145728KB
01-02 13:14:44.238 1209 1209 I HwaUtils: [8932ef2_64I] getProductExtendName() path=LELAND
01-02 13:14:44.238 1209 1209 I CameraDaemon: getTotalMemoryFromDDRInfo, buffer = 0x301
01-02 13:14:44.238 1209 1209 I CameraDaemon: , len = 6
01-02 13:14:44.238 1209 1209 I CameraDaemon: [getTotalMemoryFromDDRInfo] total memory =3145728KB
01-02 13:14:44.238 1209 1209 I HwaUtils: [8932ef2_64I] getProductExtendName() path=LELAND
01-02 13:14:44.238 1209 1209 I CameraDaemon: getTotalMemoryFromDDRInfo, buffer = 0x301
01-02 13:14:44.238 1209 1209 I CameraDaemon: , len = 6
01-02 13:14:44.238 1209 1209 I CameraDaemon: [getTotalMemoryFromDDRInfo] total memory =3145728KB
01-02 13:14:44.238 1209 1209 I HwaUtils: [8932ef2_64I] getProductExtendName() path=LELAND
01-02 13:14:44.238 1209 1209 I CameraDaemon: getTotalMemoryFromDDRInfo, buffer = 0x301
01-02 13:14:44.238 1209 1209 I CameraDaemon: , len = 6
01-02 13:14:44.238 1209 1209 I CameraDaemon: [getTotalMemoryFromDDRInfo] total memory =3145728KB
01-02 13:14:44.238 1209 1209 I HwaUtils: [8932ef2_64I] getProductExtendName() path=LELAND
01-02 13:14:44.238 1209 1209 I HwaIppAlgos: checkIppalgo is factory version, close the HwaDMapIpp
01-02 13:14:44.238 1209 1209 I CameraDaemon: getTotalMemoryFromDDRInfo, buffer = 0x301
01-02 13:14:44.238 1209 1209 I CameraDaemon: , len = 6
01-02 13:14:44.238 1209 1209 I CameraDaemon: [getTotalMemoryFromDDRInfo] total memory =3145728KB
01-02 13:14:44.238 1368 1400 D dsp_soc_ctl: copy_algo_param_to_hifi,param addr=0x2719690(low) 0x74(high),result=0
01-02 13:14:44.238 1209 1209 I HwaUtils: [8932ef2_64I] getProductExtendName() path=LELAND
01-02 13:14:44.238 1368 1400 I dsp_soc_para_ctl: clear_hifi_nv:copy2dspDDR, nvSize: 309608, nvParam: 0x0x7402719690, result:0
01-02 13:14:44.238 1368 1400 I audio_config: get_ce_normal_para: ce_normal_para = normal
01-02 13:14:44.238 1209 1209 I CameraDaemon: getTotalMemoryFromDDRInfo, buffer = 0x301
01-02 13:14:44.238 1209 1209 I CameraDaemon: , len = 6
01-02 13:14:44.238 1209 1209 I CameraDaemon: [getTotalMemoryFromDDRInfo] total memory =3145728KB
01-02 13:14:44.238 1209 1209 I HwaUtils: [8932ef2_64I] getProductExtendName() path=LELAND
01-02 13:14:44.238 1209 1209 I CameraDaemon: getTotalMemoryFromDDRInfo, buffer = 0x301
01-02 13:14:44.238 1209 1209 I CameraDaemon: , len = 6
01-02 13:14:44.238 1209 1209 I CameraDaemon: [getTotalMemoryFromDDRInfo] total memory =3145728KB
01-02 13:14:44.238 1209 1209 I HwaUtils: [8932ef2_64I] getProductExtendName() path=LELAND
01-02 13:14:44.238 1209 1209 I CameraDaemon: getTotalMemoryFromDDRInfo, buffer = 0x301
01-02 13:14:44.238 1209 1209 I CameraDaemon: , len = 6
01-02 13:14:44.238 1209 1209 I CameraDaemon: [getTotalMemoryFromDDRInfo] total memory =3145728KB
01-02 13:14:44.238 1209 1209 I HwaUtils: [8932ef2_64I] getProductExtendName() path=LELAND
01-02 13:14:44.238 1209 1209 I CameraDaemon: getTotalMemoryFromDDRInfo, buffer = 0x301
01-02 13:14:44.238 1209 1209 I CameraDaemon: , len = 6
01-02 13:14:44.238 1209 1209 I CameraDaemon: [getTotalMemoryFromDDRInfo] total memory =3145728KB
01-02 13:14:44.238 1209 1209 I HwaUtils: [8932ef2_64I] getProductExtendName() path=LELAND
01-02 13:14:44.238 1209 1209 I CameraDaemon: getTotalMemoryFromDDRInfo, buffer = 0x301
01-02 13:14:44.238 1209 1209 I CameraDaemon: , len = 6
01-02 13:14:44.238 1209 1209 I CameraDaemon: [getTotalMemoryFromDDRInfo] total memory =3145728KB
01-02 13:14:44.238 1209 1209 I HwaUtils: [8932ef2_64I] getProductExtendName() path=LELAND
01-02 13:14:44.238 1209 1209 D NiceFoodIppAlgo: [8932ef2_64D] enter checkIppalgo()
01-02 13:14:44.238 1209 1209 I CameraDaemon: getTotalMemoryFromDDRInfo, buffer = 0x301
01-02 13:14:44.238 1209 1209 I CameraDaemon: , len = 6
01-02 13:14:44.238 1209 1209 I CameraDaemon: [getTotalMemoryFromDDRInfo] total memory =3145728KB
01-02 13:14:44.238 1209 1209 I HwaUtils: [8932ef2_64I] getProductExtendName() path=LELAND
01-02 13:14:44.239 1209 1209 I CameraDaemon: getTotalMemoryFromDDRInfo, buffer = 0x301
01-02 13:14:44.239 1209 1209 I CameraDaemon: , len = 6
01-02 13:14:44.239 1209 1209 I CameraDaemon: [getTotalMemoryFromDDRInfo] total memory =3145728KB
01-02 13:14:44.239 1209 1209 I HwaUtils: [8932ef2_64I] getProductExtendName() path=LELAND
01-02 13:14:44.239 1209 1209 D AssistAF: [8932ef2_64D] enter checkIppalgo()
01-02 13:14:44.239 1209 1209 I CameraDaemon: getTotalMemoryFromDDRInfo, buffer = 0x301
01-02 13:14:44.239 1209 1209 I CameraDaemon: , len = 6
01-02 13:14:44.239 1209 1209 I CameraDaemon: [getTotalMemoryFromDDRInfo] total memory =3145728KB
01-02 13:14:44.239 1209 1209 I HwaUtils: [8932ef2_64I] getProductExtendName() path=LELAND
01-02 13:14:44.239 1209 1209 D ContrastCalculate: [8932ef2_64D] enter checkIppalgo()
01-02 13:14:44.239 1209 1209 I CameraDaemon: getTotalMemoryFromDDRInfo, buffer = 0x301
01-02 13:14:44.239 1209 1209 I CameraDaemon: , len = 6
01-02 13:14:44.239 1209 1209 I CameraDaemon: [getTotalMemoryFromDDRInfo] total memory =3145728KB
01-02 13:14:44.239 1209 1209 I HwaUtils: [8932ef2_64I] getProductExtendName() path=LELAND
01-02 13:14:44.239 1209 1209 I CameraDaemon: getTotalMemoryFromDDRInfo, buffer = 0x301
01-02 13:14:44.239 1209 1209 I CameraDaemon: , len = 6
01-02 13:14:44.239 1209 1209 I CameraDaemon: [getTotalMemoryFromDDRInfo] total memory =3145728KB
01-02 13:14:44.239 1209 1209 I HwaUtils: [8932ef2_64I] getProductExtendName() path=LELAND
01-02 13:14:44.239 1209 1209 I CameraDaemon: getTotalMemoryFromDDRInfo, buffer = 0x301
01-02 13:14:44.239 1209 1209 I CameraDaemon: , len = 6
01-02 13:14:44.239 1209 1209 I CameraDaemon: [getTotalMemoryFromDDRInfo] total memory =3145728KB
01-02 13:14:44.239 1209 1209 I HwaUtils: [8932ef2_64I] getProductExtendName() path=LELAND
01-02 13:14:44.239 1209 1209 I CameraDaemon: getTotalMemoryFromDDRInfo, buffer = 0x301
01-02 13:14:44.239 1209 1209 I CameraDaemon: , len = 6
01-02 13:14:44.239 1209 1209 I CameraDaemon: [getTotalMemoryFromDDRInfo] total memory =3145728KB
01-02 13:14:44.239 1209 1209 I HwaUtils: [8932ef2_64I] getProductExtendName() path=LELAND
01-02 13:14:44.239 1209 1209 I CameraDaemon: getTotalMemoryFromDDRInfo, buffer = 0x301
01-02 13:14:44.239 1209 1209 I CameraDaemon: , len = 6
01-02 13:14:44.239 1209 1209 I CameraDaemon: [getTotalMemoryFromDDRInfo] total memory =3145728KB
01-02 13:14:44.239 1209 1209 I HwaUtils: [8932ef2_64I] getProductExtendName() path=LELAND
01-02 13:14:44.239 1209 1209 I CameraDaemon: getTotalMemoryFromDDRInfo, buffer = 0x301
01-02 13:14:44.239 1209 1209 I CameraDaemon: , len = 6
01-02 13:14:44.239 1209 1209 I CameraDaemon: [getTotalMemoryFromDDRInfo] total memory =3145728KB
01-02 13:14:44.239 1209 1209 I HwaUtils: [8932ef2_64I] getProductExtendName() path=LELAND
01-02 13:14:44.239 1209 1209 I CameraDaemon: getTotalMemoryFromDDRInfo, buffer = 0x301
01-02 13:14:44.239 1209 1209 I CameraDaemon: , len = 6
01-02 13:14:44.239 1209 1209 I CameraDaemon: [getTotalMemoryFromDDRInfo] total memory =3145728KB
01-02 13:14:44.239 1209 1209 I HwaUtils: [8932ef2_64I] getProductExtendName() path=LELAND
01-02 13:14:44.240 1209 1209 I CameraDaemon: getTotalMemoryFromDDRInfo, buffer = 0x301
01-02 13:14:44.240 1209 1209 I CameraDaemon: , len = 6
01-02 13:14:44.240 1209 1209 I CameraDaemon: [getTotalMemoryFromDDRInfo] total memory =3145728KB
01-02 13:14:44.240 1209 1209 I HwaUtils: [8932ef2_64I] getProductExtendName() path=LELAND
01-02 13:14:44.240 1209 1209 I CameraDaemon: getTotalMemoryFromDDRInfo, buffer = 0x301
01-02 13:14:44.240 1209 1209 I CameraDaemon: , len = 6
01-02 13:14:44.240 1209 1209 I CameraDaemon: [getTotalMemoryFromDDRInfo] total memory =3145728KB
01-02 13:14:44.240 1209 1209 I HwaUtils: [8932ef2_64I] getProductExtendName() path=LELAND
01-02 13:14:44.240 1209 1209 I CameraDaemon: getTotalMemoryFromDDRInfo, buffer = 0x301
01-02 13:14:44.240 1209 1209 I CameraDaemon: , len = 6
01-02 13:14:44.240 1209 1209 I CameraDaemon: [getTotalMemoryFromDDRInfo] total memory =3145728KB
01-02 13:14:44.240 1209 1209 I HwaUtils: [8932ef2_64I] getProductExtendName() path=LELAND
01-02 13:14:44.240 1209 1209 I CameraDaemon: getTotalMemoryFromDDRInfo, buffer = 0x301
01-02 13:14:44.240 1209 1209 I CameraDaemon: , len = 6
01-02 13:14:44.240 1209 1209 I CameraDaemon: [getTotalMemoryFromDDRInfo] total memory =3145728KB
01-02 13:14:44.240 1209 1209 I HwaUtils: [8932ef2_64I] getProductExtendName() path=LELAND
01-02 13:14:44.240 1209 1209 I HwaIppAlgos: checkIppalgo is factory version, close the laserMgr
01-02 13:14:44.240 1209 1209 I CameraDaemon: getTotalMemoryFromDDRInfo, buffer = 0x301
01-02 13:14:44.240 1209 1209 I CameraDaemon: , len = 6
01-02 13:14:44.240 1209 1209 I CameraDaemon: [getTotalMemoryFromDDRInfo] total memory =3145728KB
01-02 13:14:44.240 1209 1209 I HwaUtils: [8932ef2_64I] getProductExtendName() path=LELAND
01-02 13:14:44.240 1209 1209 I CameraDaemon: getTotalMemoryFromDDRInfo, buffer = 0x301
01-02 13:14:44.240 1209 1209 I CameraDaemon: , len = 6
01-02 13:14:44.240 1209 1209 I CameraDaemon: [getTotalMemoryFromDDRInfo] total memory =3145728KB
01-02 13:14:44.240 1209 1209 I HwaUtils: [8932ef2_64I] getProductExtendName() path=LELAND
01-02 13:14:44.240 1209 1209 I CameraDaemon: getTotalMemoryFromDDRInfo, buffer = 0x301
01-02 13:14:44.240 1209 1209 I CameraDaemon: , len = 6
01-02 13:14:44.240 1209 1209 I CameraDaemon: [getTotalMemoryFromDDRInfo] total memory =3145728KB
01-02 13:14:44.240 1209 1209 I HwaUtils: [8932ef2_64I] getProductExtendName() path=LELAND
01-02 13:14:44.240 1209 1209 D OisMgr : [8932ef2_64D] enter checkIppalgo()
01-02 13:14:44.240 1209 1209 I CameraDaemon: getTotalMemoryFromDDRInfo, buffer = 0x301
01-02 13:14:44.240 1209 1209 I CameraDaemon: , len = 6
01-02 13:14:44.240 1209 1209 I CameraDaemon: [getTotalMemoryFromDDRInfo] total memory =3145728KB
01-02 13:14:44.240 1209 1209 I HwaUtils: [8932ef2_64I] getProductExtendName() path=LELAND
01-02 13:14:44.240 1209 1209 I HwaIppAlgos: checkIppalgo is factory version, close the OisMgr
01-02 13:14:44.240 1209 1209 I CameraDaemon: getTotalMemoryFromDDRInfo, buffer = 0x301
01-02 13:14:44.240 1209 1209 I CameraDaemon: , len = 6
01-02 13:14:44.240 1209 1209 I CameraDaemon: [getTotalMemoryFromDDRInfo] total memory =3145728KB
01-02 13:14:44.240 1209 1209 I HwaUtils: [8932ef2_64I] getProductExtendName() path=LELAND
01-02 13:14:44.240 1209 1209 I CameraDaemon: getTotalMemoryFromDDRInfo, buffer = 0x301
01-02 13:14:44.240 1209 1209 I CameraDaemon: , len = 6
01-02 13:14:44.240 1209 1209 I CameraDaemon: [getTotalMemoryFromDDRInfo] total memory =3145728KB
01-02 13:14:44.240 1209 1209 I HwaUtils: [8932ef2_64I] getProductExtendName() path=LELAND
01-02 13:14:44.240 1209 1209 I CameraDaemon: getTotalMemoryFromDDRInfo, buffer = 0x301
01-02 13:14:44.240 1209 1209 I CameraDaemon: , len = 6
01-02 13:14:44.240 1209 1209 I CameraDaemon: [getTotalMemoryFromDDRInfo] total memory =3145728KB
01-02 13:14:44.241 1209 1209 I HwaUtils: [8932ef2_64I] getProductExtendName() path=LELAND
01-02 13:14:44.241 1209 1209 I CameraDaemon: getTotalMemoryFromDDRInfo, buffer = 0x301
01-02 13:14:44.241 1209 1209 I CameraDaemon: , len = 6
01-02 13:14:44.241 1209 1209 I CameraDaemon: [getTotalMemoryFromDDRInfo] total memory =3145728KB
01-02 13:14:44.241 1209 1209 I HwaUtils: [8932ef2_64I] getProductExtendName() path=LELAND
01-02 13:14:44.241 1209 1209 D SenseMgr: [8932ef2_64D] enter checkIppalgo()
01-02 13:14:44.241 1209 1209 I CameraDaemon: getTotalMemoryFromDDRInfo, buffer = 0x301
01-02 13:14:44.241 1209 1209 I CameraDaemon: , len = 6
01-02 13:14:44.241 1209 1209 I CameraDaemon: [getTotalMemoryFromDDRInfo] total memory =3145728KB
01-02 13:14:44.241 1209 1209 I HwaUtils: [8932ef2_64I] getProductExtendName() path=LELAND
01-02 13:14:44.241 1209 1209 D AfStatCalculate: [8932ef2_64D] enter checkIppalgo()
01-02 13:14:44.241 1209 1209 I CameraDaemon: getTotalMemoryFromDDRInfo, buffer = 0x301
01-02 13:14:44.241 1209 1209 I CameraDaemon: , len = 6
01-02 13:14:44.241 1209 1209 I CameraDaemon: [getTotalMemoryFromDDRInfo] total memory =3145728KB
01-02 13:14:44.241 1209 1209 I HwaUtils: [8932ef2_64I] getProductExtendName() path=LELAND
01-02 13:14:44.241 1209 1209 I CameraDaemon: getTotalMemoryFromDDRInfo, buffer = 0x301
01-02 13:14:44.241 1209 1209 I CameraDaemon: , len = 6
01-02 13:14:44.241 1209 1209 I CameraDaemon: [getTotalMemoryFromDDRInfo] total memory =3145728KB
01-02 13:14:44.241 1209 1209 I HwaUtils: [8932ef2_64I] getProductExtendName() path=LELAND
01-02 13:14:44.241 1209 1209 I CameraDaemon: getTotalMemoryFromDDRInfo, buffer = 0x301
01-02 13:14:44.241 1209 1209 I CameraDaemon: , len = 6
01-02 13:14:44.241 1209 1209 I CameraDaemon: [getTotalMemoryFromDDRInfo] total memory =3145728KB
01-02 13:14:44.241 1209 1209 I HwaUtils: [8932ef2_64I] getProductExtendName() path=LELAND
01-02 13:14:44.241 1209 1209 I CameraDaemon: getTotalMemoryFromDDRInfo, buffer = 0x301
01-02 13:14:44.241 1209 1209 I CameraDaemon: , len = 6
01-02 13:14:44.241 1209 1209 I CameraDaemon: [getTotalMemoryFromDDRInfo] total memory =3145728KB
01-02 13:14:44.241 1209 1209 I HwaUtils: [8932ef2_64I] getProductExtendName() path=LELAND
01-02 13:14:44.241 1209 1209 I CameraDaemon: getTotalMemoryFromDDRInfo, buffer = 0x301
01-02 13:14:44.241 1209 1209 I CameraDaemon: , len = 6
01-02 13:14:44.241 1209 1209 I CameraDaemon: [getTotalMemoryFromDDRInfo] total memory =3145728KB
01-02 13:14:44.241 1209 1209 I HwaUtils: [8932ef2_64I] getProductExtendName() path=LELAND
01-02 13:14:44.241 1209 1209 I CameraDaemon: getTotalMemoryFromDDRInfo, buffer = 0x301
01-02 13:14:44.241 1209 1209 I CameraDaemon: , len = 6
01-02 13:14:44.241 1209 1209 I CameraDaemon: [getTotalMemoryFromDDRInfo] total memory =3145728KB
01-02 13:14:44.241 1209 1209 I HwaUtils: [8932ef2_64I] getProductExtendName() path=LELAND
01-02 13:14:44.241 1209 1209 I CameraDaemon: getTotalMemoryFromDDRInfo, buffer = 0x301
01-02 13:14:44.241 1209 1209 I CameraDaemon: , len = 6
01-02 13:14:44.241 1209 1209 I CameraDaemon: [getTotalMemoryFromDDRInfo] total memory =3145728KB
01-02 13:14:44.241 1209 1209 I HwaUtils: [8932ef2_64I] getProductExtendName() path=LELAND
01-02 13:14:44.241 1209 1209 I CameraDaemon: getTotalMemoryFromDDRInfo, buffer = 0x301
01-02 13:14:44.241 1209 1209 I CameraDaemon: , len = 6
01-02 13:14:44.241 1209 1209 I CameraDaemon: [getTotalMemoryFromDDRInfo] total memory =3145728KB
01-02 13:14:44.241 1209 1209 I HwaUtils: [8932ef2_64I] getProductExtendName() path=LELAND
01-02 13:14:44.241 1209 1209 I CameraDaemon: getTotalMemoryFromDDRInfo, buffer = 0x301
01-02 13:14:44.241 1209 1209 I CameraDaemon: , len = 6
01-02 13:14:44.241 1209 1209 I CameraDaemon: [getTotalMemoryFromDDRInfo] total memory =3145728KB
01-02 13:14:44.241 1209 1209 I HwaUtils: [8932ef2_64I] getProductExtendName() path=LELAND
01-02 13:14:44.241 1209 1209 I CameraDaemon: getTotalMemoryFromDDRInfo, buffer = 0x301
01-02 13:14:44.241 1209 1209 I CameraDaemon: , len = 6
01-02 13:14:44.241 1209 1209 I CameraDaemon: [getTotalMemoryFromDDRInfo] total memory =3145728KB
01-02 13:14:44.242 1209 1209 I HwaUtils: [8932ef2_64I] getProductExtendName() path=LELAND
01-02 13:14:44.242 1209 1209 I CameraDaemon: getTotalMemoryFromDDRInfo, buffer = 0x301
01-02 13:14:44.242 1209 1209 I CameraDaemon: , len = 6
01-02 13:14:44.242 1209 1209 I CameraDaemon: [getTotalMemoryFromDDRInfo] total memory =3145728KB
01-02 13:14:44.242 1209 1209 I HwaUtils: [8932ef2_64I] getProductExtendName() path=LELAND
01-02 13:14:44.242 1209 1209 I CameraDaemon: getTotalMemoryFromDDRInfo, buffer = 0x301
01-02 13:14:44.242 1209 1209 I CameraDaemon: , len = 6
01-02 13:14:44.242 1209 1209 I CameraDaemon: [getTotalMemoryFromDDRInfo] total memory =3145728KB
01-02 13:14:44.242 1209 1209 I HwaUtils: [8932ef2_64I] getProductExtendName() path=LELAND
01-02 13:14:44.242 1209 1209 I CameraDaemon: getTotalMemoryFromDDRInfo, buffer = 0x301
01-02 13:14:44.242 1209 1209 I CameraDaemon: , len = 6
01-02 13:14:44.242 1209 1209 I CameraDaemon: [getTotalMemoryFromDDRInfo] total memory =3145728KB
01-02 13:14:44.242 1209 1209 I HwaUtils: [8932ef2_64I] getProductExtendName() path=LELAND
01-02 13:14:44.242 1209 1209 I CameraDaemon: getTotalMemoryFromDDRInfo, buffer = 0x301
01-02 13:14:44.242 1209 1209 I CameraDaemon: , len = 6
01-02 13:14:44.242 1209 1209 I CameraDaemon: [getTotalMemoryFromDDRInfo] total memory =3145728KB
01-02 13:14:44.242 1209 1209 I HwaUtils: [8932ef2_64I] getProductExtendName() path=LELAND
01-02 13:14:44.242 1209 1209 I CameraDaemon: getTotalMemoryFromDDRInfo, buffer = 0x301
01-02 13:14:44.242 1209 1209 I CameraDaemon: , len = 6
01-02 13:14:44.242 1209 1209 I CameraDaemon: [getTotalMemoryFromDDRInfo] total memory =3145728KB
01-02 13:14:44.242 1209 1209 I HwaUtils: [8932ef2_64I] getProductExtendName() path=LELAND
01-02 13:14:44.242 1209 1209 I CameraDaemon: getTotalMemoryFromDDRInfo, buffer = 0x301
01-02 13:14:44.242 1209 1209 I CameraDaemon: , len = 6
01-02 13:14:44.242 1209 1209 I CameraDaemon: [getTotalMemoryFromDDRInfo] total memory =3145728KB
01-02 13:14:44.242 1209 1209 I HwaUtils: [8932ef2_64I] getProductExtendName() path=LELAND
01-02 13:14:44.242 1209 1209 I CameraDaemon: getTotalMemoryFromDDRInfo, buffer = 0x301
01-02 13:14:44.242 1209 1209 I CameraDaemon: , len = 6
01-02 13:14:44.242 1209 1209 I CameraDaemon: [getTotalMemoryFromDDRInfo] total memory =3145728KB
01-02 13:14:44.242 1209 1209 I HwaUtils: [8932ef2_64I] getProductExtendName() path=LELAND
01-02 13:14:44.242 1209 1209 I CameraDaemon: getTotalMemoryFromDDRInfo, buffer = 0x301
01-02 13:14:44.242 1209 1209 I CameraDaemon: , len = 6
01-02 13:14:44.242 1209 1209 I CameraDaemon: [getTotalMemoryFromDDRInfo] total memory =3145728KB
01-02 13:14:44.242 1209 1209 I HwaUtils: [8932ef2_64I] getProductExtendName() path=LELAND
01-02 13:14:44.242 1209 1209 I CameraDaemon: getTotalMemoryFromDDRInfo, buffer = 0x301
01-02 13:14:44.242 1209 1209 I CameraDaemon: , len = 6
01-02 13:14:44.242 1209 1209 I CameraDaemon: [getTotalMemoryFromDDRInfo] total memory =3145728KB
01-02 13:14:44.242 1209 1209 I HwaUtils: [8932ef2_64I] getProductExtendName() path=LELAND
01-02 13:14:44.242 1209 1209 I CameraDaemon: getTotalMemoryFromDDRInfo, buffer = 0x301
01-02 13:14:44.242 1209 1209 I CameraDaemon: , len = 6
01-02 13:14:44.242 1209 1209 I CameraDaemon: [getTotalMemoryFromDDRInfo] total memory =3145728KB
01-02 13:14:44.242 1209 1209 I HwaUtils: [8932ef2_64I] getProductExtendName() path=LELAND
01-02 13:14:44.242 1209 1209 I CameraDaemon: getTotalMemoryFromDDRInfo, buffer = 0x301
01-02 13:14:44.242 1209 1209 I CameraDaemon: , len = 6
01-02 13:14:44.242 1209 1209 I CameraDaemon: [getTotalMemoryFromDDRInfo] total memory =3145728KB
01-02 13:14:44.242 1209 1209 I HwaUtils: [8932ef2_64I] getProductExtendName() path=LELAND
01-02 13:14:44.242 1209 1209 I CameraDaemon: getTotalMemoryFromDDRInfo, buffer = 0x301
01-02 13:14:44.242 1209 1209 I CameraDaemon: , len = 6
01-02 13:14:44.243 1209 1209 I CameraDaemon: [getTotalMemoryFromDDRInfo] total memory =3145728KB
01-02 13:14:44.243 1209 1209 I HwaUtils: [8932ef2_64I] getProductExtendName() path=LELAND
01-02 13:14:44.243 1209 1209 I CameraDaemon: getTotalMemoryFromDDRInfo, buffer = 0x301
01-02 13:14:44.243 1209 1209 I CameraDaemon: , len = 6
01-02 13:14:44.243 1209 1209 I CameraDaemon: [getTotalMemoryFromDDRInfo] total memory =3145728KB
01-02 13:14:44.243 1209 1209 I HwaUtils: [8932ef2_64I] getProductExtendName() path=LELAND
01-02 13:14:44.243 1209 1209 I CameraDaemon: getTotalMemoryFromDDRInfo, buffer = 0x301
01-02 13:14:44.243 1209 1209 I CameraDaemon: , len = 6
01-02 13:14:44.243 1209 1209 I CameraDaemon: [getTotalMemoryFromDDRInfo] total memory =3145728KB
01-02 13:14:44.243 1209 1209 I HwaUtils: [8932ef2_64I] getProductExtendName() path=LELAND
01-02 13:14:44.243 1209 1209 I CameraDaemon: getTotalMemoryFromDDRInfo, buffer = 0x301
01-02 13:14:44.243 1209 1209 I CameraDaemon: , len = 6
01-02 13:14:44.243 1209 1209 I CameraDaemon: [getTotalMemoryFromDDRInfo] total memory =3145728KB
01-02 13:14:44.243 1209 1209 I HwaUtils: [8932ef2_64I] getProductExtendName() path=LELAND
01-02 13:14:44.243 1209 1209 I CameraDaemon: getTotalMemoryFromDDRInfo, buffer = 0x301
01-02 13:14:44.243 1209 1209 I CameraDaemon: , len = 6
01-02 13:14:44.243 1209 1209 I CameraDaemon: [getTotalMemoryFromDDRInfo] total memory =3145728KB
01-02 13:14:44.243 1368 1400 I dsp_soc_para_ctl: get_algo_param_name: filename is /odm/etc/audio/dts/dts_LELAND_normal.xml
01-02 13:14:44.243 1209 1209 I HwaUtils: [8932ef2_64I] getProductExtendName() path=LELAND
01-02 13:14:44.243 1209 1209 I CameraDaemon: getTotalMemoryFromDDRInfo, buffer = 0x301
01-02 13:14:44.243 1209 1209 I CameraDaemon: , len = 6
01-02 13:14:44.243 1209 1209 I CameraDaemon: [getTotalMemoryFromDDRInfo] total memory =3145728KB
01-02 13:14:44.243 1209 1209 I HwaUtils: [8932ef2_64I] getProductExtendName() path=LELAND
01-02 13:14:44.243 1209 1209 I CameraDaemon: getTotalMemoryFromDDRInfo, buffer = 0x301
01-02 13:14:44.243 1209 1209 I CameraDaemon: , len = 6
01-02 13:14:44.243 1209 1209 I CameraDaemon: [getTotalMemoryFromDDRInfo] total memory =3145728KB
01-02 13:14:44.243 1209 1209 I HwaUtils: [8932ef2_64I] getProductExtendName() path=LELAND
01-02 13:14:44.243 1209 1209 I CameraDaemon: getTotalMemoryFromDDRInfo, buffer = 0x301
01-02 13:14:44.243 1209 1209 I CameraDaemon: , len = 6
01-02 13:14:44.243 1209 1209 I CameraDaemon: [getTotalMemoryFromDDRInfo] total memory =3145728KB
01-02 13:14:44.243 1209 1209 I HwaUtils: [8932ef2_64I] getProductExtendName() path=LELAND
01-02 13:14:44.243 1209 1209 I CameraDaemon: getTotalMemoryFromDDRInfo, buffer = 0x301
01-02 13:14:44.243 1209 1209 I CameraDaemon: , len = 6
01-02 13:14:44.243 1209 1209 I CameraDaemon: [getTotalMemoryFromDDRInfo] total memory =3145728KB
01-02 13:14:44.243 1209 1209 I HwaUtils: [8932ef2_64I] getProductExtendName() path=LELAND
01-02 13:14:44.243 1209 1209 I CameraDaemon: getTotalMemoryFromDDRInfo, buffer = 0x301
01-02 13:14:44.243 1209 1209 I CameraDaemon: , len = 6
01-02 13:14:44.243 1209 1209 I CameraDaemon: [getTotalMemoryFromDDRInfo] total memory =3145728KB
01-02 13:14:44.243 1209 1209 I HwaUtils: [8932ef2_64I] getProductExtendName() path=LELAND
01-02 13:14:44.243 1209 1209 I CameraDaemon: getTotalMemoryFromDDRInfo, buffer = 0x301
01-02 13:14:44.243 1209 1209 I CameraDaemon: , len = 6
01-02 13:14:44.243 1209 1209 I CameraDaemon: [getTotalMemoryFromDDRInfo] total memory =3145728KB
01-02 13:14:44.243 1209 1209 I HwaUtils: [8932ef2_64I] getProductExtendName() path=LELAND
01-02 13:14:44.243 1209 1209 I CameraDaemon: getTotalMemoryFromDDRInfo, buffer = 0x301
01-02 13:14:44.243 1209 1209 I CameraDaemon: , len = 6
01-02 13:14:44.243 1209 1209 I CameraDaemon: [getTotalMemoryFromDDRInfo] total memory =3145728KB
01-02 13:14:44.243 1209 1209 I HwaUtils: [8932ef2_64I] getProductExtendName() path=LELAND
01-02 13:14:44.244 1209 1209 I CameraDaemon: getTotalMemoryFromDDRInfo, buffer = 0x301
01-02 13:14:44.244 1209 1209 I CameraDaemon: , len = 6
01-02 13:14:44.244 1209 1209 I CameraDaemon: [getTotalMemoryFromDDRInfo] total memory =3145728KB
01-02 13:14:44.244 1209 1209 I HwaUtils: [8932ef2_64I] getProductExtendName() path=LELAND
01-02 13:14:44.244 1209 1209 D HwaIppPluginImpl: [8932ef2_64D] KEY_CA_ALGO PREV mIppAlgoInfos: LOG END
01-02 13:14:44.244 1209 1209 I HwaRuntimeMonitorManager: [8932ef2_64I] enter HwaRuntimeMonitorManager() mMonitorType = IPP_stat, this = 0x72c7e60c00
01-02 13:14:44.244 1209 1209 I HwaCameraMonitor: [8932ef2_64I] enter registerMoniterImpl()
01-02 13:14:44.244 1209 1209 I HwaCameraMonitor: [8932ef2_64I] exit registerMoniterImpl() add 0x72c7e60c00 to list, list size = 11
01-02 13:14:44.244 1209 1209 I WatchDogMonitor: [8932ef2_64I] enter WatchDogMonitor() monitorType = 2
01-02 13:14:44.244 1209 1209 I BufferMonitor: [8932ef2_64I] enter BufferMonitor(), monitorType = 2
01-02 13:14:44.244 1209 1209 I BufferRefMonitor: [8932ef2_64I] enter BufferRefMonitor(), monitorType = 2
01-02 13:14:44.244 1209 1209 D CameraDaemon: [8932ef2_64D] enter getInstance(): profileType 1
01-02 13:14:44.244 1209 1209 I HwaUtils: [8932ef2_64I] getOneCfgFile() path=NULL
01-02 13:14:44.244 1209 1209 E CameraDaemon: [8932ef2_64E] constructProfileInfoFromFile() File does not exist!
01-02 13:14:44.244 1209 1209 I HwaUtils: [8932ef2_64I] getOneCfgFile() path=NULL
01-02 13:14:44.244 1209 1209 E CameraDaemon: [8932ef2_64E] constructWhiteListFromFile() File does not exist!
01-02 13:14:44.244 1209 1209 D HwaIppPluginImpl: [8932ef2_64D] KEY_CA_ALGO PREV this=0x7417e7e080, ipptype=256, enter HwaIppPluginImpl()
01-02 13:14:44.244 1209 1209 D HwaIppPluginImpl: [8932ef2_64D] KEY_CA_ALGO PREV mIppAlgoInfos: LOG START
01-02 13:14:44.244 1209 1209 D WiredSyncTest: [8932ef2_64D] enter checkIppalgo()
01-02 13:14:44.245 1209 1209 I CameraDaemon: getTotalMemoryFromDDRInfo, buffer = 0x301
01-02 13:14:44.245 1209 1209 I CameraDaemon: , len = 6
01-02 13:14:44.245 1209 1209 I CameraDaemon: [getTotalMemoryFromDDRInfo] total memory =3145728KB
01-02 13:14:44.245 1209 1209 I HwaUtils: [8932ef2_64I] getProductExtendName() path=LELAND
01-02 13:14:44.245 1209 1209 I CameraDaemon: getTotalMemoryFromDDRInfo, buffer = 0x301
01-02 13:14:44.245 1209 1209 I CameraDaemon: , len = 6
01-02 13:14:44.245 1209 1209 I CameraDaemon: [getTotalMemoryFromDDRInfo] total memory =3145728KB
01-02 13:14:44.245 1209 1209 I HwaUtils: [8932ef2_64I] getProductExtendName() path=LELAND
01-02 13:14:44.245 1209 1209 D SdkDepthIppAlgo: [8932ef2_64D] enter checkIppalgo()
01-02 13:14:44.245 1209 1209 I CameraDaemon: getTotalMemoryFromDDRInfo, buffer = 0x301
01-02 13:14:44.245 1209 1209 I CameraDaemon: , len = 6
01-02 13:14:44.245 1209 1209 I CameraDaemon: [getTotalMemoryFromDDRInfo] total memory =3145728KB
01-02 13:14:44.245 1209 1209 I HwaUtils: [8932ef2_64I] getProductExtendName() path=LELAND
01-02 13:14:44.245 1209 1209 D DmapSdkDepthIppAlgo: [8932ef2_64D] enter checkIppalgo()
01-02 13:14:44.245 1209 1209 I CameraDaemon: getTotalMemoryFromDDRInfo, buffer = 0x301
01-02 13:14:44.245 1209 1209 I CameraDaemon: , len = 6
01-02 13:14:44.245 1209 1209 I CameraDaemon: [getTotalMemoryFromDDRInfo] total memory =3145728KB
01-02 13:14:44.245 1209 1209 I HwaUtils: [8932ef2_64I] getProductExtendName() path=LELAND
01-02 13:14:44.245 1209 1209 I CameraDaemon: getTotalMemoryFromDDRInfo, buffer = 0x301
01-02 13:14:44.245 1209 1209 I CameraDaemon: , len = 6
01-02 13:14:44.245 1209 1209 I CameraDaemon: [getTotalMemoryFromDDRInfo] total memory =3145728KB
01-02 13:14:44.245 1209 1209 I HwaUtils: [8932ef2_64I] getProductExtendName() path=LELAND
01-02 13:14:44.245 1209 1209 I CameraDaemon: getTotalMemoryFromDDRInfo, buffer = 0x301
01-02 13:14:44.245 1209 1209 I CameraDaemon: , len = 6
01-02 13:14:44.245 1209 1209 I CameraDaemon: [getTotalMemoryFromDDRInfo] total memory =3145728KB
01-02 13:14:44.245 1209 1209 I HwaUtils: [8932ef2_64I] getProductExtendName() path=LELAND
01-02 13:14:44.245 1209 1209 I CameraDaemon: getTotalMemoryFromDDRInfo, buffer = 0x301
01-02 13:14:44.245 1209 1209 I CameraDaemon: , len = 6
01-02 13:14:44.245 1209 1209 I CameraDaemon: [getTotalMemoryFromDDRInfo] total memory =3145728KB
01-02 13:14:44.245 1209 1209 I HwaUtils: [8932ef2_64I] getProductExtendName() path=LELAND
01-02 13:14:44.246 1209 1209 I CameraDaemon: getTotalMemoryFromDDRInfo, buffer = 0x301
01-02 13:14:44.246 1209 1209 I CameraDaemon: , len = 6
01-02 13:14:44.246 1209 1209 I CameraDaemon: [getTotalMemoryFromDDRInfo] total memory =3145728KB
01-02 13:14:44.246 1209 1209 I HwaUtils: [8932ef2_64I] getProductExtendName() path=LELAND
01-02 13:14:44.246 1209 1209 I CameraDaemon: getTotalMemoryFromDDRInfo, buffer = 0x301
01-02 13:14:44.246 1209 1209 I CameraDaemon: , len = 6
01-02 13:14:44.246 1209 1209 I CameraDaemon: [getTotalMemoryFromDDRInfo] total memory =3145728KB
01-02 13:14:44.246 1209 1209 I HwaUtils: [8932ef2_64I] getProductExtendName() path=LELAND
01-02 13:14:44.246 1209 1209 I CameraDaemon: getTotalMemoryFromDDRInfo, buffer = 0x301
01-02 13:14:44.246 1209 1209 I CameraDaemon: , len = 6
01-02 13:14:44.246 1209 1209 I CameraDaemon: [getTotalMemoryFromDDRInfo] total memory =3145728KB
01-02 13:14:44.246 1209 1209 I HwaUtils: [8932ef2_64I] getProductExtendName() path=LELAND
01-02 13:14:44.246 1209 1209 I CameraDaemon: getTotalMemoryFromDDRInfo, buffer = 0x301
01-02 13:14:44.246 1209 1209 I CameraDaemon: , len = 6
01-02 13:14:44.246 1209 1209 I CameraDaemon: [getTotalMemoryFromDDRInfo] total memory =3145728KB
01-02 13:14:44.246 1209 1209 I HwaUtils: [8932ef2_64I] getProductExtendName() path=LELAND
01-02 13:14:44.246 1209 1209 I CameraDaemon: getTotalMemoryFromDDRInfo, buffer = 0x301
01-02 13:14:44.246 1209 1209 I CameraDaemon: , len = 6
01-02 13:14:44.246 1209 1209 I CameraDaemon: [getTotalMemoryFromDDRInfo] total memory =3145728KB
01-02 13:14:44.246 1209 1209 I HwaUtils: [8932ef2_64I] getProductExtendName() path=LELAND
01-02 13:14:44.246 1209 1209 I CameraDaemon: getTotalMemoryFromDDRInfo, buffer = 0x301
01-02 13:14:44.246 1209 1209 I CameraDaemon: , len = 6
01-02 13:14:44.246 1209 1209 I CameraDaemon: [getTotalMemoryFromDDRInfo] total memory =3145728KB
01-02 13:14:44.246 1209 1209 I HwaUtils: [8932ef2_64I] getProductExtendName() path=LELAND
01-02 13:14:44.246 1209 1209 I CameraDaemon: getTotalMemoryFromDDRInfo, buffer = 0x301
01-02 13:14:44.246 1209 1209 I CameraDaemon: , len = 6
01-02 13:14:44.246 1209 1209 I CameraDaemon: [getTotalMemoryFromDDRInfo] total memory =3145728KB
01-02 13:14:44.246 1209 1209 I HwaUtils: [8932ef2_64I] getProductExtendName() path=LELAND
01-02 13:14:44.246 1209 1209 I CameraDaemon: getTotalMemoryFromDDRInfo, buffer = 0x301
01-02 13:14:44.246 1209 1209 I CameraDaemon: , len = 6
01-02 13:14:44.246 1209 1209 I CameraDaemon: [getTotalMemoryFromDDRInfo] total memory =3145728KB
01-02 13:14:44.246 1209 1209 I HwaUtils: [8932ef2_64I] getProductExtendName() path=LELAND
01-02 13:14:44.246 1209 1209 I CameraDaemon: getTotalMemoryFromDDRInfo, buffer = 0x301
01-02 13:14:44.246 1209 1209 I CameraDaemon: , len = 6
01-02 13:14:44.247 1209 1209 I CameraDaemon: [getTotalMemoryFromDDRInfo] total memory =3145728KB
01-02 13:14:44.247 1209 1209 I HwaUtils: [8932ef2_64I] getProductExtendName() path=LELAND
01-02 13:14:44.247 1209 1209 I CameraDaemon: getTotalMemoryFromDDRInfo, buffer = 0x301
01-02 13:14:44.247 1209 1209 I CameraDaemon: , len = 6
01-02 13:14:44.247 1209 1209 I CameraDaemon: [getTotalMemoryFromDDRInfo] total memory =3145728KB
01-02 13:14:44.247 1209 1209 I HwaUtils: [8932ef2_64I] getProductExtendName() path=LELAND
01-02 13:14:44.247 1209 1209 I CameraDaemon: getTotalMemoryFromDDRInfo, buffer = 0x301
01-02 13:14:44.247 1209 1209 I CameraDaemon: , len = 6
01-02 13:14:44.247 1209 1209 I CameraDaemon: [getTotalMemoryFromDDRInfo] total memory =3145728KB
01-02 13:14:44.247 1209 1209 I HwaUtils: [8932ef2_64I] getProductExtendName() path=LELAND
01-02 13:14:44.247 1209 1209 I CameraDaemon: getTotalMemoryFromDDRInfo, buffer = 0x301
01-02 13:14:44.247 1209 1209 I CameraDaemon: , len = 6
01-02 13:14:44.247 1209 1209 I CameraDaemon: [getTotalMemoryFromDDRInfo] total memory =3145728KB
01-02 13:14:44.247 1209 1209 I HwaUtils: [8932ef2_64I] getProductExtendName() path=LELAND
01-02 13:14:44.247 1209 1209 I CameraDaemon: getTotalMemoryFromDDRInfo, buffer = 0x301
01-02 13:14:44.247 1209 1209 I CameraDaemon: , len = 6
01-02 13:14:44.247 1209 1209 I CameraDaemon: [getTotalMemoryFromDDRInfo] total memory =3145728KB
01-02 13:14:44.247 1209 1209 I HwaUtils: [8932ef2_64I] getProductExtendName() path=LELAND
01-02 13:14:44.247 1209 1209 I CameraDaemon: getTotalMemoryFromDDRInfo, buffer = 0x301
01-02 13:14:44.247 1209 1209 I CameraDaemon: , len = 6
01-02 13:14:44.247 1209 1209 I CameraDaemon: [getTotalMemoryFromDDRInfo] total memory =3145728KB
01-02 13:14:44.247 1209 1209 I HwaUtils: [8932ef2_64I] getProductExtendName() path=LELAND
01-02 13:14:44.248 1209 1209 I CameraDaemon: getTotalMemoryFromDDRInfo, buffer = 0x301
01-02 13:14:44.248 1209 1209 I CameraDaemon: , len = 6
01-02 13:14:44.239 1473 1473 W chown : type=1400 audit(0.0:194): avc: denied { sys_admin } for capability=21 scontext=u:r:hi110x_daemon:s0 tcontext=u:r:hi110x_daemon:s0 tclass=capability permissive=0
01-02 13:14:44.248 1209 1209 I CameraDaemon: [getTotalMemoryFromDDRInfo] total memory =3145728KB
01-02 13:14:44.248 1209 1209 I HwaUtils: [8932ef2_64I] getProductExtendName() path=LELAND
01-02 13:14:44.248 1209 1209 I CameraDaemon: getTotalMemoryFromDDRInfo, buffer = 0x301
01-02 13:14:44.248 1209 1209 I CameraDaemon: , len = 6
01-02 13:14:44.248 1209 1209 I CameraDaemon: [getTotalMemoryFromDDRInfo] total memory =3145728KB
01-02 13:14:44.248 1209 1209 I HwaUtils: [8932ef2_64I] getProductExtendName() path=LELAND
01-02 13:14:44.248 1209 1209 I CameraDaemon: getTotalMemoryFromDDRInfo, buffer = 0x301
01-02 13:14:44.248 1209 1209 I CameraDaemon: , len = 6
01-02 13:14:44.248 1209 1209 I CameraDaemon: [getTotalMemoryFromDDRInfo] total memory =3145728KB
01-02 13:14:44.248 1209 1209 I HwaUtils: [8932ef2_64I] getProductExtendName() path=LELAND
01-02 13:14:44.248 1209 1209 I CameraDaemon: getTotalMemoryFromDDRInfo, buffer = 0x301
01-02 13:14:44.248 1209 1209 I CameraDaemon: , len = 6
01-02 13:14:44.248 1209 1209 I CameraDaemon: [getTotalMemoryFromDDRInfo] total memory =3145728KB
01-02 13:14:44.248 1209 1209 I HwaUtils: [8932ef2_64I] getProductExtendName() path=LELAND
01-02 13:14:44.248 1209 1209 I CameraDaemon: getTotalMemoryFromDDRInfo, buffer = 0x301
01-02 13:14:44.248 1209 1209 I CameraDaemon: , len = 6
01-02 13:14:44.248 1209 1209 I CameraDaemon: [getTotalMemoryFromDDRInfo] total memory =3145728KB
01-02 13:14:44.248 1209 1209 I HwaUtils: [8932ef2_64I] getProductExtendName() path=LELAND
01-02 13:14:44.248 1209 1209 I HwaIppAlgos: checkIppalgo is factory version, close the HwaDMapIpp
01-02 13:14:44.248 1209 1209 I CameraDaemon: getTotalMemoryFromDDRInfo, buffer = 0x301
01-02 13:14:44.248 1209 1209 I CameraDaemon: , len = 6
01-02 13:14:44.248 1209 1209 I CameraDaemon: [getTotalMemoryFromDDRInfo] total memory =3145728KB
01-02 13:14:44.248 1209 1209 I HwaUtils: [8932ef2_64I] getProductExtendName() path=LELAND
01-02 13:14:44.249 1209 1209 I CameraDaemon: getTotalMemoryFromDDRInfo, buffer = 0x301
01-02 13:14:44.249 1209 1209 I CameraDaemon: , len = 6
01-02 13:14:44.249 1209 1209 I CameraDaemon: [getTotalMemoryFromDDRInfo] total memory =3145728KB
01-02 13:14:44.249 1209 1209 I HwaUtils: [8932ef2_64I] getProductExtendName() path=LELAND
01-02 13:14:44.249 1209 1209 I CameraDaemon: getTotalMemoryFromDDRInfo, buffer = 0x301
01-02 13:14:44.249 1209 1209 I CameraDaemon: , len = 6
01-02 13:14:44.249 1209 1209 I CameraDaemon: [getTotalMemoryFromDDRInfo] total memory =3145728KB
01-02 13:14:44.249 1209 1209 I HwaUtils: [8932ef2_64I] getProductExtendName() path=LELAND
01-02 13:14:44.249 1209 1209 I CameraDaemon: getTotalMemoryFromDDRInfo, buffer = 0x301
01-02 13:14:44.249 1209 1209 I CameraDaemon: , len = 6
01-02 13:14:44.249 1209 1209 I CameraDaemon: [getTotalMemoryFromDDRInfo] total memory =3145728KB
01-02 13:14:44.249 1209 1209 I HwaUtils: [8932ef2_64I] getProductExtendName() path=LELAND
01-02 13:14:44.249 1209 1209 I CameraDaemon: getTotalMemoryFromDDRInfo, buffer = 0x301
01-02 13:14:44.249 1209 1209 I CameraDaemon: , len = 6
01-02 13:14:44.249 1209 1209 I CameraDaemon: [getTotalMemoryFromDDRInfo] total memory =3145728KB
01-02 13:14:44.249 1209 1209 I HwaUtils: [8932ef2_64I] getProductExtendName() path=LELAND
01-02 13:14:44.249 1209 1209 I CameraDaemon: getTotalMemoryFromDDRInfo, buffer = 0x301
01-02 13:14:44.249 1209 1209 I CameraDaemon: , len = 6
01-02 13:14:44.249 1209 1209 I CameraDaemon: [getTotalMemoryFromDDRInfo] total memory =3145728KB
01-02 13:14:44.249 1209 1209 I HwaUtils: [8932ef2_64I] getProductExtendName() path=LELAND
01-02 13:14:44.249 1209 1209 D NiceFoodIppAlgo: [8932ef2_64D] enter checkIppalgo()
01-02 13:14:44.249 1209 1209 I CameraDaemon: getTotalMemoryFromDDRInfo, buffer = 0x301
01-02 13:14:44.249 1209 1209 I CameraDaemon: , len = 6
01-02 13:14:44.249 1209 1209 I CameraDaemon: [getTotalMemoryFromDDRInfo] total memory =3145728KB
01-02 13:14:44.250 1209 1209 I HwaUtils: [8932ef2_64I] getProductExtendName() path=LELAND
01-02 13:14:44.250 1209 1209 I CameraDaemon: getTotalMemoryFromDDRInfo, buffer = 0x301
01-02 13:14:44.250 1209 1209 I CameraDaemon: , len = 6
01-02 13:14:44.250 1209 1209 I CameraDaemon: [getTotalMemoryFromDDRInfo] total memory =3145728KB
01-02 13:14:44.250 1209 1209 I HwaUtils: [8932ef2_64I] getProductExtendName() path=LELAND
01-02 13:14:44.250 1209 1209 D AssistAF: [8932ef2_64D] enter checkIppalgo()
01-02 13:14:44.250 1209 1209 I CameraDaemon: getTotalMemoryFromDDRInfo, buffer = 0x301
01-02 13:14:44.250 1209 1209 I CameraDaemon: , len = 6
01-02 13:14:44.250 1209 1209 I CameraDaemon: [getTotalMemoryFromDDRInfo] total memory =3145728KB
01-02 13:14:44.250 1209 1209 I HwaUtils: [8932ef2_64I] getProductExtendName() path=LELAND
01-02 13:14:44.250 1209 1209 D ContrastCalculate: [8932ef2_64D] enter checkIppalgo()
01-02 13:14:44.250 1209 1209 I CameraDaemon: getTotalMemoryFromDDRInfo, buffer = 0x301
01-02 13:14:44.250 1209 1209 I CameraDaemon: , len = 6
01-02 13:14:44.250 1209 1209 I CameraDaemon: [getTotalMemoryFromDDRInfo] total memory =3145728KB
01-02 13:14:44.250 1209 1209 I HwaUtils: [8932ef2_64I] getProductExtendName() path=LELAND
01-02 13:14:44.250 1209 1209 I CameraDaemon: getTotalMemoryFromDDRInfo, buffer = 0x301
01-02 13:14:44.250 1209 1209 I CameraDaemon: , len = 6
01-02 13:14:44.250 1209 1209 I CameraDaemon: [getTotalMemoryFromDDRInfo] total memory =3145728KB
01-02 13:14:44.250 1209 1209 I HwaUtils: [8932ef2_64I] getProductExtendName() path=LELAND
01-02 13:14:44.251 1209 1209 I CameraDaemon: getTotalMemoryFromDDRInfo, buffer = 0x301
01-02 13:14:44.251 1209 1209 I CameraDaemon: , len = 6
01-02 13:14:44.251 1209 1209 I CameraDaemon: [getTotalMemoryFromDDRInfo] total memory =3145728KB
01-02 13:14:44.251 1209 1209 I HwaUtils: [8932ef2_64I] getProductExtendName() path=LELAND
01-02 13:14:44.251 1209 1209 I CameraDaemon: getTotalMemoryFromDDRInfo, buffer = 0x301
01-02 13:14:44.251 1209 1209 I CameraDaemon: , len = 6
01-02 13:14:44.251 1209 1209 I CameraDaemon: [getTotalMemoryFromDDRInfo] total memory =3145728KB
01-02 13:14:44.251 1209 1209 I HwaUtils: [8932ef2_64I] getProductExtendName() path=LELAND
01-02 13:14:44.251 1209 1209 I CameraDaemon: getTotalMemoryFromDDRInfo, buffer = 0x301
01-02 13:14:44.251 1209 1209 I CameraDaemon: , len = 6
